{"id":502,"date":"2018-12-19T16:48:21","date_gmt":"2018-12-19T18:48:21","guid":{"rendered":"https:\/\/www3.unicentro.br\/vestibular\/?page_id=502"},"modified":"2022-12-12T09:41:09","modified_gmt":"2022-12-12T12:41:09","slug":"inscricoes","status":"publish","type":"page","link":"https:\/\/www3.unicentro.br\/vestibular\/indigena\/inscricoes\/","title":{"rendered":"Inscri\u00e7\u00f5es"},"content":{"rendered":"<div class=\"wpb-content-wrapper\"><p>[vc_row][vc_column][vc_btn title=&#8221;CLIQUE AQUI PARA FAZER SUA INSCRI\u00c7\u00c3O&#8221; style=&#8221;flat&#8221; shape=&#8221;square&#8221; color=&#8221;danger&#8221; size=&#8221;lg&#8221; align=&#8221;center&#8221; link=&#8221;url:https%3A%2F%2Fwww.unicentro.br%2Fvestibularindigena|target:_blank&#8221;][vc_column_text]<\/p>\n<p align=\"justify\"><span style=\"font-family: Trebuchet MS, sans-serif\"><span style=\"font-size: small\"><b>PER\u00cdODO<\/b><\/span><\/span><\/p>\n<p align=\"justify\"><span style=\"font-size: small\"><span style=\"color: #000000\"><span style=\"font-family: Trebuchet MS, sans-serif\"><b>De <\/b><\/span><\/span><span style=\"color: #000000\"><span style=\"font-family: Trebuchet MS, sans-serif\"><span lang=\"pt-BR\"><b>12 de dezembro de 2022 a 13 de fevereiro de 2023<\/b><\/span><\/span><\/span><b> <\/b><span style=\"color: #000000\"><span style=\"font-family: Arial, sans-serif\"><b>\u2013<\/b><\/span><\/span><span style=\"color: #000000\"><span style=\"font-family: Trebuchet MS, sans-serif\"> o<\/span><\/span><span style=\"color: #000000\"><span style=\"font-family: Arial, sans-serif\">bten\u00e7\u00e3o do Manual do Candidato e devolu\u00e7\u00e3o da ficha de inscri\u00e7\u00e3o e question\u00e1rio socioeducacional nas universidades envolvidas, as quais dever\u00e3o emitir protocolo de recebimento.<\/span><\/span><\/span><\/p>\n<p align=\"justify\"><span style=\"font-family: Arial, sans-serif\"><span style=\"font-size: small\">As inscri\u00e7\u00f5es tamb\u00e9m podem ser feitas pelo endere\u00e7o www.unicentro.br\/vestibularindigena.<\/span><\/span><\/p>\n<p align=\"justify\"><span style=\"font-family: Arial, sans-serif\"><span style=\"font-size: small\"><b>DOCUMENTOS NECESS\u00c1RIOS<\/b><\/span><\/span><\/p>\n<p class=\"western\" align=\"justify\"><span style=\"font-family: Arial, sans-serif\"><span style=\"font-size: small\">C\u00e9dula de Identidade e CPF.<\/span><\/span><\/p>\n<p class=\"western\" align=\"justify\"><span style=\"color: #0000ff\"><span style=\"color: #000000\"><span style=\"font-family: Arial, sans-serif\"><span style=\"font-size: small\"><b>Para Candidatos \u00e0s Universidades Estaduais:<\/b><\/span><\/span><\/span> <span style=\"color: #000000\"><span style=\"font-family: Arial, sans-serif\"><span style=\"font-size: small\">Autodeclara\u00e7\u00e3o \/ Carta de Recomenda\u00e7\u00e3o assinada pelo candidato e pelo cacique da comunidade \u00e0 qual pertence o candidato em que conste a sua etnia ind\u00edgena.<\/span><\/span><\/span><\/span><\/p>\n<p class=\"western\" align=\"justify\"><span style=\"color: #0000ff\"><span style=\"font-family: Arial, sans-serif\"><span style=\"font-size: small\"><b><span style=\"color: #000000\">Para Candidatos \u00e0 Universidade Federal do Paran\u00e1: <\/span><\/b><span style=\"color: #000000\">Carta de Recomenda\u00e7\u00e3o assinada por tr\u00eas lideran\u00e7as da etnia a qual o candidato se declara pertencer <\/span><span style=\"color: #000000\"><span style=\"font-family: Times New Roman, serif\"><span style=\"font-size: medium\"><span lang=\"pt-BR\">e <\/span><\/span><\/span><\/span><span style=\"color: #000000\">tamb\u00e9m ser assinada pela FUNAI.<\/span><\/span><\/span><\/span><\/p>\n<p align=\"justify\"><span style=\"font-family: Arial, sans-serif\"><span style=\"font-size: small\">O candidato poder\u00e1, tamb\u00e9m, encaminhar a ficha de inscri\u00e7\u00e3o, o question\u00e1rio socioeducacional e os documentos exigidos, para a UNICENTRO, via Correios, por AR (aviso de recebimento), desde que postado at\u00e9 o dia <span style=\"font-family: Trebuchet MS, sans-serif\"><span lang=\"pt-BR\"><b>13 de fevereiro de 2023<\/b><\/span><\/span><b>.<\/b><\/span><\/span><\/p>\n<p>[\/vc_column_text][\/vc_column][\/vc_row]<\/p>\n<\/div>","protected":false},"excerpt":{"rendered":"<p>[vc_row][vc_column][vc_btn title=&#8221;CLIQUE AQUI PARA FAZER SUA INSCRI\u00c7\u00c3O&#8221; style=&#8221;flat&#8221; shape=&#8221;square&#8221; color=&#8221;danger&#8221; size=&#8221;lg&#8221; align=&#8221;center&#8221; link=&#8221;url:https%3A%2F%2Fwww.unicentro.br%2Fvestibularindigena|target:_blank&#8221;][vc_column_text] PER\u00cdODO De 12 de dezembro de 2022 a 13 de fevereiro de 2023 \u2013 obten\u00e7\u00e3o do Manual do Candidato e devolu\u00e7\u00e3o da ficha de inscri\u00e7\u00e3o e question\u00e1rio socioeducacional nas universidades envolvidas, as quais dever\u00e3o emitir protocolo de recebimento. As inscri\u00e7\u00f5es tamb\u00e9m podem [&hellip;]<\/p>\n","protected":false},"author":3,"featured_media":0,"parent":33,"menu_order":0,"comment_status":"closed","ping_status":"closed","template":"","meta":{"_exactmetrics_skip_tracking":false,"_exactmetrics_sitenote_active":false,"_exactmetrics_sitenote_note":"","_exactmetrics_sitenote_category":0,"footnotes":"","_links_to":"","_links_to_target":""},"class_list":["post-502","page","type-page","status-publish","hentry"],"publishpress_future_action":{"enabled":false,"date":"2026-04-13 13:51:31","action":"change-status","newStatus":"draft","terms":[],"taxonomy":"","extraData":[]},"publishpress_future_workflow_manual_trigger":{"enabledWorkflows":[]},"_links":{"self":[{"href":"https:\/\/www3.unicentro.br\/vestibular\/wp-json\/wp\/v2\/pages\/502","targetHints":{"allow":["GET"]}}],"collection":[{"href":"https:\/\/www3.unicentro.br\/vestibular\/wp-json\/wp\/v2\/pages"}],"about":[{"href":"https:\/\/www3.unicentro.br\/vestibular\/wp-json\/wp\/v2\/types\/page"}],"author":[{"embeddable":true,"href":"https:\/\/www3.unicentro.br\/vestibular\/wp-json\/wp\/v2\/users\/3"}],"replies":[{"embeddable":true,"href":"https:\/\/www3.unicentro.br\/vestibular\/wp-json\/wp\/v2\/comments?post=502"}],"version-history":[{"count":0,"href":"https:\/\/www3.unicentro.br\/vestibular\/wp-json\/wp\/v2\/pages\/502\/revisions"}],"up":[{"embeddable":true,"href":"https:\/\/www3.unicentro.br\/vestibular\/wp-json\/wp\/v2\/pages\/33"}],"wp:attachment":[{"href":"https:\/\/www3.unicentro.br\/vestibular\/wp-json\/wp\/v2\/media?parent=502"}],"curies":[{"name":"wp","href":"https:\/\/api.w.org\/{rel}","templated":true}]}}