{"id":497,"date":"2018-12-12T16:01:29","date_gmt":"2018-12-12T18:01:29","guid":{"rendered":"https:\/\/www3.unicentro.br\/vestibular\/?page_id=497"},"modified":"2025-01-06T16:43:50","modified_gmt":"2025-01-06T19:43:50","slug":"cronograma","status":"publish","type":"page","link":"https:\/\/www3.unicentro.br\/vestibular\/sisu\/cronograma\/","title":{"rendered":"Cronograma"},"content":{"rendered":"<div class=\"wpb-content-wrapper\"><p>[vc_row u_row_style=&#8221;0&#8243; u_row_paralax=&#8221;0&#8243; u_row_scheme=&#8221;0&#8243;][vc_column el_class=&#8221;menu-mob&#8221; offset=&#8221;vc_hidden-lg vc_hidden-md vc_hidden-sm&#8221;][vc_wp_custommenu title=&#8221;Sisu&#8221; nav_menu=&#8221;8&#8243; el_class=&#8221;menu-mob&#8221;][\/vc_column][\/vc_row][vc_row u_row_style=&#8221;0&#8243; u_row_paralax=&#8221;0&#8243; u_row_scheme=&#8221;0&#8243;][vc_column][vc_column_text css=&#8221;&#8221;]<\/p>\n<table class=\" aligncenter\" style=\"width: 88.0801%;height: 144px\">\n<thead>\n<tr style=\"height: 24px\">\n<td style=\"text-align: center;width: 105.829%;height: 24px\" colspan=\"2\"><strong>CRONOGRAMA SISU 2024<\/strong><\/td>\n<\/tr>\n<\/thead>\n<tbody>\n<tr style=\"height: 24px\">\n<td style=\"text-align: left;width: 62.7011%;height: 24px\"><strong>Inscri\u00e7\u00f5es<\/strong><\/td>\n<td style=\"text-align: center;width: 43.1274%;height: 24px\">17 a 21 de janeiro de 2025<\/td>\n<\/tr>\n<tr style=\"height: 24px\">\n<td style=\"text-align: left;width: 62.7011%;height: 24px\"><strong>Resultado da Chamada Regular<\/strong><\/td>\n<td style=\"text-align: center;width: 43.1274%;height: 24px\">26 de janeiro de 2025<\/td>\n<\/tr>\n<tr style=\"height: 24px\">\n<td style=\"text-align: left;width: 62.7011%;height: 24px\"><strong>Matr\u00edcula da chamada regular<\/strong><\/td>\n<td style=\"text-align: center;width: 43.1274%;height: 24px\">27 a 31 de janeiro de 2025<\/td>\n<\/tr>\n<tr style=\"height: 24px\">\n<td style=\"text-align: left;width: 62.7011%;height: 24px\"><strong>Manifesta\u00e7\u00e3o de interesse em participar da lista de espera<\/strong><\/td>\n<td style=\"text-align: center;width: 43.1274%;height: 24px\">26 a 31 de janeiro de 2025<\/td>\n<\/tr>\n<tr style=\"height: 24px\">\n<td style=\"text-align: left;width: 62.7011%;height: 24px\"><strong>Convoca\u00e7\u00e3o dos candidatos em lista de espera<\/strong><\/td>\n<td style=\"text-align: center;width: 43.1274%;height: 24px\">a partir de 11 de fevereiro de 2025<\/td>\n<\/tr>\n<\/tbody>\n<\/table>\n<p>[\/vc_column_text][\/vc_column][\/vc_row]<\/p>\n<\/div>","protected":false},"excerpt":{"rendered":"<p>[vc_row u_row_style=&#8221;0&#8243; u_row_paralax=&#8221;0&#8243; u_row_scheme=&#8221;0&#8243;][vc_column el_class=&#8221;menu-mob&#8221; offset=&#8221;vc_hidden-lg vc_hidden-md vc_hidden-sm&#8221;][vc_wp_custommenu title=&#8221;Sisu&#8221; nav_menu=&#8221;8&#8243; el_class=&#8221;menu-mob&#8221;][\/vc_column][\/vc_row][vc_row u_row_style=&#8221;0&#8243; u_row_paralax=&#8221;0&#8243; u_row_scheme=&#8221;0&#8243;][vc_column][vc_column_text css=&#8221;&#8221;] CRONOGRAMA SISU 2024 Inscri\u00e7\u00f5es 17 a 21 de janeiro de 2025 Resultado da Chamada Regular 26 de janeiro de 2025 Matr\u00edcula da chamada regular 27 a 31 de janeiro de 2025 Manifesta\u00e7\u00e3o de interesse em participar da lista de espera [&hellip;]<\/p>\n","protected":false},"author":3,"featured_media":0,"parent":35,"menu_order":0,"comment_status":"closed","ping_status":"closed","template":"","meta":{"_exactmetrics_skip_tracking":false,"_exactmetrics_sitenote_active":false,"_exactmetrics_sitenote_note":"","_exactmetrics_sitenote_category":0,"footnotes":"","_links_to":"","_links_to_target":""},"class_list":["post-497","page","type-page","status-publish","hentry"],"publishpress_future_action":{"enabled":false,"date":"2026-04-15 16:42:18","action":"change-status","newStatus":"draft","terms":[],"taxonomy":"","extraData":[]},"publishpress_future_workflow_manual_trigger":{"enabledWorkflows":[]},"_links":{"self":[{"href":"https:\/\/www3.unicentro.br\/vestibular\/wp-json\/wp\/v2\/pages\/497","targetHints":{"allow":["GET"]}}],"collection":[{"href":"https:\/\/www3.unicentro.br\/vestibular\/wp-json\/wp\/v2\/pages"}],"about":[{"href":"https:\/\/www3.unicentro.br\/vestibular\/wp-json\/wp\/v2\/types\/page"}],"author":[{"embeddable":true,"href":"https:\/\/www3.unicentro.br\/vestibular\/wp-json\/wp\/v2\/users\/3"}],"replies":[{"embeddable":true,"href":"https:\/\/www3.unicentro.br\/vestibular\/wp-json\/wp\/v2\/comments?post=497"}],"version-history":[{"count":3,"href":"https:\/\/www3.unicentro.br\/vestibular\/wp-json\/wp\/v2\/pages\/497\/revisions"}],"predecessor-version":[{"id":3590,"href":"https:\/\/www3.unicentro.br\/vestibular\/wp-json\/wp\/v2\/pages\/497\/revisions\/3590"}],"up":[{"embeddable":true,"href":"https:\/\/www3.unicentro.br\/vestibular\/wp-json\/wp\/v2\/pages\/35"}],"wp:attachment":[{"href":"https:\/\/www3.unicentro.br\/vestibular\/wp-json\/wp\/v2\/media?parent=497"}],"curies":[{"name":"wp","href":"https:\/\/api.w.org\/{rel}","templated":true}]}}