{"id":4644,"date":"2026-02-20T15:58:55","date_gmt":"2026-02-20T18:58:55","guid":{"rendered":"https:\/\/www3.unicentro.br\/vestibular\/?page_id=4644"},"modified":"2026-02-20T16:16:33","modified_gmt":"2026-02-20T19:16:33","slug":"cotas-sociais","status":"publish","type":"page","link":"https:\/\/www3.unicentro.br\/vestibular\/ead\/cotas\/cotas-sociais\/","title":{"rendered":"Cotas Sociais"},"content":{"rendered":"<div class=\"wpb-content-wrapper\"><p>[vc_row][vc_column offset=&#8221;vc_hidden-lg vc_hidden-md vc_hidden-sm&#8221;][vc_wp_custommenu title=&#8221;EaD&#8221; nav_menu=&#8221;49&#8243; el_class=&#8221;menu-mob&#8221;][\/vc_column][\/vc_row][vc_row][vc_column][vc_column_text css=&#8221;&#8221;]O Sistema de Cotas Sociais destina-se aos alunos que:<\/p>\n<ol style=\"list-style-type: upper-roman\">\n<li>tenham cursado integralmente o ensino m\u00e9dio em institui\u00e7\u00f5es p\u00fablicas de ensino ou tenham obtido certificado de conclus\u00e3o com base no resultado do Exame Nacional do Ensino M\u00e9dio, ENEM, ou do Exame Nacional de Certifica\u00e7\u00e3o de Compet\u00eancias de Jovens e Adultos, ENCCEJA, ou de exames de certifica\u00e7\u00e3o de compet\u00eancia ou de avalia\u00e7\u00e3o de jovens e adultos realizados pelos sistemas p\u00fablicos de ensino;<\/li>\n<li>n\u00e3o possuam curso superior;<\/li>\n<\/ol>\n<p>Considera-se institui\u00e7\u00f5es p\u00fablicas de ensino aquelas mantidas por governos Federal, Estadual ou Municipal, que oferecem, exclusivamente, o ensino gratuito.<\/p>\n<p>Devido \u00e0s caracter\u00edsticas do Sistema de Cotas, n\u00e3o s\u00e3o aceitos, nessa categoria, candidatos que tenham estudado em escolas comunit\u00e1rias, filantr\u00f3picas ou confessionais, que, nos termos da LDB, s\u00e3o consideradas institui\u00e7\u00f5es privadas de ensino, ainda que a escola cursada pelo candidato seja mantida por conv\u00eanio com o poder p\u00fablico ou tenha oferecido bolsa integral ao aluno.<br \/>\nOs candidatos, inscritos no vestibular e n\u00e3o-eliminados no processo de sele\u00e7\u00e3o, s\u00e3o classificados em uma lista \u00fanica.<br \/>\nPara a composi\u00e7\u00e3o da lista \u00fanica de classifica\u00e7\u00e3o geral dos candidatos no vestibular, s\u00e3o obedecidos, exclusivamente, crit\u00e9rios de desempenho acad\u00eamico nas provas, diferentemente da ordem de sele\u00e7\u00e3o e da convoca\u00e7\u00e3o desses candidatos, que levam em conta a reserva de vagas para o sistema de cotas.<br \/>\nA convoca\u00e7\u00e3o para o preenchimento das vagas de cada curso ocorre como segue:<\/p>\n<ol style=\"list-style-type: upper-roman\">\n<li>primeiramente, os candidatos que obtiverem o melhor desempenho na lista geral do vestibular (n\u00e3o-cotistas e cotistas), at\u00e9 o limite de vagas previstas para a concorr\u00eancia geral;<\/li>\n<li>em seguida, os candidatos que obtiverem o melhor desempenho dentre os que optaram pelo sistema de cotas.<\/li>\n<\/ol>\n<p>[\/vc_column_text][\/vc_column][\/vc_row]<\/p>\n<\/div>","protected":false},"excerpt":{"rendered":"<p>[vc_row][vc_column offset=&#8221;vc_hidden-lg vc_hidden-md vc_hidden-sm&#8221;][vc_wp_custommenu title=&#8221;EaD&#8221; nav_menu=&#8221;49&#8243; el_class=&#8221;menu-mob&#8221;][\/vc_column][\/vc_row][vc_row][vc_column][vc_column_text css=&#8221;&#8221;]O Sistema de Cotas Sociais destina-se aos alunos que: tenham cursado integralmente o ensino m\u00e9dio em institui\u00e7\u00f5es p\u00fablicas de ensino ou tenham obtido certificado de conclus\u00e3o com base no resultado do Exame Nacional do Ensino M\u00e9dio, ENEM, ou do Exame Nacional de Certifica\u00e7\u00e3o de Compet\u00eancias de Jovens e [&hellip;]<\/p>\n","protected":false},"author":3,"featured_media":0,"parent":4642,"menu_order":0,"comment_status":"closed","ping_status":"closed","template":"","meta":{"_exactmetrics_skip_tracking":false,"_exactmetrics_sitenote_active":false,"_exactmetrics_sitenote_note":"","_exactmetrics_sitenote_category":0,"footnotes":"","_links_to":"","_links_to_target":""},"class_list":["post-4644","page","type-page","status-publish","hentry"],"publishpress_future_action":{"enabled":false,"date":"2026-04-15 04:12:58","action":"change-status","newStatus":"draft","terms":[],"taxonomy":"","extraData":[]},"publishpress_future_workflow_manual_trigger":{"enabledWorkflows":[]},"_links":{"self":[{"href":"https:\/\/www3.unicentro.br\/vestibular\/wp-json\/wp\/v2\/pages\/4644","targetHints":{"allow":["GET"]}}],"collection":[{"href":"https:\/\/www3.unicentro.br\/vestibular\/wp-json\/wp\/v2\/pages"}],"about":[{"href":"https:\/\/www3.unicentro.br\/vestibular\/wp-json\/wp\/v2\/types\/page"}],"author":[{"embeddable":true,"href":"https:\/\/www3.unicentro.br\/vestibular\/wp-json\/wp\/v2\/users\/3"}],"replies":[{"embeddable":true,"href":"https:\/\/www3.unicentro.br\/vestibular\/wp-json\/wp\/v2\/comments?post=4644"}],"version-history":[{"count":1,"href":"https:\/\/www3.unicentro.br\/vestibular\/wp-json\/wp\/v2\/pages\/4644\/revisions"}],"predecessor-version":[{"id":4681,"href":"https:\/\/www3.unicentro.br\/vestibular\/wp-json\/wp\/v2\/pages\/4644\/revisions\/4681"}],"up":[{"embeddable":true,"href":"https:\/\/www3.unicentro.br\/vestibular\/wp-json\/wp\/v2\/pages\/4642"}],"wp:attachment":[{"href":"https:\/\/www3.unicentro.br\/vestibular\/wp-json\/wp\/v2\/media?parent=4644"}],"curies":[{"name":"wp","href":"https:\/\/api.w.org\/{rel}","templated":true}]}}