{"id":4385,"date":"2025-12-01T16:44:32","date_gmt":"2025-12-01T19:44:32","guid":{"rendered":"https:\/\/www3.unicentro.br\/vestibular\/?page_id=4385"},"modified":"2025-12-01T16:44:43","modified_gmt":"2025-12-01T19:44:43","slug":"provas","status":"publish","type":"page","link":"https:\/\/www3.unicentro.br\/vestibular\/celulosepapel\/provas\/","title":{"rendered":"Provas"},"content":{"rendered":"<div class=\"wpb-content-wrapper\"><p>[vc_row][vc_column][vc_column_text css=&#8221;&#8221;]<strong>Dia 1\u00ba de fevereiro de 2026, em Guarapuava e Irati.<\/strong><\/p>\n<p>O processo seletivo \u00e9 realizado no per\u00edodo da tarde,\u00a0com tr\u00eas horas de dura\u00e7\u00e3o e consta de Prova de Reda\u00e7\u00e3o e provas objetivas compostas de oito quest\u00f5es de L\u00edngua Portuguesa, oito quest\u00f5es de Matem\u00e1tica e oito quest\u00f5es de Qu\u00edmica.<\/p>\n<p>&nbsp;<\/p>\n<table class=\" aligncenter\" style=\"width: 70%\" width=\"70%\">\n<thead>\n<tr>\n<td style=\"text-align: center\" width=\"305\"><strong>PROVAS<\/strong><\/td>\n<td style=\"text-align: center\" width=\"159\"><strong>N\u00ba DE QUEST\u00d5ES<\/strong><\/td>\n<td style=\"text-align: center\" width=\"206\"><strong>VALORA\u00c7\u00c3O<\/strong><\/td>\n<\/tr>\n<\/thead>\n<tbody>\n<tr>\n<td width=\"305\">\n<p style=\"text-align: left\">Reda\u00e7\u00e3o<\/p>\n<p style=\"text-align: left\">L\u00edngua Portuguesa<\/p>\n<p style=\"text-align: left\">Matem\u00e1tica<\/p>\n<p style=\"text-align: left\">Qu\u00edmica<\/p>\n<\/td>\n<td style=\"text-align: center\" width=\"159\">&#8212;<\/p>\n<p>8<\/p>\n<p>8<\/p>\n<p>8<\/td>\n<td style=\"text-align: center\" width=\"206\">40,00<\/p>\n<p>20,00<\/p>\n<p>20,00<\/p>\n<p>20,00<\/td>\n<\/tr>\n<tr>\n<td style=\"text-align: left\" colspan=\"2\" width=\"465\"><strong>PONTUA\u00c7\u00c3O M\u00c1XIMA<\/strong><\/td>\n<td width=\"206\">\n<p style=\"text-align: center\"><strong>100<\/strong><\/p>\n<\/td>\n<\/tr>\n<\/tbody>\n<\/table>\n<p>[\/vc_column_text][\/vc_column][\/vc_row]<\/p>\n<\/div>","protected":false},"excerpt":{"rendered":"<p>[vc_row][vc_column][vc_column_text css=&#8221;&#8221;]Dia 1\u00ba de fevereiro de 2026, em Guarapuava e Irati. O processo seletivo \u00e9 realizado no per\u00edodo da tarde,\u00a0com tr\u00eas horas de dura\u00e7\u00e3o e consta de Prova de Reda\u00e7\u00e3o e provas objetivas compostas de oito quest\u00f5es de L\u00edngua Portuguesa, oito quest\u00f5es de Matem\u00e1tica e oito quest\u00f5es de Qu\u00edmica. &nbsp; PROVAS N\u00ba DE QUEST\u00d5ES VALORA\u00c7\u00c3O [&hellip;]<\/p>\n","protected":false},"author":3,"featured_media":0,"parent":4377,"menu_order":0,"comment_status":"closed","ping_status":"closed","template":"","meta":{"_exactmetrics_skip_tracking":false,"_exactmetrics_sitenote_active":false,"_exactmetrics_sitenote_note":"","_exactmetrics_sitenote_category":0,"footnotes":"","_links_to":"","_links_to_target":""},"class_list":["post-4385","page","type-page","status-publish","hentry"],"publishpress_future_action":{"enabled":false,"date":"2026-04-16 02:36:30","action":"change-status","newStatus":"draft","terms":[],"taxonomy":"","extraData":[]},"publishpress_future_workflow_manual_trigger":{"enabledWorkflows":[]},"_links":{"self":[{"href":"https:\/\/www3.unicentro.br\/vestibular\/wp-json\/wp\/v2\/pages\/4385","targetHints":{"allow":["GET"]}}],"collection":[{"href":"https:\/\/www3.unicentro.br\/vestibular\/wp-json\/wp\/v2\/pages"}],"about":[{"href":"https:\/\/www3.unicentro.br\/vestibular\/wp-json\/wp\/v2\/types\/page"}],"author":[{"embeddable":true,"href":"https:\/\/www3.unicentro.br\/vestibular\/wp-json\/wp\/v2\/users\/3"}],"replies":[{"embeddable":true,"href":"https:\/\/www3.unicentro.br\/vestibular\/wp-json\/wp\/v2\/comments?post=4385"}],"version-history":[{"count":1,"href":"https:\/\/www3.unicentro.br\/vestibular\/wp-json\/wp\/v2\/pages\/4385\/revisions"}],"predecessor-version":[{"id":4388,"href":"https:\/\/www3.unicentro.br\/vestibular\/wp-json\/wp\/v2\/pages\/4385\/revisions\/4388"}],"up":[{"embeddable":true,"href":"https:\/\/www3.unicentro.br\/vestibular\/wp-json\/wp\/v2\/pages\/4377"}],"wp:attachment":[{"href":"https:\/\/www3.unicentro.br\/vestibular\/wp-json\/wp\/v2\/media?parent=4385"}],"curies":[{"name":"wp","href":"https:\/\/api.w.org\/{rel}","templated":true}]}}