{"id":39,"date":"2018-05-21T09:41:50","date_gmt":"2018-05-21T12:41:50","guid":{"rendered":"https:\/\/www3.unicentro.br\/vestibular\/?page_id=39"},"modified":"2019-08-08T10:13:08","modified_gmt":"2019-08-08T13:13:08","slug":"hoteis","status":"publish","type":"page","link":"https:\/\/www3.unicentro.br\/vestibular\/hoteis\/","title":{"rendered":"Rela\u00e7\u00e3o de Hot\u00e9is"},"content":{"rendered":"<div class=\"wpb-content-wrapper\"><p>[vc_row][vc_column][vc_column_text]A Unicentro est\u00e1 indicando hot\u00e9is, para que voc\u00ea se sinta \u00e0 vontade e tenha sucesso no per\u00edodo em que permanecer nas cidades em que estiver realizando seu Concurso Vestibular. <span style=\"color: #800000\">(Atualizado em 13\/08\/2018)<\/span><\/p>\n<table style=\"width: 85%\">\n<thead>\n<tr>\n<td colspan=\"2\"><strong>Guarapuava<\/strong><\/td>\n<td><strong>Fone\u00a0(42) <\/strong><\/td>\n<\/tr>\n<\/thead>\n<tbody>\n<tr>\n<td>Adria<\/td>\n<td>Rua\u00a0Vicente Machado, 1758<\/td>\n<td>3623\u00a08131<\/td>\n<\/tr>\n<tr>\n<td>Atalaia<\/td>\n<td>Rua\u00a015 de Novembro, 3340<\/td>\n<td>3622\u00a02992<\/td>\n<\/tr>\n<tr>\n<td>B&amp;N Hotel Express<\/td>\n<td>\u00a0Av. Manoel Ribas, 4636<\/td>\n<td>3035-2244<\/td>\n<\/tr>\n<tr>\n<td>Centro Indigena Pe. Garibaldi<\/td>\n<td>\u00a0&#8211;<\/td>\n<td>\u00a099774626 \/ 3627-3897<\/td>\n<\/tr>\n<tr>\n<td>Grande\u00a0Hotel Guarapuava<\/td>\n<td>Rua\u00a015 de Novembro, 7386<\/td>\n<td>3623\u00a02311<\/td>\n<\/tr>\n<tr>\n<td>Hotel Harbor Baroni Guarapuava<\/td>\n<td>Rua Capit\u00e3o Rocha- 1822A<\/td>\n<td>3304 1213<\/td>\n<\/tr>\n<tr>\n<td>Hotel Guairac\u00e1<\/td>\n<td>Rua Alcindo de Matos, 230 \u2013 BR 277<\/td>\n<td>3629-3620<\/td>\n<\/tr>\n<tr>\n<td>K\u00fcster<\/td>\n<td>Rua\u00a0Presidente Get\u00falio Vargas, 1635<\/td>\n<td>3622\u00a02530<\/td>\n<\/tr>\n<tr>\n<td>Libra<\/td>\n<td>Rua\u00a0Azevedo Portugal, 957<\/td>\n<td>3623\u00a06537<\/td>\n<\/tr>\n<tr>\n<td>Hotel Lorenzetti<\/td>\n<td>Rua Profa Carlita G. Pupo, 495<\/td>\n<td>6324-6408<\/td>\n<\/tr>\n<tr>\n<td>Ouro\u00a0Verde<\/td>\n<td>Rua\u00a0Gua\u00edra, 3206<\/td>\n<td>3623\u00a01629<\/td>\n<\/tr>\n<tr>\n<td>Palace\u00a0Lord<\/td>\n<td>Rua\u00a0Vicente Machado, 1681<\/td>\n<td>3623\u00a01223<\/td>\n<\/tr>\n<tr>\n<td>Hotel Planalto<\/td>\n<td>Av. Prefeito Moacir J\u00falio Silvestre, 910<\/td>\n<td>3623-1230<\/td>\n<\/tr>\n<tr>\n<td>Pensionato\u00a0Fernanda<\/td>\n<td>Rua\u00a0Antonio Rebou\u00e7as, 431<\/td>\n<td>3035-5745<\/td>\n<\/tr>\n<tr>\n<td>Princesa<\/td>\n<td>Rua\u00a0Vicente Machado, 1800<\/td>\n<td>3623\u00a02296<\/td>\n<\/tr>\n<tr>\n<td>Puava<\/td>\n<td>Rua\u00a0Pedro Alves, 1083<\/td>\n<td>3623\u00a06065<\/td>\n<\/tr>\n<tr>\n<td>San\u00a0Marino<\/td>\n<td>Rua\u00a0In\u00e1cio Karpinski, 899<\/td>\n<td>3624\u00a03200<\/td>\n<\/tr>\n<tr>\n<td>S\u00e3o Marcos<\/td>\n<td>Avenida Manoel Ribas, 4112<\/td>\n<td>3624-2255<\/td>\n<\/tr>\n<tr>\n<td>Soledade<\/td>\n<td>Rod BR 277 Km 358<\/td>\n<td>3624-2112<\/td>\n<\/tr>\n<tr>\n<td>Santa\u00a0Helena<\/td>\n<td>Rua\u00a0Capit\u00e3o Rocha, 1913<\/td>\n<td>3035\u00a06225<\/td>\n<\/tr>\n<tr>\n<td>Souza<\/td>\n<td>Rua\u00a0Bar\u00e3o do Rio Branco, 912<\/td>\n<td>3623\u00a02137<\/td>\n<\/tr>\n<tr>\n<td>Spa\u00a0Med Vale do Jord\u00e3o<\/td>\n<td>Rua\u00a0Ver. Rubens Siqueira Ribas, 3171<\/td>\n<td>3623 1679<\/td>\n<\/tr>\n<tr>\n<td>Obra Kolping<\/td>\n<td>Rua Rosa Lustosa Siqueira, 157<\/td>\n<td>3623-3245<\/td>\n<\/tr>\n<tr>\n<td>Pousada Vollweiter<\/td>\n<td>Rua Bispo Phillip Popp, 662. Col\u00f4nia Cachoeira. Entre Rios.<\/td>\n<td>3631-1116<\/td>\n<\/tr>\n<tr>\n<td>Rochas Hotel<\/td>\n<td>Avenida Manoel Ribas, 4598<\/td>\n<td>3035-5552<\/td>\n<\/tr>\n<tr>\n<td>Rureco<\/td>\n<td>Rodovia BR 277<\/td>\n<td>3627-5349<\/td>\n<\/tr>\n<\/tbody>\n<\/table>\n<p>&nbsp;<\/p>\n<table style=\"width: 85%\">\n<thead>\n<tr>\n<td colspan=\"2\"><strong>Irati<\/strong><\/td>\n<td><strong>Fone\u00a0(42)<\/strong><\/td>\n<\/tr>\n<\/thead>\n<tbody>\n<tr>\n<td>Abib<\/td>\n<td>Rua Doutor Jo\u00e3o C\u00e2ndido Ferreira 776<\/td>\n<td>3422-2500<\/td>\n<\/tr>\n<tr>\n<td>Anila<\/td>\n<td>BR 277 km 233 98, Fernandes Pinheiro<\/td>\n<td><\/td>\n<\/tr>\n<tr>\n<td>Ast\u00f3ria<\/td>\n<td>Rua\u00a015 de Julho, 18<\/td>\n<td>3422\u00a01011<\/td>\n<\/tr>\n<tr>\n<td>Colonial\u00a0Palace<\/td>\n<td>Rua\u00a0D\u00aa Noca, 555<\/td>\n<td>3423\u00a01144<\/td>\n<\/tr>\n<tr>\n<td>Dos\u00a0Viajantes<\/td>\n<td>Rua\u00a0Carlos Thoms, 129<\/td>\n<td>3422\u00a01332<\/td>\n<\/tr>\n<tr>\n<td>Grande\u00a0Hotel<\/td>\n<td>Rua\u00a015 de Julho, 146<\/td>\n<td>3422\u00a01214<\/td>\n<\/tr>\n<tr>\n<td>Hotel\u00a0Luiz XV<\/td>\n<td>Rua\u00a015 de Novembro, 28<\/td>\n<td>3422\u00a04048<\/td>\n<\/tr>\n<tr>\n<td>Luz<\/td>\n<td>Rua\u00a015 de Julho, 522<\/td>\n<td>3422\u00a01015<\/td>\n<\/tr>\n<tr>\n<td>Monte L\u00edbano<\/td>\n<td>Avenida Jos\u00e9 Galicioli 1205<\/td>\n<td><\/td>\n<\/tr>\n<tr>\n<td>Pensionato\u00a0Acad\u00eamico<\/td>\n<td>Rua\u00a019 de Dezembro, 583<\/td>\n<td>3422\u00a08076<\/td>\n<\/tr>\n<tr>\n<td>Sollievo<\/td>\n<td>Rua Benjamin Constant, 465<\/td>\n<td><\/td>\n<\/tr>\n<tr>\n<td>Vivenda\u00a0Dona Mariquinha<\/td>\n<td>BR\u00a0153 Km 7 &#8211; Bairro Riozinho<\/td>\n<td>3422\u00a08977<\/td>\n<\/tr>\n<\/tbody>\n<\/table>\n<p>&nbsp;<\/p>\n<p>&nbsp;<\/p>\n<table style=\"width: 85%\">\n<thead>\n<tr>\n<td colspan=\"2\"><strong>Chopinzinho <\/strong><\/td>\n<td><strong>Fone\u00a0(46)<\/strong><\/td>\n<\/tr>\n<\/thead>\n<tbody>\n<tr>\n<td>Hotel\u00a0e Churrascaria Dois Coqueiros<\/td>\n<td>Av.\u00a015 de Novembro, 4421<\/td>\n<td>3242\u00a01187<\/td>\n<\/tr>\n<tr>\n<td>Hotel\u00a0e Churrascaria Petisqueira<\/td>\n<td>Rua\u00a014 de Dezembro, 4466<\/td>\n<td>3242\u00a01110<\/td>\n<\/tr>\n<tr>\n<td>Stedile Palace Hotel<\/td>\n<td>Rua Doutor Claudino dos Santos, 15 &#8211; Centro, Cel. Vivida<\/td>\n<td>3232-4477<\/td>\n<\/tr>\n<tr>\n<td>Finus Hotel<\/td>\n<td>Av. Paran\u00e1, 750, S\u00e3o Jo\u00e3o &#8211; PR<\/td>\n<td>99971-4580<\/td>\n<\/tr>\n<\/tbody>\n<\/table>\n<p>&nbsp;<\/p>\n<table style=\"width: 85%\">\n<thead>\n<tr>\n<td colspan=\"2\"><strong>Laranjeiras\u00a0do Sul <\/strong><\/td>\n<td><strong><strong>Fone\u00a0(42)<\/strong><\/strong><\/td>\n<\/tr>\n<\/thead>\n<tbody>\n<tr>\n<td>Cytrikos<\/td>\n<td>Av.\u00a0Manoel Ribas, 1338<\/td>\n<td>3635\u00a02939<\/td>\n<\/tr>\n<tr>\n<td>Lipski<\/td>\n<td>Rua\u00a0Diogo Pinto, 1351<\/td>\n<td>3635\u00a02416<\/td>\n<\/tr>\n<tr>\n<td>Palmeiras<\/td>\n<td>BR\u00a0277 \u2013 Km 452<\/td>\n<td>3635\u00a01190<\/td>\n<\/tr>\n<tr>\n<td>Sandro<\/td>\n<td>Rua\u00a0Marechal C\u00e2ndido Rondon, 2290<\/td>\n<td>3635\u00a01243<\/td>\n<\/tr>\n<tr>\n<td>Garda Hotel<\/td>\n<td>R. Nereu Ramos, 101 &#8211; S\u00e3o Francisco<\/td>\n<td>3635-5150<\/td>\n<\/tr>\n<\/tbody>\n<\/table>\n<p>&nbsp;<\/p>\n<table style=\"width: 85%\">\n<thead>\n<tr>\n<td colspan=\"2\"><strong>Pitanga <\/strong><\/td>\n<td><strong>Fone\u00a0(42)<\/strong><\/td>\n<\/tr>\n<\/thead>\n<tbody>\n<tr>\n<td>Quer\u00eancia<\/td>\n<td>Av.\u00a0Interventor Manoel Ribas, 130<\/td>\n<td>3646 2724<\/td>\n<\/tr>\n<tr>\n<td>S\u00e3o\u00a0Cipriano<\/td>\n<td>Rua\u00a0\u00c9bano Pereira, 311<\/td>\n<td>3646\u00a01594<\/td>\n<\/tr>\n<tr>\n<td>S\u00e3o\u00a0Manoel Palace<\/td>\n<td>Rua\u00a0Rosalvo Petrechem, 420<\/td>\n<td>3646\u00a01286<\/td>\n<\/tr>\n<tr>\n<td>Nantes Executive Hotel<\/td>\n<td>R. Interventor Manoel Ribas, 451<\/td>\n<td>3646-5000<\/td>\n<\/tr>\n<tr>\n<td>Dimy Hotel<\/td>\n<td>R. Alexandre Buchaman, 461 &#8211; Parque S\u00e3o Bas\u00edlio<\/td>\n<td>3646-1212<\/td>\n<\/tr>\n<tr>\n<td>Hotel Santa Carmem<\/td>\n<td>Rua Jos\u00e9 Klosovski, 940<\/td>\n<td>3646-4294<\/td>\n<\/tr>\n<tr>\n<td>Hotel Central<\/td>\n<td>R. Visc. de Guarapuava, 128<\/td>\n<td>3646-3615<\/td>\n<\/tr>\n<\/tbody>\n<\/table>\n<p>&nbsp;<\/p>\n<table style=\"width: 85%\">\n<thead>\n<tr>\n<td colspan=\"2\"><strong>Prudent\u00f3polis <\/strong><\/td>\n<td><strong><strong>Fone\u00a0(42)<\/strong><\/strong><\/td>\n<\/tr>\n<\/thead>\n<tbody>\n<tr>\n<td>Elite\u00a0Palace Hotel<\/td>\n<td>Rua\u00a0Marechal Deodoro, 1530<\/td>\n<td>3446\u00a04838<\/td>\n<\/tr>\n<tr>\n<td>Lopes\u00a0Ltda<\/td>\n<td>Av.\u00a0S\u00e3o Jo\u00e3o, 2595<\/td>\n<td>3446\u00a01476<\/td>\n<\/tr>\n<tr>\n<td>Mayn\u00e1\u00a0Palace<\/td>\n<td>Rua\u00a0Dr. Os\u00f3rio Guimar\u00e3es, 935<\/td>\n<td>3446\u00a02091<\/td>\n<\/tr>\n<tr>\n<td>\u00d3zera Hotel Fazenda<\/td>\n<td>Rodovia BR 373, Km 260 &#8211; Rio dos Patos<\/td>\n<td>3446-5316<\/td>\n<\/tr>\n<tr>\n<td>Hotel Burack<\/td>\n<td>Av. S\u00e3o Jo\u00e3o, 2897<\/td>\n<td>3446-4029<\/td>\n<\/tr>\n<tr>\n<td>Pousada Salto Sete<\/td>\n<td>PR-160, s\/n &#8211; Zona Rural<\/td>\n<td>99822-7777<\/td>\n<\/tr>\n<\/tbody>\n<\/table>\n<p>&nbsp;<\/p>\n<table style=\"width: 85%\">\n<thead>\n<tr>\n<td colspan=\"2\"><strong>Turvo<\/strong><\/td>\n<td><strong><strong>Fone\u00a0(42)<\/strong><\/strong><\/td>\n<\/tr>\n<\/thead>\n<tbody>\n<tr>\n<td><a href=\"mailto:hotelbettega@hotmail.com\">Hotel Bettega<\/a><\/td>\n<td>Rodovia PR 466, 223 &#8211; Centro (38km de Guarapuava e 48km de Pitanga)<\/td>\n<td>3642-1011 \/ 99163-3756<\/td>\n<\/tr>\n<\/tbody>\n<\/table>\n<p>[\/vc_column_text][\/vc_column][\/vc_row]<\/p>\n<\/div>","protected":false},"excerpt":{"rendered":"<p>[vc_row][vc_column][vc_column_text]A Unicentro est\u00e1 indicando hot\u00e9is, para que voc\u00ea se sinta \u00e0 vontade e tenha sucesso no per\u00edodo em que permanecer nas cidades em que estiver realizando seu Concurso Vestibular. (Atualizado em 13\/08\/2018) Guarapuava Fone\u00a0(42) Adria Rua\u00a0Vicente Machado, 1758 3623\u00a08131 Atalaia Rua\u00a015 de Novembro, 3340 3622\u00a02992 B&amp;N Hotel Express \u00a0Av. Manoel Ribas, 4636 3035-2244 Centro Indigena [&hellip;]<\/p>\n","protected":false},"author":3,"featured_media":0,"parent":0,"menu_order":0,"comment_status":"closed","ping_status":"closed","template":"","meta":{"_exactmetrics_skip_tracking":false,"_exactmetrics_sitenote_active":false,"_exactmetrics_sitenote_note":"","_exactmetrics_sitenote_category":0,"footnotes":"","_links_to":"","_links_to_target":""},"class_list":["post-39","page","type-page","status-publish","hentry"],"publishpress_future_action":{"enabled":false,"date":"2026-04-18 11:49:15","action":"change-status","newStatus":"draft","terms":[],"taxonomy":"","extraData":[]},"publishpress_future_workflow_manual_trigger":{"enabledWorkflows":[]},"_links":{"self":[{"href":"https:\/\/www3.unicentro.br\/vestibular\/wp-json\/wp\/v2\/pages\/39","targetHints":{"allow":["GET"]}}],"collection":[{"href":"https:\/\/www3.unicentro.br\/vestibular\/wp-json\/wp\/v2\/pages"}],"about":[{"href":"https:\/\/www3.unicentro.br\/vestibular\/wp-json\/wp\/v2\/types\/page"}],"author":[{"embeddable":true,"href":"https:\/\/www3.unicentro.br\/vestibular\/wp-json\/wp\/v2\/users\/3"}],"replies":[{"embeddable":true,"href":"https:\/\/www3.unicentro.br\/vestibular\/wp-json\/wp\/v2\/comments?post=39"}],"version-history":[{"count":0,"href":"https:\/\/www3.unicentro.br\/vestibular\/wp-json\/wp\/v2\/pages\/39\/revisions"}],"wp:attachment":[{"href":"https:\/\/www3.unicentro.br\/vestibular\/wp-json\/wp\/v2\/media?parent=39"}],"curies":[{"name":"wp","href":"https:\/\/api.w.org\/{rel}","templated":true}]}}