{"id":3828,"date":"2025-04-02T11:39:32","date_gmt":"2025-04-02T14:39:32","guid":{"rendered":"https:\/\/www3.unicentro.br\/vestibular\/?page_id=3828"},"modified":"2025-04-03T10:38:27","modified_gmt":"2025-04-03T13:38:27","slug":"documentos-formato-digital","status":"publish","type":"page","link":"https:\/\/www3.unicentro.br\/vestibular\/pac\/documentos-formato-digital\/","title":{"rendered":"Documentos &#8211; Formato digital"},"content":{"rendered":"<p style=\"text-align: center\"><strong>DOCUMENTOS V\u00c1LIDOS PARA IDENTIFICA\u00c7\u00c3O DO CANDIDATO<\/strong><\/p>\n<p style=\"text-align: center\"><strong>(FORMATO DIGITAL)<\/strong><\/p>\n<p style=\"text-align: center\"><strong>DOCUMENTOS DIGITAIS COM FOTO, ACEITOS PARA FINS DE IDENTIFICA\u00c7\u00c3O:<\/strong><\/p>\n<hr \/>\n<ul>\n<li>e-T\u00edtulo<\/li>\n<li>CNH digital<\/li>\n<li>RG digital<\/li>\n<li>CIN digital<\/li>\n<\/ul>\n<hr \/>\n<p>Devem ser apresentados nos respectivos aplicativos governamentais, com usu\u00e1rio e senha, mediante comprova\u00e7\u00e3o \u00e0 coordena\u00e7\u00e3o do processo seletivo.<\/p>\n","protected":false},"excerpt":{"rendered":"<p>DOCUMENTOS V\u00c1LIDOS PARA IDENTIFICA\u00c7\u00c3O DO CANDIDATO (FORMATO DIGITAL) DOCUMENTOS DIGITAIS COM FOTO, ACEITOS PARA FINS DE IDENTIFICA\u00c7\u00c3O: e-T\u00edtulo CNH digital RG digital CIN digital Devem ser apresentados nos respectivos aplicativos governamentais, com usu\u00e1rio e senha, mediante comprova\u00e7\u00e3o \u00e0 coordena\u00e7\u00e3o do processo seletivo.<\/p>\n","protected":false},"author":6,"featured_media":0,"parent":1408,"menu_order":0,"comment_status":"closed","ping_status":"closed","template":"","meta":{"_exactmetrics_skip_tracking":false,"_exactmetrics_sitenote_active":false,"_exactmetrics_sitenote_note":"","_exactmetrics_sitenote_category":0,"footnotes":"","_links_to":"","_links_to_target":""},"class_list":["post-3828","page","type-page","status-publish","hentry"],"publishpress_future_action":{"enabled":false,"date":"2026-04-17 08:44:48","action":"change-status","newStatus":"draft","terms":[],"taxonomy":"","extraData":[]},"publishpress_future_workflow_manual_trigger":{"enabledWorkflows":[]},"_links":{"self":[{"href":"https:\/\/www3.unicentro.br\/vestibular\/wp-json\/wp\/v2\/pages\/3828","targetHints":{"allow":["GET"]}}],"collection":[{"href":"https:\/\/www3.unicentro.br\/vestibular\/wp-json\/wp\/v2\/pages"}],"about":[{"href":"https:\/\/www3.unicentro.br\/vestibular\/wp-json\/wp\/v2\/types\/page"}],"author":[{"embeddable":true,"href":"https:\/\/www3.unicentro.br\/vestibular\/wp-json\/wp\/v2\/users\/6"}],"replies":[{"embeddable":true,"href":"https:\/\/www3.unicentro.br\/vestibular\/wp-json\/wp\/v2\/comments?post=3828"}],"version-history":[{"count":2,"href":"https:\/\/www3.unicentro.br\/vestibular\/wp-json\/wp\/v2\/pages\/3828\/revisions"}],"predecessor-version":[{"id":3873,"href":"https:\/\/www3.unicentro.br\/vestibular\/wp-json\/wp\/v2\/pages\/3828\/revisions\/3873"}],"up":[{"embeddable":true,"href":"https:\/\/www3.unicentro.br\/vestibular\/wp-json\/wp\/v2\/pages\/1408"}],"wp:attachment":[{"href":"https:\/\/www3.unicentro.br\/vestibular\/wp-json\/wp\/v2\/media?parent=3828"}],"curies":[{"name":"wp","href":"https:\/\/api.w.org\/{rel}","templated":true}]}}