{"id":3824,"date":"2025-04-02T11:38:13","date_gmt":"2025-04-02T14:38:13","guid":{"rendered":"https:\/\/www3.unicentro.br\/vestibular\/?page_id=3824"},"modified":"2025-04-02T11:43:16","modified_gmt":"2025-04-02T14:43:16","slug":"documentos-formato-impresso","status":"publish","type":"page","link":"https:\/\/www3.unicentro.br\/vestibular\/pac\/documentos-formato-impresso\/","title":{"rendered":"Documentos &#8211; Formato impresso"},"content":{"rendered":"<p style=\"text-align: center\"><strong>DOCUMENTOS V\u00c1LIDOS PARA IDENTIFICA\u00c7\u00c3O DO CANDIDATO<\/strong><\/p>\n<p style=\"text-align: center\"><strong>(FORMATO IMPRESSO)<\/strong><\/p>\n<hr \/>\n<p style=\"text-align: center\"><strong>Documento original de identifica\u00e7\u00e3o oficial, com validade nacional, que contenha foto.<\/strong><\/p>\n<ul>\n<li>c\u00e9dulas de identidade, RG, expedidas pelas Secretarias de Seguran\u00e7a P\u00fablica, pelas For\u00e7as Armadas, pela Pol\u00edcia Militar, pela Pol\u00edcia Federal;<\/li>\n<li>identidade expedida pelo Minist\u00e9rio da Justi\u00e7a para estrangeiros;<\/li>\n<li>identifica\u00e7\u00e3o fornecida por ordens ou conselhos de classes que por lei tenham validade como documento de identidade;<\/li>\n<li>Carteira de Trabalho e Previd\u00eancia Social, emitida ap\u00f3s 27 de janeiro de 1997;<\/li>\n<li>Passaporte brasileiro;<\/li>\n<li>Carteira Nacional de Habilita\u00e7\u00e3o com fotografia, na forma da Lei n\u00ba 9.503, de 23 de setembro de 1997.<\/li>\n<\/ul>\n<hr \/>\n<p style=\"text-align: center\"><strong>N\u00e3o s\u00e3o aceitas c\u00f3pias de documentos de identifica\u00e7\u00e3o, mesmo que autenticadas.<\/strong><\/p>\n","protected":false},"excerpt":{"rendered":"<p>DOCUMENTOS V\u00c1LIDOS PARA IDENTIFICA\u00c7\u00c3O DO CANDIDATO (FORMATO IMPRESSO) Documento original de identifica\u00e7\u00e3o oficial, com validade nacional, que contenha foto. c\u00e9dulas de identidade, RG, expedidas pelas Secretarias de Seguran\u00e7a P\u00fablica, pelas For\u00e7as Armadas, pela Pol\u00edcia Militar, pela Pol\u00edcia Federal; identidade expedida pelo Minist\u00e9rio da Justi\u00e7a para estrangeiros; identifica\u00e7\u00e3o fornecida por ordens ou conselhos de classes que [&hellip;]<\/p>\n","protected":false},"author":6,"featured_media":0,"parent":1408,"menu_order":0,"comment_status":"closed","ping_status":"closed","template":"","meta":{"_exactmetrics_skip_tracking":false,"_exactmetrics_sitenote_active":false,"_exactmetrics_sitenote_note":"","_exactmetrics_sitenote_category":0,"footnotes":"","_links_to":"","_links_to_target":""},"class_list":["post-3824","page","type-page","status-publish","hentry"],"publishpress_future_action":{"enabled":false,"date":"2026-04-15 01:12:40","action":"change-status","newStatus":"draft","terms":[],"taxonomy":"","extraData":[]},"publishpress_future_workflow_manual_trigger":{"enabledWorkflows":[]},"_links":{"self":[{"href":"https:\/\/www3.unicentro.br\/vestibular\/wp-json\/wp\/v2\/pages\/3824","targetHints":{"allow":["GET"]}}],"collection":[{"href":"https:\/\/www3.unicentro.br\/vestibular\/wp-json\/wp\/v2\/pages"}],"about":[{"href":"https:\/\/www3.unicentro.br\/vestibular\/wp-json\/wp\/v2\/types\/page"}],"author":[{"embeddable":true,"href":"https:\/\/www3.unicentro.br\/vestibular\/wp-json\/wp\/v2\/users\/6"}],"replies":[{"embeddable":true,"href":"https:\/\/www3.unicentro.br\/vestibular\/wp-json\/wp\/v2\/comments?post=3824"}],"version-history":[{"count":2,"href":"https:\/\/www3.unicentro.br\/vestibular\/wp-json\/wp\/v2\/pages\/3824\/revisions"}],"predecessor-version":[{"id":3837,"href":"https:\/\/www3.unicentro.br\/vestibular\/wp-json\/wp\/v2\/pages\/3824\/revisions\/3837"}],"up":[{"embeddable":true,"href":"https:\/\/www3.unicentro.br\/vestibular\/wp-json\/wp\/v2\/pages\/1408"}],"wp:attachment":[{"href":"https:\/\/www3.unicentro.br\/vestibular\/wp-json\/wp\/v2\/media?parent=3824"}],"curies":[{"name":"wp","href":"https:\/\/api.w.org\/{rel}","templated":true}]}}