{"id":3540,"date":"2024-11-25T20:10:36","date_gmt":"2024-11-25T23:10:36","guid":{"rendered":"https:\/\/www3.unicentro.br\/vestibular\/?page_id=3540"},"modified":"2026-02-13T16:51:20","modified_gmt":"2026-02-13T19:51:20","slug":"aprova-parana-universidades","status":"publish","type":"page","link":"https:\/\/www3.unicentro.br\/vestibular\/aprova-parana-universidades\/","title":{"rendered":"Aprova Paran\u00e1 Universidades"},"content":{"rendered":"<div class=\"wpb-content-wrapper\"><p>[vc_row][vc_column width=&#8221;3\/4&#8243;][vc_btn title=&#8221;RESULTADO do processo seletivo APROVA PARAN\u00c1 UNIVERSIDADES 2026, para os Cursos de Gradua\u00e7\u00e3o ofertados pela Unicentro&#8221; style=&#8221;classic&#8221; color=&#8221;danger&#8221; align=&#8221;center&#8221; css=&#8221;&#8221; link=&#8221;url:https%3A%2F%2Fwww3.unicentro.br%2Fvestibular%2Fwp-content%2Fuploads%2Fsites%2F30%2F2026%2F02%2FEdital_n_2_2026_COORPS_Resultado_do_Aprova_Paran_Universidades_2026_698f7eaa30dd8.pdf&#8221;][vc_btn title=&#8221;LISTA DE ESPERA &#8211; Listagem geral por Curso, Modalidade de Concorr\u00eancia e Classifica\u00e7\u00e3o&#8221; style=&#8221;classic&#8221; color=&#8221;success&#8221; align=&#8221;center&#8221; css=&#8221;&#8221; link=&#8221;url:https%3A%2F%2Fwww3.unicentro.br%2Fvestibular%2Fwp-content%2Fuploads%2Fsites%2F30%2F2026%2F02%2FAprovaParan_Universidades2026_ListaEspera_nome_social_698f7dd4cb2f9.pdf&#8221;][vc_separator css=&#8221;&#8221;][vc_single_image image=&#8221;4257&#8243; img_size=&#8221;full&#8221; alignment=&#8221;center&#8221; css=&#8221;&#8221;][vc_column_text css=&#8221;&#8221;]O Aprova Paran\u00e1 Universidades \u00e9 um sistema de gest\u00e3o de inscri\u00e7\u00f5es das universidades estaduais do Paran\u00e1 que visa democratizar o acesso ao ensino superior, garantindo vagas destinadas a alunos concluintes de escolas p\u00fablicas que realizaram a Prova Paran\u00e1 Mais em 2025.<\/p>\n<p>Estudantes de institui\u00e7\u00f5es de ensino p\u00fablicas que concluir\u00e3o, no ano de 2025, a 3\u00aa s\u00e9rie do Ensino M\u00e9dio ou a 4\u00aa s\u00e9rie dos cursos profissionalizantes de rede p\u00fablica, que tenham interesse em ingressar em uma das Universidades P\u00fablicas Estaduais do Paran\u00e1, utilizando o resultado obtido na avalia\u00e7\u00e3o de desempenho denominada Prova Paran\u00e1 Mais 2025, aplicada pela Secretaria de Estado da Educa\u00e7\u00e3o no ano de 2025, podem participar dessa nova modalidade de processo seletivo.<\/p>\n<p>Para se inscrever o estudante dever\u00e1 possuir, obrigatoriamente, o Cadastro de Pessoa F\u00edsica \u2013 CPF.<\/p>\n<p>As <a href=\"http:\/\/aprova.pr.gov.br\">inscri\u00e7\u00f5es<\/a> para participar do Aprova Paran\u00e1 Universidades devem ser feitas de 19 a 22 de janeiro de 2026 pelo site http:\/\/aprova.pr.gov.br<\/p>\n<p>Resultado de Classifica\u00e7\u00e3o &#8211; 2 a 9 de fevereiro de 2026.[\/vc_column_text][\/vc_column][vc_column width=&#8221;1\/4&#8243;][vc_single_image image=&#8221;3544&#8243; img_size=&#8221;full&#8221; alignment=&#8221;center&#8221; css=&#8221;&#8221;][vc_empty_space][\/vc_column][\/vc_row][vc_row disable_element=&#8221;yes&#8221; u_row_style=&#8221;0&#8243; u_row_paralax=&#8221;0&#8243; u_row_scheme=&#8221;0&#8243;][vc_column width=&#8221;3\/4&#8243;][vc_message message_box_style=&#8221;solid&#8221; style=&#8221;square&#8221; message_box_color=&#8221;danger&#8221; icon_fontawesome=&#8221;far fa-file-alt&#8221;]<\/p>\n<p style=\"text-align: center\"><span style=\"font-size: 14pt\"><a href=\"https:\/\/matriculas.unicentro.br\" target=\"_blank\" rel=\"noopener\"><span style=\"color: #ffffff;line-height: 12px !important\"><strong>MATR\u00cdCULAS UNICENTRO<\/strong><\/span><\/a><\/span><\/p>\n<p>[\/vc_message][vc_message message_box_color=&#8221;success&#8221; icon_fontawesome=&#8221;fas fa-bullhorn&#8221; css=&#8221;.vc_custom_1739817630437{margin-bottom: 10px !important;}&#8221;]<\/p>\n<p style=\"text-align: center\"><a href=\"https:\/\/sgu.unicentro.br\/files\/Ingressoxarquivos\/cnm_arquivo\/17_02_2025_edital_b73fb093575.pdf\"><b>EDITAL N\u00ba 21\/2025 &#8211; DIRAC\/PROEN &#8211; <\/b>ORIENTA\u00c7\u00d5ES GERAIS PARA MATR\u00cdCULAS<\/a><\/p>\n<p style=\"text-align: center\"><a href=\"https:\/\/sgu.unicentro.br\/files\/Hpprocessoseletivoxarquivos\/cnm_arquivo\/4b116f8dd1a14e9c8a51296a704644ed.pdf\"><strong>BOLETIM INFORMATIVO 03 &#8211;<\/strong> ORIENTA\u00c7\u00d5ES AOS CANDIDATOS AUTODECLARADOS NEGROS (PRETOS E PARDOS)<\/a><\/p>\n<p>[\/vc_message][vc_column_text css=&#8221;&#8221;]O Aprova Paran\u00e1 Universidades \u00e9 um sistema de gest\u00e3o de inscri\u00e7\u00f5es das universidades estaduais do Paran\u00e1 que visa democratizar o acesso ao ensino superior, garantindo vagas destinadas a alunos concluintes de escolas p\u00fablicas que realizar\u00e3o a Prova Paran\u00e1 Mais em 2025.<\/p>\n<table style=\"width: 100%;border-collapse: collapse;background-color: #f7f1bc;border-color: #030000\">\n<tbody>\n<tr>\n<td style=\"width: 100%\"><strong>SOBRE A PROVA PARAN\u00c1 MAIS 2025<\/strong><\/p>\n<p>A inscri\u00e7\u00e3o para a Prova Paran\u00e1 Mais 2025 \u00e9 gratuita e autom\u00e1tica para alunos da Rede P\u00fablica do Paran\u00e1.<br \/>\nPara estudantes da Rede P\u00fablica dos demais estados ou Federal (Institutos Federais, por exemplo) o per\u00edodo de inscri\u00e7\u00e3o \u00e9 de <strong>3 a 7 de setembro de 2025<\/strong>, pelo endere\u00e7o eletr\u00f4nico <span style=\"color: #0000ff\"><a style=\"color: #0000ff\" href=\"http:\/\/aprova.pr.gov.br\"><em>http:\/\/aprova.pr.gov.br<\/em><\/a><\/span> .<\/p>\n<p>A Prova Paran\u00e1 Mais 2025 ser\u00e1 realizada nos dias 12 e 13 de novembro de 2025.<\/p>\n<p><strong>Locais de aplica\u00e7\u00e3o:<\/strong><br \/>\nOs estudantes matriculados na rede p\u00fablica estadual do Paran\u00e1 realizar\u00e3o a Prova Paran\u00e1 Mais nas institui\u00e7\u00f5es de ensino onde est\u00e3o matriculados.<\/p>\n<p>Para os estudantes de institui\u00e7\u00f5es de ensino p\u00fablicas n\u00e3o pertencentes \u00e0 rede p\u00fablica estadual do Paran\u00e1, os locais de aplica\u00e7\u00e3o das provas ser\u00e3o nos munic\u00edpios-sede dos N\u00facleos Regionais de Educa\u00e7\u00e3o do Paran\u00e1, NRE`s.<\/td>\n<\/tr>\n<\/tbody>\n<\/table>\n<p>Estudantes de institui\u00e7\u00f5es de ensino p\u00fablicas que tenham interesse em ingressar em uma das Universidades P\u00fablicas Estaduais do Paran\u00e1, utilizando o resultado obtido na Prova Paran\u00e1 Mais 2025, do Aprova Paran\u00e1 Universidades, realizando a sua inscri\u00e7\u00e3o no per\u00edodo a ser informado na sequ\u00eancia.<\/p>\n<p>Para saber mais, consulte o site da Prova Paran\u00e1 Mais e Aprova Paran\u00e1 Universidades, pelo endere\u00e7o: <em><span style=\"color: #0000ff\"><a style=\"color: #0000ff\" href=\"http:\/\/aprova.pr.gov.br\/\">http:\/\/aprova.pr.gov.br\/<\/a><\/span> .<\/em>[\/vc_column_text][vc_message message_box_color=&#8221;pink&#8221; css=&#8221;&#8221;]<\/p>\n<p style=\"text-align: center\"><a href=\"https:\/\/www3.unicentro.br\/vestibular\/wp-content\/uploads\/sites\/30\/2025\/02\/APROVA_PARAN_UNIVERSIDADES_2025_APROVADOS_EM_PRIMEIRA_CHAMADA_UNICENTRO_67b342593a4b4.pdf\"><strong>APROVADOS EM PRIMEIRA CHAMADA<\/strong><\/a><\/p>\n<p>[\/vc_message][vc_message message_box_color=&#8221;orange&#8221; css=&#8221;&#8221;]<\/p>\n<p style=\"text-align: center\"><a href=\"https:\/\/www3.unicentro.br\/vestibular\/wp-content\/uploads\/sites\/30\/2025\/02\/APROVA_PARAN_UNIVERSIDADES_2025_LISTA_DE_ESPERA_UNICENTRO_67b3425dcd18b.pdf\"><strong>LISTA DE ESPERA<\/strong><\/a><\/p>\n<p>[\/vc_message][vc_single_image image=&#8221;3544&#8243; img_size=&#8221;full&#8221; alignment=&#8221;center&#8221; css=&#8221;&#8221;][\/vc_column][vc_column width=&#8221;1\/4&#8243;][vc_empty_space][vc_message message_box_style=&#8221;solid&#8221; style=&#8221;square&#8221; message_box_color=&#8221;orange&#8221; icon_fontawesome=&#8221;far fa-file-alt&#8221; css=&#8221;&#8221;]<\/p>\n<p style=\"text-align: center\"><span style=\"font-size: 13px\"><a href=\"https:\/\/avaliacaocotas.unicentro.br\/inscricoes\/choose-type\"><span style=\"color: #ffffff\"><b>COMPROVA\u00c7\u00c3O<\/b><\/span><br \/>\n<span style=\"color: #ffffff\"><strong>DE COTAS<\/strong><\/span><\/a><\/span><\/p>\n<p>[\/vc_message][\/vc_column][\/vc_row]<\/p>\n<\/div>","protected":false},"excerpt":{"rendered":"<p>[vc_row][vc_column width=&#8221;3\/4&#8243;][vc_btn title=&#8221;RESULTADO do processo seletivo APROVA PARAN\u00c1 UNIVERSIDADES 2026, para os Cursos de Gradua\u00e7\u00e3o ofertados pela Unicentro&#8221; style=&#8221;classic&#8221; color=&#8221;danger&#8221; align=&#8221;center&#8221; css=&#8221;&#8221; link=&#8221;url:https%3A%2F%2Fwww3.unicentro.br%2Fvestibular%2Fwp-content%2Fuploads%2Fsites%2F30%2F2026%2F02%2FEdital_n_2_2026_COORPS_Resultado_do_Aprova_Paran_Universidades_2026_698f7eaa30dd8.pdf&#8221;][vc_btn title=&#8221;LISTA DE ESPERA &#8211; Listagem geral por Curso, Modalidade de Concorr\u00eancia e Classifica\u00e7\u00e3o&#8221; style=&#8221;classic&#8221; color=&#8221;success&#8221; align=&#8221;center&#8221; css=&#8221;&#8221; link=&#8221;url:https%3A%2F%2Fwww3.unicentro.br%2Fvestibular%2Fwp-content%2Fuploads%2Fsites%2F30%2F2026%2F02%2FAprovaParan_Universidades2026_ListaEspera_nome_social_698f7dd4cb2f9.pdf&#8221;][vc_separator css=&#8221;&#8221;][vc_single_image image=&#8221;4257&#8243; img_size=&#8221;full&#8221; alignment=&#8221;center&#8221; css=&#8221;&#8221;][vc_column_text css=&#8221;&#8221;]O Aprova Paran\u00e1 Universidades \u00e9 um sistema de gest\u00e3o [&hellip;]<\/p>\n","protected":false},"author":6,"featured_media":0,"parent":0,"menu_order":0,"comment_status":"closed","ping_status":"closed","template":"","meta":{"_exactmetrics_skip_tracking":false,"_exactmetrics_sitenote_active":false,"_exactmetrics_sitenote_note":"","_exactmetrics_sitenote_category":0,"footnotes":"","_links_to":"","_links_to_target":""},"class_list":["post-3540","page","type-page","status-publish","hentry"],"publishpress_future_action":{"enabled":false,"date":"2026-04-21 07:48:42","action":"change-status","newStatus":"draft","terms":[],"taxonomy":"","extraData":[]},"publishpress_future_workflow_manual_trigger":{"enabledWorkflows":[]},"_links":{"self":[{"href":"https:\/\/www3.unicentro.br\/vestibular\/wp-json\/wp\/v2\/pages\/3540","targetHints":{"allow":["GET"]}}],"collection":[{"href":"https:\/\/www3.unicentro.br\/vestibular\/wp-json\/wp\/v2\/pages"}],"about":[{"href":"https:\/\/www3.unicentro.br\/vestibular\/wp-json\/wp\/v2\/types\/page"}],"author":[{"embeddable":true,"href":"https:\/\/www3.unicentro.br\/vestibular\/wp-json\/wp\/v2\/users\/6"}],"replies":[{"embeddable":true,"href":"https:\/\/www3.unicentro.br\/vestibular\/wp-json\/wp\/v2\/comments?post=3540"}],"version-history":[{"count":4,"href":"https:\/\/www3.unicentro.br\/vestibular\/wp-json\/wp\/v2\/pages\/3540\/revisions"}],"predecessor-version":[{"id":4620,"href":"https:\/\/www3.unicentro.br\/vestibular\/wp-json\/wp\/v2\/pages\/3540\/revisions\/4620"}],"wp:attachment":[{"href":"https:\/\/www3.unicentro.br\/vestibular\/wp-json\/wp\/v2\/media?parent=3540"}],"curies":[{"name":"wp","href":"https:\/\/api.w.org\/{rel}","templated":true}]}}