{"id":31,"date":"2018-05-21T09:40:08","date_gmt":"2018-05-21T12:40:08","guid":{"rendered":"https:\/\/www3.unicentro.br\/vestibular\/?page_id=31"},"modified":"2026-02-28T17:24:32","modified_gmt":"2026-02-28T20:24:32","slug":"ead","status":"publish","type":"page","link":"https:\/\/www3.unicentro.br\/vestibular\/ead\/","title":{"rendered":"Educa\u00e7\u00e3o a Dist\u00e2ncia"},"content":{"rendered":"<div class=\"wpb-content-wrapper\"><p>[vc_row][vc_column offset=&#8221;vc_hidden-lg vc_hidden-md vc_hidden-sm&#8221;][vc_wp_custommenu title=&#8221;EaD&#8221; nav_menu=&#8221;49&#8243; el_class=&#8221;menu-mob&#8221;][\/vc_column][\/vc_row][vc_row][vc_column][vc_btn title=&#8221;INSCREVA-SE&#8221; style=&#8221;flat&#8221; shape=&#8221;square&#8221; align=&#8221;center&#8221; css=&#8221;&#8221; link=&#8221;url:https%3A%2F%2Fvestibular-ead.unicentro.br%2F&#8221; el_class=&#8221;botao-padrao&#8221;][vc_single_image image=&#8221;4705&#8243; img_size=&#8221;400&#215;400&#8243; alignment=&#8221;center&#8221; css=&#8221;&#8221;][vc_column_text css=&#8221;&#8221;]<\/p>\n<h3 style=\"text-align: center\"><strong>Processo Seletivo Diferenciado<\/strong><br \/>\npara o Curso Superior de TECNOLOGIA EM GEST\u00c3O P\u00daBLICA,<br \/>\nmodalidade a dist\u00e2ncia<\/h3>\n<p><strong>\u00a0<\/strong><\/p>\n<p>O Curso Superior de Tecnologia em Gest\u00e3o P\u00fablica tem como objetivos:<\/p>\n<p>I \u2013 a qualifica\u00e7\u00e3o de profissionais de n\u00edvel superior, visando ao aprimoramento da compreens\u00e3o das atividades gerenciais no \u00e2mbito das organiza\u00e7\u00f5es p\u00fablicas;<\/p>\n<p>II \u2013 a capacita\u00e7\u00e3o de servidores para atuarem de forma eficiente na administra\u00e7\u00e3o de sistemas p\u00fablicos;<\/p>\n<p>III \u2013 a forma\u00e7\u00e3o de profissionais com base te\u00f3rica e pr\u00e1tica adequada para intervir, de maneira cr\u00edtica e respons\u00e1vel, na realidade social, pol\u00edtica e econ\u00f4mica;<\/p>\n<p>IV \u2013 a contribui\u00e7\u00e3o para a melhoria da gest\u00e3o das atividades desempenhadas pelo Estado brasileiro, nos \u00e2mbitos federal, estadual e municipal;<\/p>\n<p>V \u2013 o desenvolvimento de uma vis\u00e3o estrat\u00e9gica dos neg\u00f3cios p\u00fablicos por parte do servidor, a partir do estudo sistem\u00e1tico e aprofundado da realidade administrativa governamental e de suas unidades produtivas.<\/p>\n<p>O curso \u00e9 ofertado na modalidade a dist\u00e2ncia, seguindo o Decreto n\u00ba 12.456, de 19 de maio de 2025, que estabelece 20% de presencialidade durante o curso, sendo:<\/p>\n<p>I \u2013 10% (dez por cento) da carga hor\u00e1ria total do curso por meio de atividades presenciais e<\/p>\n<p>II \u2013 10% (dez por cento) da carga hor\u00e1ria total do curso em atividades presenciais ou s\u00edncronas mediadas.[\/vc_column_text][\/vc_column][\/vc_row][vc_row disable_element=&#8221;yes&#8221; u_row_style=&#8221;0&#8243; u_row_paralax=&#8221;0&#8243; u_row_scheme=&#8221;0&#8243;][vc_column][vc_btn title=&#8221;BOLETIM INFORMATIVO N\u00ba 11\/2025 \u2013 DIRAC\/PROEN &#8211; ORIENTA\u00c7\u00d5ES PARA MATR\u00cdCULA &#8211; PROCESSO SELETIVO DIFERENCIADO PARA CURSOS DE GRADUA\u00c7\u00c3O EAD 2025&#8243; color=&#8221;vista-blue&#8221; css=&#8221;&#8221; link=&#8221;url:https%3A%2F%2Fsgu.unicentro.br%2Ffiles%2FIngressoxarquivos%2Fcnm_arquivo%2F12_03_2025_edital_56234159647.pdf&#8221;][vc_btn title=&#8221;BOLETIM INFORMATIVO N\u00ba 10\/2025 \u2013 DIRAC\/PROEN &#8211; PROCESSO SELETIVO DIFERENCIADO PARA CURSOS DE GRADUA\u00c7\u00c3O EAD 2025 &#8211; ORIENTA\u00c7\u00d5ES AOS CANDIDATOS CLASSIFICADOS NAS VAGAS DE COTAS RACIAIS&#8221; color=&#8221;sky&#8221; css=&#8221;&#8221; link=&#8221;url:https%3A%2F%2Fsgu.unicentro.br%2Ffiles%2FIngressoxarquivos%2Fcnm_arquivo%2F12_03_2025_edital_6e574126480.pdf&#8221;][vc_btn title=&#8221;BOLETIM INFORMATIVO N\u00ba 09\/2025 \u2013 DIRAC\/PROEN &#8211; PROCESSO SELETIVO DIFERENCIADO PARA CURSOS DE GRADUA\u00c7\u00c3O EAD 2025 &#8211; ORIENTA\u00c7\u00d5ES AOS CANDIDATOS CLASSIFICADOS NAS VAGAS RESERVADAS A PESSOAS COM DEFICI\u00caNCIA&#8221; color=&#8221;pink&#8221; css=&#8221;&#8221; link=&#8221;url:https%3A%2F%2Fsgu.unicentro.br%2Ffiles%2FIngressoxarquivos%2Fcnm_arquivo%2F12_03_2025_edital_80104f66cd6.pdf&#8221;][vc_separator css=&#8221;&#8221;][vc_btn title=&#8221;RESULTADO &#8211; VESTIBULAR EAD 2025&#8243; color=&#8221;violet&#8221; css=&#8221;&#8221; link=&#8221;url:https%3A%2F%2Fwww3.unicentro.br%2Fvestibular%2Fresultado-ead-2025%2F&#8221;][vc_separator css=&#8221;&#8221;][vc_btn title=&#8221;RELA\u00c7\u00c3O CANDIDATO\/VAGA &#8211; VESTIBULAR EAD 2025&#8243; color=&#8221;warning&#8221; css=&#8221;&#8221; link=&#8221;url:https%3A%2F%2Fwww3.unicentro.br%2Fvestibular%2Fwp-content%2Fuploads%2Fsites%2F30%2F2025%2F02%2FEAD_2025_Rela_o_candidato_vaga_67c20baa79d1f.pdf&#8221;][vc_separator css=&#8221;&#8221;][vc_btn title=&#8221;INSCREVA-SE NO VESTIBULAR EAD&#8221; color=&#8221;pink&#8221; css=&#8221;&#8221; link=&#8221;url:https%3A%2F%2Fvestibular.unicentro.br%2Fead2025%2F&#8221;][vc_separator css=&#8221;&#8221;][vc_btn title=&#8221;EDITAL N\u00ba1\/2025 &#8211; COORPS\/UNICENTRO &#8211; ABERTURA DAS INSCRI\u00c7\u00d5ES AO PROCESSO SELETIVO DIFERENCIADO PARA OS CURSOS DE GRADUA\u00c7\u00c3O NA MODALIDADE A DIST\u00c2NCIA, OFERTADOS PELA UNICENTRO&#8221; color=&#8221;success&#8221; css=&#8221;&#8221; link=&#8221;url:https%3A%2F%2Fwww3.unicentro.br%2Fvestibular%2Fwp-content%2Fuploads%2Fsites%2F30%2F2025%2F01%2FEdital_1_2025_COORPS_Processo_Seletivo_para_cursos_EAD_677c0fce28c83.pdf&#8221;][\/vc_column][vc_column][vc_column_text css=&#8221;&#8221;]<\/p>\n<h2 style=\"text-align: center\"><strong>Conhe\u00e7a o N\u00facleo de Educa\u00e7\u00e3o a Dist\u00e2ncia da Unicentro:<\/strong><\/h2>\n<p style=\"text-align: center\"><a href=\"https:\/\/ead.unicentro.br\"><img loading=\"lazy\" decoding=\"async\" class=\"aligncenter wp-image-483 size-full\" src=\"https:\/\/www3.unicentro.br\/vestibular\/wp-content\/uploads\/sites\/30\/2018\/12\/nead-img.jpg\" alt=\"Nead - Unicentro\" width=\"310\" height=\"211\" srcset=\"https:\/\/www3.unicentro.br\/vestibular\/wp-content\/uploads\/sites\/30\/2018\/12\/nead-img.jpg 310w, https:\/\/www3.unicentro.br\/vestibular\/wp-content\/uploads\/sites\/30\/2018\/12\/nead-img-300x204.jpg 300w, https:\/\/www3.unicentro.br\/vestibular\/wp-content\/uploads\/sites\/30\/2018\/12\/nead-img-255x174.jpg 255w\" sizes=\"auto, (max-width: 310px) 100vw, 310px\" \/><\/a><\/p>\n<p>[\/vc_column_text][\/vc_column][\/vc_row]<\/p>\n<\/div>","protected":false},"excerpt":{"rendered":"<p>[vc_row][vc_column offset=&#8221;vc_hidden-lg vc_hidden-md vc_hidden-sm&#8221;][vc_wp_custommenu title=&#8221;EaD&#8221; nav_menu=&#8221;49&#8243; el_class=&#8221;menu-mob&#8221;][\/vc_column][\/vc_row][vc_row][vc_column][vc_btn title=&#8221;INSCREVA-SE&#8221; style=&#8221;flat&#8221; shape=&#8221;square&#8221; align=&#8221;center&#8221; css=&#8221;&#8221; link=&#8221;url:https%3A%2F%2Fvestibular-ead.unicentro.br%2F&#8221; el_class=&#8221;botao-padrao&#8221;][vc_single_image image=&#8221;4705&#8243; img_size=&#8221;400&#215;400&#8243; alignment=&#8221;center&#8221; css=&#8221;&#8221;][vc_column_text css=&#8221;&#8221;] Processo Seletivo Diferenciado para o Curso Superior de TECNOLOGIA EM GEST\u00c3O P\u00daBLICA, modalidade a dist\u00e2ncia \u00a0 O Curso Superior de Tecnologia em Gest\u00e3o P\u00fablica tem como objetivos: I \u2013 a qualifica\u00e7\u00e3o de profissionais de n\u00edvel superior, [&hellip;]<\/p>\n","protected":false},"author":3,"featured_media":0,"parent":0,"menu_order":0,"comment_status":"closed","ping_status":"closed","template":"","meta":{"_exactmetrics_skip_tracking":false,"_exactmetrics_sitenote_active":false,"_exactmetrics_sitenote_note":"","_exactmetrics_sitenote_category":0,"footnotes":"","_links_to":"","_links_to_target":""},"class_list":["post-31","page","type-page","status-publish","hentry"],"publishpress_future_action":{"enabled":false,"date":"2026-04-13 07:35:57","action":"change-status","newStatus":"draft","terms":[],"taxonomy":"","extraData":[]},"publishpress_future_workflow_manual_trigger":{"enabledWorkflows":[]},"_links":{"self":[{"href":"https:\/\/www3.unicentro.br\/vestibular\/wp-json\/wp\/v2\/pages\/31","targetHints":{"allow":["GET"]}}],"collection":[{"href":"https:\/\/www3.unicentro.br\/vestibular\/wp-json\/wp\/v2\/pages"}],"about":[{"href":"https:\/\/www3.unicentro.br\/vestibular\/wp-json\/wp\/v2\/types\/page"}],"author":[{"embeddable":true,"href":"https:\/\/www3.unicentro.br\/vestibular\/wp-json\/wp\/v2\/users\/3"}],"replies":[{"embeddable":true,"href":"https:\/\/www3.unicentro.br\/vestibular\/wp-json\/wp\/v2\/comments?post=31"}],"version-history":[{"count":4,"href":"https:\/\/www3.unicentro.br\/vestibular\/wp-json\/wp\/v2\/pages\/31\/revisions"}],"predecessor-version":[{"id":4708,"href":"https:\/\/www3.unicentro.br\/vestibular\/wp-json\/wp\/v2\/pages\/31\/revisions\/4708"}],"wp:attachment":[{"href":"https:\/\/www3.unicentro.br\/vestibular\/wp-json\/wp\/v2\/media?parent=31"}],"curies":[{"name":"wp","href":"https:\/\/api.w.org\/{rel}","templated":true}]}}