{"id":2314,"date":"2022-11-11T13:29:33","date_gmt":"2022-11-11T16:29:33","guid":{"rendered":"https:\/\/www3.unicentro.br\/vestibular\/?page_id=2314"},"modified":"2023-01-26T16:19:51","modified_gmt":"2023-01-26T19:19:51","slug":"cronograma","status":"publish","type":"page","link":"https:\/\/www3.unicentro.br\/vestibular\/indigena\/cronograma\/","title":{"rendered":"Cronograma"},"content":{"rendered":"<div class=\"wpb-content-wrapper\"><p>[vc_row][vc_column][vc_column_text]<\/p>\n<p style=\"text-align: left\"><strong>XXII VESTIBULAR DOS POVOS IND\u00cdGENAS NO PARAN\u00c1<\/strong><\/p>\n<table width=\"612\" cellspacing=\"0\" cellpadding=\"1\">\n<tbody>\n<tr>\n<td width=\"435\" height=\"29\">\n<p align=\"center\"><span style=\"font-family: Arial, serif\"><span style=\"font-size: small\"><b>ATIVIDADE<\/b><\/span><\/span><\/p>\n<\/td>\n<td width=\"171\">\n<p align=\"center\"><span style=\"font-family: Arial, serif\"><span style=\"font-size: small\"><b>DATA<\/b><\/span><\/span><\/p>\n<\/td>\n<\/tr>\n<tr>\n<td width=\"435\" height=\"30\">\n<p lang=\"en-US\" align=\"justify\"><span style=\"font-family: Arial, serif\"><span style=\"font-size: small\">Per\u00edodo de inscri\u00e7\u00f5es<\/span><\/span><\/p>\n<\/td>\n<td width=\"171\">\n<p lang=\"en-US\" align=\"right\"><span style=\"font-family: Arial, serif\"><span style=\"font-size: small\">12\/12\/2022 a 13\/02\/2023<\/span><\/span><\/p>\n<\/td>\n<\/tr>\n<tr>\n<td width=\"435\" height=\"30\">\n<p lang=\"en-US\" align=\"justify\"><span style=\"font-family: Arial, serif\"><span style=\"font-size: small\">Per\u00edodo para solicita\u00e7\u00e3o de atendimento especial<\/span><\/span><\/p>\n<\/td>\n<td width=\"171\">\n<p lang=\"en-US\" align=\"right\"><span style=\"font-family: Arial, serif\"><span style=\"font-size: small\">At\u00e9 13\/02\/2023<\/span><\/span><\/p>\n<\/td>\n<\/tr>\n<tr>\n<td width=\"435\" height=\"39\">\n<p lang=\"en-US\" align=\"justify\"><span style=\"font-family: Arial, serif\"><span style=\"font-size: small\">Per\u00edodo para entrega dos documentos da inscri\u00e7\u00e3o nas universidades ou envio por correio<\/span><\/span><\/p>\n<\/td>\n<td width=\"171\">\n<p lang=\"en-US\" align=\"right\"><span style=\"font-family: Arial, serif\"><span style=\"font-size: small\">At\u00e9 13\/02\/2023<\/span><\/span><\/p>\n<\/td>\n<\/tr>\n<tr>\n<td width=\"435\" height=\"30\">\n<p lang=\"en-US\" align=\"justify\"><span style=\"font-family: Arial, serif\"><span style=\"font-size: small\">Publica\u00e7\u00e3o do Edital das inscri\u00e7\u00f5es homologadas<\/span><\/span><\/p>\n<\/td>\n<td width=\"171\">\n<p lang=\"en-US\" align=\"right\"><span style=\"font-family: Arial, serif\"><span style=\"font-size: small\">08\/03\/2023<\/span><\/span><\/p>\n<\/td>\n<\/tr>\n<tr>\n<td width=\"435\" height=\"30\">\n<p lang=\"en-US\" align=\"justify\"><span style=\"font-family: Arial, serif\"><span style=\"font-size: small\">Per\u00edodo de recursos contra a n\u00e3o homologa\u00e7\u00e3o das inscri\u00e7\u00f5es<\/span><\/span><\/p>\n<\/td>\n<td width=\"171\">\n<p lang=\"en-US\" align=\"right\"><span style=\"font-family: Arial, serif\"><span style=\"font-size: small\">09 a 13\/03\/2023<\/span><\/span><\/p>\n<\/td>\n<\/tr>\n<tr>\n<td width=\"435\" height=\"30\">\n<p lang=\"en-US\" align=\"justify\"><span style=\"font-family: Arial, serif\"><span style=\"font-size: small\">Homologa\u00e7\u00e3o Final das inscri\u00e7\u00f5es<\/span><\/span><\/p>\n<\/td>\n<td width=\"171\">\n<p lang=\"en-US\" align=\"right\"><span style=\"font-family: Arial, serif\"><span style=\"font-size: small\">15\/03\/2023<\/span><\/span><\/p>\n<\/td>\n<\/tr>\n<tr>\n<td width=\"435\" height=\"30\">\n<p lang=\"en-US\" align=\"justify\"><span style=\"font-family: Arial, serif\"><span style=\"font-size: small\">Ensalamento<\/span><\/span><\/p>\n<\/td>\n<td width=\"171\">\n<p lang=\"en-US\" align=\"right\"><span style=\"font-family: Arial, serif\"><span style=\"font-size: small\">24\/04\/2023<\/span><\/span><\/p>\n<\/td>\n<\/tr>\n<tr>\n<td width=\"435\" height=\"30\">\n<p lang=\"en-US\" align=\"justify\"><span style=\"font-family: Arial, serif\"><span style=\"font-size: small\">Realiza\u00e7\u00e3o da Prova \u2013 1\u00ba dia \u2013 Prova Oral<\/span><\/span><\/p>\n<\/td>\n<td width=\"171\">\n<p lang=\"en-US\" align=\"right\"><span style=\"font-family: Arial, serif\"><span style=\"font-size: small\"><b>07\/05\/2023<\/b><\/span><\/span><\/p>\n<\/td>\n<\/tr>\n<tr>\n<td width=\"435\" height=\"30\">\n<p lang=\"en-US\" align=\"justify\"><span style=\"font-family: Arial, serif\"><span style=\"font-size: small\">Realiza\u00e7\u00e3o da Prova \u2013 2\u00ba dia \u2013 Prova Objetiva e Reda\u00e7\u00e3o<\/span><\/span><\/p>\n<\/td>\n<td width=\"171\">\n<p lang=\"en-US\" align=\"right\"><span style=\"font-family: Arial, serif\"><span style=\"font-size: small\"><b>08\/05\/2023<\/b><\/span><\/span><\/p>\n<\/td>\n<\/tr>\n<tr>\n<td width=\"435\" height=\"30\">\n<p lang=\"en-US\" align=\"justify\"><span style=\"font-family: Arial, serif\"><span style=\"font-size: small\">Divulga\u00e7\u00e3o do Gabarito da Prova Objetiva<\/span><\/span><\/p>\n<\/td>\n<td width=\"171\">\n<p lang=\"en-US\" align=\"right\"><span style=\"font-family: Arial, serif\"><span style=\"font-size: small\">09\/05\/2023<\/span><\/span><\/p>\n<\/td>\n<\/tr>\n<tr>\n<td width=\"435\" height=\"30\">\n<p lang=\"en-US\" align=\"justify\"><span style=\"font-family: Arial, serif\"><span style=\"font-size: small\">Per\u00edodo de interposi\u00e7\u00e3o de recursos contra o gabarito da prova objetiva<\/span><\/span><\/p>\n<\/td>\n<td width=\"171\">\n<p lang=\"en-US\" align=\"right\"><span style=\"font-family: Arial, serif\"><span style=\"font-size: small\">09 a 11\/05\/2023<\/span><\/span><\/p>\n<\/td>\n<\/tr>\n<tr>\n<td width=\"435\" height=\"29\">\n<p lang=\"en-US\" align=\"justify\"><span style=\"font-family: Arial, serif\"><span style=\"font-size: small\">Divulga\u00e7\u00e3o dos candidatos aprovados<\/span><\/span><\/p>\n<\/td>\n<td width=\"171\">\n<p lang=\"en-US\" align=\"right\"><span style=\"font-family: Arial, serif\"><span style=\"font-size: small\"><b>31\/05\/2023<\/b><\/span><\/span><\/p>\n<\/td>\n<\/tr>\n<\/tbody>\n<\/table>\n<p>[\/vc_column_text][\/vc_column][\/vc_row]<\/p>\n<\/div>","protected":false},"excerpt":{"rendered":"<p>[vc_row][vc_column][vc_column_text] XXII VESTIBULAR DOS POVOS IND\u00cdGENAS NO PARAN\u00c1 ATIVIDADE DATA Per\u00edodo de inscri\u00e7\u00f5es 12\/12\/2022 a 13\/02\/2023 Per\u00edodo para solicita\u00e7\u00e3o de atendimento especial At\u00e9 13\/02\/2023 Per\u00edodo para entrega dos documentos da inscri\u00e7\u00e3o nas universidades ou envio por correio At\u00e9 13\/02\/2023 Publica\u00e7\u00e3o do Edital das inscri\u00e7\u00f5es homologadas 08\/03\/2023 Per\u00edodo de recursos contra a n\u00e3o homologa\u00e7\u00e3o das inscri\u00e7\u00f5es [&hellip;]<\/p>\n","protected":false},"author":6,"featured_media":0,"parent":33,"menu_order":0,"comment_status":"closed","ping_status":"closed","template":"","meta":{"_exactmetrics_skip_tracking":false,"_exactmetrics_sitenote_active":false,"_exactmetrics_sitenote_note":"","_exactmetrics_sitenote_category":0,"footnotes":"","_links_to":"","_links_to_target":""},"class_list":["post-2314","page","type-page","status-publish","hentry"],"publishpress_future_action":{"enabled":false,"date":"2026-04-13 18:29:49","action":"change-status","newStatus":"draft","terms":[],"taxonomy":"","extraData":[]},"publishpress_future_workflow_manual_trigger":{"enabledWorkflows":[]},"_links":{"self":[{"href":"https:\/\/www3.unicentro.br\/vestibular\/wp-json\/wp\/v2\/pages\/2314","targetHints":{"allow":["GET"]}}],"collection":[{"href":"https:\/\/www3.unicentro.br\/vestibular\/wp-json\/wp\/v2\/pages"}],"about":[{"href":"https:\/\/www3.unicentro.br\/vestibular\/wp-json\/wp\/v2\/types\/page"}],"author":[{"embeddable":true,"href":"https:\/\/www3.unicentro.br\/vestibular\/wp-json\/wp\/v2\/users\/6"}],"replies":[{"embeddable":true,"href":"https:\/\/www3.unicentro.br\/vestibular\/wp-json\/wp\/v2\/comments?post=2314"}],"version-history":[{"count":0,"href":"https:\/\/www3.unicentro.br\/vestibular\/wp-json\/wp\/v2\/pages\/2314\/revisions"}],"up":[{"embeddable":true,"href":"https:\/\/www3.unicentro.br\/vestibular\/wp-json\/wp\/v2\/pages\/33"}],"wp:attachment":[{"href":"https:\/\/www3.unicentro.br\/vestibular\/wp-json\/wp\/v2\/media?parent=2314"}],"curies":[{"name":"wp","href":"https:\/\/api.w.org\/{rel}","templated":true}]}}