{"id":171,"date":"2018-05-29T11:08:09","date_gmt":"2018-05-29T14:08:09","guid":{"rendered":"https:\/\/www3.unicentro.br\/vestibular\/?page_id=171"},"modified":"2021-11-12T16:04:22","modified_gmt":"2021-11-12T19:04:22","slug":"faq","status":"publish","type":"page","link":"https:\/\/www3.unicentro.br\/vestibular\/pac\/faq\/","title":{"rendered":"D\u00favidas frequentes"},"content":{"rendered":"<div class=\"wpb-content-wrapper\"><p>[vc_row][vc_column][vc_toggle title=&#8221;O que \u00e9 o PAC\/Unicentro?&#8221; style=&#8221;square_outline&#8221; color=&#8221;pink&#8221; size=&#8221;sm&#8221; custom_font_container=&#8221;tag:h4|font_size:1.2em|text_align:left&#8221; custom_use_theme_fonts=&#8221;yes&#8221; use_custom_heading=&#8221;true&#8221; css=&#8221;.vc_custom_1527602697614{border-top-width: 1px !important;border-right-width: 1px !important;border-bottom-width: 1px !important;border-left-width: 1px !important;padding-top: 8px !important;padding-right: 25px !important;padding-bottom: 8px !important;padding-left: 25px !important;border-left-color: #d6d6d6 !important;border-left-style: dotted !important;border-right-color: #d6d6d6 !important;border-right-style: dotted !important;border-top-color: #d6d6d6 !important;border-top-style: dotted !important;border-bottom-color: #d6d6d6 !important;border-bottom-style: dotted !important;}&#8221;]O Programa de Avalia\u00e7\u00e3o Continuada \u2013 PAC, \u00e9 uma modalidade de sele\u00e7\u00e3o alternativa ao concurso vestibular, para ingresso nos cursos superiores de gradua\u00e7\u00e3o da Unicentro.[\/vc_toggle][vc_toggle title=&#8221;Quais os objetivos da universidade ao implantar o PAC?&#8221; style=&#8221;square_outline&#8221; color=&#8221;pink&#8221; size=&#8221;sm&#8221; custom_font_container=&#8221;tag:h4|font_size:1.2em|text_align:left&#8221; custom_use_theme_fonts=&#8221;yes&#8221; use_custom_heading=&#8221;true&#8221; css=&#8221;.vc_custom_1527602729576{border-top-width: 1px !important;border-right-width: 1px !important;border-bottom-width: 1px !important;border-left-width: 1px !important;padding-top: 8px !important;padding-right: 25px !important;padding-bottom: 8px !important;padding-left: 25px !important;border-left-color: #d6d6d6 !important;border-left-style: dotted !important;border-right-color: #d6d6d6 !important;border-right-style: dotted !important;border-top-color: #d6d6d6 !important;border-top-style: dotted !important;border-bottom-color: #d6d6d6 !important;border-bottom-style: dotted !important;}&#8221;]O objetivo da Unicentro \u00e9 orientar, selecionar e classificar alunos-candidatos oriundos das\u00a0escolas participantes do PAC, por meio dos desempenhos obtidos nas provas realizadas nas tr\u00eas\u00a0s\u00e9ries do Ensino M\u00e9dio, bem como, contribuir para a melhoria do ensino nas escolas e ampliar a\u00a0oferta de vagas, dos cursos de gradua\u00e7\u00e3o da universidade, aos alunos da regi\u00e3o.[\/vc_toggle][vc_toggle title=&#8221;Como funciona o PAC?&#8221; style=&#8221;square_outline&#8221; color=&#8221;pink&#8221; size=&#8221;sm&#8221; custom_font_container=&#8221;tag:h4|font_size:1.2em|text_align:left&#8221; custom_use_theme_fonts=&#8221;yes&#8221; use_custom_heading=&#8221;true&#8221; css=&#8221;.vc_custom_1527602751256{border-top-width: 1px !important;border-right-width: 1px !important;border-bottom-width: 1px !important;border-left-width: 1px !important;padding-top: 8px !important;padding-right: 25px !important;padding-bottom: 8px !important;padding-left: 25px !important;border-left-color: #d6d6d6 !important;border-left-style: dotted !important;border-right-color: #d6d6d6 !important;border-right-style: dotted !important;border-top-color: #d6d6d6 !important;border-top-style: dotted !important;border-bottom-color: #d6d6d6 !important;border-bottom-style: dotted !important;}&#8221;]O PAC avalia o desempenho dos candidatos ao ensino superior de gradua\u00e7\u00e3o na UNICENTRO, a\u00a0partir do seu aproveitamento em cada uma das s\u00e9ries do Ensino M\u00e9dio e se divide em tr\u00eas fases:<\/p>\n<ul>\n<li>PAC I \u2013 prova em que s\u00e3o avaliados os conhecimentos relativos ao ensino ministrado na 1\u00aa s\u00e9rie\u00a0do Ensino M\u00e9dio.<\/li>\n<li>PAC II- prova em que s\u00e3o avaliados os conhecimentos relativos ao ensino ministrado na 2\u00aa s\u00e9rie\u00a0do Ensino M\u00e9dio.<\/li>\n<li>PAC III \u2013 prova em que s\u00e3o avaliados os conhecimentos relativos ao ensino ministrado na 3\u00aa s\u00e9rie\u00a0do Ensino M\u00e9dio.<\/li>\n<\/ul>\n<p>[\/vc_toggle][vc_toggle title=&#8221;Como \u00e9 realizado o PAC III para os cursos de n\u00edvel Ensino M\u00e9dio com quatro anos de dura\u00e7\u00e3o?&#8221; style=&#8221;square_outline&#8221; color=&#8221;pink&#8221; size=&#8221;sm&#8221; custom_font_container=&#8221;tag:h4|font_size:1.2em|text_align:left&#8221; custom_use_theme_fonts=&#8221;yes&#8221; use_custom_heading=&#8221;true&#8221; css=&#8221;.vc_custom_1527602773116{border-top-width: 1px !important;border-right-width: 1px !important;border-bottom-width: 1px !important;border-left-width: 1px !important;padding-top: 8px !important;padding-right: 25px !important;padding-bottom: 8px !important;padding-left: 25px !important;border-left-color: #d6d6d6 !important;border-left-style: dotted !important;border-right-color: #d6d6d6 !important;border-right-style: dotted !important;border-top-color: #d6d6d6 !important;border-top-style: dotted !important;border-bottom-color: #d6d6d6 !important;border-bottom-style: dotted !important;}&#8221;]A realiza\u00e7\u00e3o da prova do PAC III \u00e9 obrigat\u00f3ria na quarta s\u00e9rie dos cursos com dura\u00e7\u00e3o de quatro\u00a0anos, pois nesse caso, o terceiro ano n\u00e3o \u00e9 considerado como o \u00faltimo do Ensino M\u00e9dio.[\/vc_toggle][vc_toggle title=&#8221;Quem pode participar do PAC?&#8221; style=&#8221;square_outline&#8221; color=&#8221;pink&#8221; size=&#8221;sm&#8221; custom_font_container=&#8221;tag:h4|font_size:1.2em|text_align:left&#8221; custom_use_theme_fonts=&#8221;yes&#8221; use_custom_heading=&#8221;true&#8221; css=&#8221;.vc_custom_1527602805734{border-top-width: 1px !important;border-right-width: 1px !important;border-bottom-width: 1px !important;border-left-width: 1px !important;padding-top: 8px !important;padding-right: 25px !important;padding-bottom: 8px !important;padding-left: 25px !important;border-left-color: #d6d6d6 !important;border-left-style: dotted !important;border-right-color: #d6d6d6 !important;border-right-style: dotted !important;border-top-color: #d6d6d6 !important;border-top-style: dotted !important;border-bottom-color: #d6d6d6 !important;border-bottom-style: dotted !important;}&#8221;]Os alunos do Ensino M\u00e9dio matriculados na rede oficial de ensino que, dentro do calend\u00e1rio\u00a0estabelecido pela Coorps (Coordenadoria de Processos Seletivos), procederem a inscri\u00e7\u00e3o espec\u00edfica.[\/vc_toggle][vc_toggle title=&#8221;Como o aluno realiza a inscri\u00e7\u00e3o?&#8221; style=&#8221;square_outline&#8221; color=&#8221;pink&#8221; size=&#8221;sm&#8221; custom_font_container=&#8221;tag:h4|font_size:1.2em|text_align:left&#8221; custom_use_theme_fonts=&#8221;yes&#8221; use_custom_heading=&#8221;true&#8221; css=&#8221;.vc_custom_1527602837143{border-top-width: 1px !important;border-right-width: 1px !important;border-bottom-width: 1px !important;border-left-width: 1px !important;padding-top: 8px !important;padding-right: 25px !important;padding-bottom: 8px !important;padding-left: 25px !important;border-left-color: #d6d6d6 !important;border-left-style: dotted !important;border-right-color: #d6d6d6 !important;border-right-style: dotted !important;border-top-color: #d6d6d6 !important;border-top-style: dotted !important;border-bottom-color: #d6d6d6 !important;border-bottom-style: dotted !important;}&#8221;]Dentro do calend\u00e1rio estabelecido pela Coorps (Coordenadoria de Processos Seletivos), o candidato preenche, on-line, a inscri\u00e7\u00e3o pelo\u00a0endere\u00e7o eletr\u00f4nico www.unicentro.br\/pac e, na sequ\u00eancia, imprime o requerimento de inscri\u00e7\u00e3o e\u00a0o boleto banc\u00e1rio para pagamento do valor da inscri\u00e7\u00e3o.<\/p>\n<div class=\"sfsi_Sicons\"><\/div>\n<p>[\/vc_toggle][vc_toggle title=&#8221;Quais os conte\u00fados abordados nas provas do PAC?&#8221; style=&#8221;square_outline&#8221; color=&#8221;pink&#8221; size=&#8221;sm&#8221; custom_font_container=&#8221;tag:h4|font_size:1.2em|text_align:left&#8221; custom_use_theme_fonts=&#8221;yes&#8221; use_custom_heading=&#8221;true&#8221; css=&#8221;.vc_custom_1527602857891{border-top-width: 1px !important;border-right-width: 1px !important;border-bottom-width: 1px !important;border-left-width: 1px !important;padding-top: 8px !important;padding-right: 25px !important;padding-bottom: 8px !important;padding-left: 25px !important;border-left-color: #d6d6d6 !important;border-left-style: dotted !important;border-right-color: #d6d6d6 !important;border-right-style: dotted !important;border-top-color: #d6d6d6 !important;border-top-style: dotted !important;border-bottom-color: #d6d6d6 !important;border-bottom-style: dotted !important;}&#8221;]O PAC incide sobre os conte\u00fados de cada uma das s\u00e9ries do Ensino M\u00e9dio, em conformidade\u00a0com o estabelecido pelos Par\u00e2metros Curriculares Nacionais e Estaduais, mediante a aplica\u00e7\u00e3o\u00a0de provas anuais, que avaliam as compet\u00eancias e habilidades adquiridas pelo aluno, em cada\u00a0uma das s\u00e9ries do Ensino M\u00e9dio.<\/p>\n<div class=\"sfsi_Sicons\"><\/div>\n<p>[\/vc_toggle][vc_toggle title=&#8221;Como s\u00e3o as provas do PAC?&#8221; style=&#8221;square_outline&#8221; color=&#8221;pink&#8221; size=&#8221;sm&#8221; custom_font_container=&#8221;tag:h4|font_size:1.2em|text_align:left&#8221; custom_use_theme_fonts=&#8221;yes&#8221; use_custom_heading=&#8221;true&#8221; css=&#8221;.vc_custom_1527602883056{border-top-width: 1px !important;border-right-width: 1px !important;border-bottom-width: 1px !important;border-left-width: 1px !important;padding-top: 8px !important;padding-right: 25px !important;padding-bottom: 8px !important;padding-left: 25px !important;border-left-color: #d6d6d6 !important;border-left-style: dotted !important;border-right-color: #d6d6d6 !important;border-right-style: dotted !important;border-top-color: #d6d6d6 !important;border-top-style: dotted !important;border-bottom-color: #d6d6d6 !important;border-bottom-style: dotted !important;}&#8221;]As provas do PAC s\u00e3o constitu\u00eddas por uma Reda\u00e7\u00e3o e cinquenta quest\u00f5es objetivas, abrangendo\u00a0as seguintes disciplinas do Ensino M\u00e9dio: Arte, Biologia, Educa\u00e7\u00e3o F\u00edsica, Filosofia, F\u00edsica,\u00a0Geografia, Hist\u00f3ria, L\u00edngua Estrangeira Moderna (Ingl\u00eas ou Espanhol), L\u00edngua Portuguesa,\u00a0Matem\u00e1tica, Qu\u00edmica e Sociologia, com valor de 1,6 pontos por quest\u00e3o.\u00a0As disciplinas de Arte, Filosofia e Sociologia somente ser\u00e3o cobradas no PAC III.<\/p>\n<div class=\"sfsi_Sicons\"><\/div>\n<p>[\/vc_toggle][vc_toggle title=&#8221;Como \u00e9 a op\u00e7\u00e3o pela L\u00edngua Estrangeira?&#8221; style=&#8221;square_outline&#8221; color=&#8221;pink&#8221; size=&#8221;sm&#8221; custom_font_container=&#8221;tag:h4|font_size:1.2em|text_align:left&#8221; custom_use_theme_fonts=&#8221;yes&#8221; use_custom_heading=&#8221;true&#8221; css=&#8221;.vc_custom_1527602902981{border-top-width: 1px !important;border-right-width: 1px !important;border-bottom-width: 1px !important;border-left-width: 1px !important;padding-top: 8px !important;padding-right: 25px !important;padding-bottom: 8px !important;padding-left: 25px !important;border-left-color: #d6d6d6 !important;border-left-style: dotted !important;border-right-color: #d6d6d6 !important;border-right-style: dotted !important;border-top-color: #d6d6d6 !important;border-top-style: dotted !important;border-bottom-color: #d6d6d6 !important;border-bottom-style: dotted !important;}&#8221;]\u00c9 feita no PAC I e deve ser mantida nas tr\u00eas etapas do programa.<\/p>\n<div class=\"sfsi_Sicons\"><\/div>\n<p>[\/vc_toggle][vc_toggle title=&#8221;Quando fazer a op\u00e7\u00e3o pelo curso?&#8221; style=&#8221;square_outline&#8221; color=&#8221;pink&#8221; size=&#8221;sm&#8221; custom_font_container=&#8221;tag:h4|font_size:1.2em|text_align:left&#8221; custom_use_theme_fonts=&#8221;yes&#8221; use_custom_heading=&#8221;true&#8221; css=&#8221;.vc_custom_1527602920994{border-top-width: 1px !important;border-right-width: 1px !important;border-bottom-width: 1px !important;border-left-width: 1px !important;padding-top: 8px !important;padding-right: 25px !important;padding-bottom: 8px !important;padding-left: 25px !important;border-left-color: #d6d6d6 !important;border-left-style: dotted !important;border-right-color: #d6d6d6 !important;border-right-style: dotted !important;border-top-color: #d6d6d6 !important;border-top-style: dotted !important;border-bottom-color: #d6d6d6 !important;border-bottom-style: dotted !important;}&#8221;]A op\u00e7\u00e3o pelo curso s\u00f3 \u00e9 efetuada \u00a0por ocasi\u00e3o da inscri\u00e7\u00e3o na prova do PAC III.<\/p>\n<div class=\"sfsi_Sicons\"><\/div>\n<p>[\/vc_toggle][vc_toggle title=&#8221;Quando s\u00e3o realizadas as provas do PAC?&#8221; style=&#8221;square_outline&#8221; color=&#8221;pink&#8221; size=&#8221;sm&#8221; custom_font_container=&#8221;tag:h4|font_size:1.2em|text_align:left&#8221; custom_use_theme_fonts=&#8221;yes&#8221; use_custom_heading=&#8221;true&#8221; css=&#8221;.vc_custom_1527602946871{border-top-width: 1px !important;border-right-width: 1px !important;border-bottom-width: 1px !important;border-left-width: 1px !important;padding-top: 8px !important;padding-right: 25px !important;padding-bottom: 8px !important;padding-left: 25px !important;border-left-color: #d6d6d6 !important;border-left-style: dotted !important;border-right-color: #d6d6d6 !important;border-right-style: dotted !important;border-top-color: #d6d6d6 !important;border-top-style: dotted !important;border-bottom-color: #d6d6d6 !important;border-bottom-style: dotted !important;}&#8221;]As provas s\u00e3o realizadas anualmente, num \u00fanico turno e em um per\u00edodo de quatro horas.<\/p>\n<div class=\"sfsi_Sicons\"><\/div>\n<p>[\/vc_toggle][vc_toggle title=&#8221;Quais os locais de provas?&#8221; style=&#8221;square_outline&#8221; color=&#8221;pink&#8221; size=&#8221;sm&#8221; custom_font_container=&#8221;tag:h4|font_size:1.2em|text_align:left&#8221; custom_use_theme_fonts=&#8221;yes&#8221; use_custom_heading=&#8221;true&#8221; css=&#8221;.vc_custom_1527602970228{border-top-width: 1px !important;border-right-width: 1px !important;border-bottom-width: 1px !important;border-left-width: 1px !important;padding-top: 8px !important;padding-right: 25px !important;padding-bottom: 8px !important;padding-left: 25px !important;border-left-color: #d6d6d6 !important;border-left-style: dotted !important;border-right-color: #d6d6d6 !important;border-right-style: dotted !important;border-top-color: #d6d6d6 !important;border-top-style: dotted !important;border-bottom-color: #d6d6d6 !important;border-bottom-style: dotted !important;}&#8221;]As provas s\u00e3o realizadas nas cidades em que a Unicentro possui campus ou extens\u00e3o.[\/vc_toggle][vc_toggle title=&#8221;Quantas vagas ser\u00e3o destinadas ao PAC?&#8221; style=&#8221;square_outline&#8221; color=&#8221;pink&#8221; size=&#8221;sm&#8221; custom_font_container=&#8221;tag:h4|font_size:1.2em|text_align:left&#8221; custom_use_theme_fonts=&#8221;yes&#8221; use_custom_heading=&#8221;true&#8221; css=&#8221;.vc_custom_1527602997116{border-top-width: 1px !important;border-right-width: 1px !important;border-bottom-width: 1px !important;border-left-width: 1px !important;padding-top: 8px !important;padding-right: 25px !important;padding-bottom: 8px !important;padding-left: 25px !important;border-left-color: #d6d6d6 !important;border-left-style: dotted !important;border-right-color: #d6d6d6 !important;border-right-style: dotted !important;border-top-color: #d6d6d6 !important;border-top-style: dotted !important;border-bottom-color: #d6d6d6 !important;border-bottom-style: dotted !important;}&#8221;]O n\u00famero de vagas ofertadas pelo PAC ser\u00e1 de\u00a0dez\u00a0por cento do total das vagas anuais de cada\u00a0curso, turno e local de oferta pela Unicentro.<\/p>\n<div class=\"sfsi_Sicons\"><\/div>\n<p>[\/vc_toggle][vc_toggle title=&#8221;Como proceder em caso de reprova\u00e7\u00e3o na s\u00e9rie regular do Ensino M\u00e9dio?&#8221; style=&#8221;square_outline&#8221; color=&#8221;pink&#8221; size=&#8221;sm&#8221; custom_font_container=&#8221;tag:h4|font_size:1.2em|text_align:left&#8221; custom_use_theme_fonts=&#8221;yes&#8221; use_custom_heading=&#8221;true&#8221; css=&#8221;.vc_custom_1527603108476{border-top-width: 1px !important;border-right-width: 1px !important;border-bottom-width: 1px !important;border-left-width: 1px !important;padding-top: 8px !important;padding-right: 25px !important;padding-bottom: 8px !important;padding-left: 25px !important;border-left-color: #d6d6d6 !important;border-left-style: dotted !important;border-right-color: #d6d6d6 !important;border-right-style: dotted !important;border-top-color: #d6d6d6 !important;border-top-style: dotted !important;border-bottom-color: #d6d6d6 !important;border-bottom-style: dotted !important;}&#8221;]Em caso de reprova\u00e7\u00e3o, o candidato pode optar por manter a nota obtida na prova referente \u00e0\u00a0s\u00e9rie cursada, ou por refazer a prova no ano seguinte, solicitando, via protocolo, \u00e0 Coorps (Coordenadoria de Processos Seletivos), no\u00a0primeiro m\u00eas do ano letivo seguinte ao de sua participa\u00e7\u00e3o, a manuten\u00e7\u00e3o, por um ano, de sua\u00a0nota no banco de dados, ou o cancelamento de sua inscri\u00e7\u00e3o naquela etapa, devendo fazer, para\u00a0a mesma prova, nova inscri\u00e7\u00e3o ao PAC.<\/p>\n<div class=\"sfsi_Sicons\"><\/div>\n<p>[\/vc_toggle][vc_toggle title=&#8221;Como proceder em caso de interrup\u00e7\u00e3o de estudos?&#8221; style=&#8221;square_outline&#8221; color=&#8221;pink&#8221; size=&#8221;sm&#8221; custom_font_container=&#8221;tag:h4|font_size:1.2em|text_align:left&#8221; custom_use_theme_fonts=&#8221;yes&#8221; use_custom_heading=&#8221;true&#8221; css=&#8221;.vc_custom_1527603097889{border-top-width: 1px !important;border-right-width: 1px !important;border-bottom-width: 1px !important;border-left-width: 1px !important;padding-top: 8px !important;padding-right: 25px !important;padding-bottom: 8px !important;padding-left: 25px !important;border-left-color: #d6d6d6 !important;border-left-style: dotted !important;border-right-color: #d6d6d6 !important;border-right-style: dotted !important;border-top-color: #d6d6d6 !important;border-top-style: dotted !important;border-bottom-color: #d6d6d6 !important;border-bottom-style: dotted !important;}&#8221;]Em caso de interrup\u00e7\u00e3o de estudos, por no m\u00e1ximo um ano letivo, o aluno protocoliza solicita\u00e7\u00e3o, no primeiro m\u00eas do ano letivo seguinte ao de sua participa\u00e7\u00e3o, para que a pontua\u00e7\u00e3o j\u00e1 obtida fique arquivada no banco de dados da Coorps (Coordenadoria de Processos Seletivos), pelo prazo de um ano, para complementa\u00e7\u00e3o do PAC, quando da continuidade de seus estudos na s\u00e9rie subsequente.<\/p>\n<div class=\"sfsi_Sicons\"><\/div>\n<p>[\/vc_toggle][vc_toggle title=&#8221;Quando o aluno \u00e9 exclu\u00eddo do PAC?&#8221; style=&#8221;square_outline&#8221; color=&#8221;pink&#8221; size=&#8221;sm&#8221; custom_font_container=&#8221;tag:h4|font_size:1.2em|text_align:left&#8221; custom_use_theme_fonts=&#8221;yes&#8221; use_custom_heading=&#8221;true&#8221; css=&#8221;.vc_custom_1527603086426{border-top-width: 1px !important;border-right-width: 1px !important;border-bottom-width: 1px !important;border-left-width: 1px !important;padding-top: 8px !important;padding-right: 25px !important;padding-bottom: 8px !important;padding-left: 25px !important;border-left-color: #d6d6d6 !important;border-left-style: dotted !important;border-right-color: #d6d6d6 !important;border-right-style: dotted !important;border-top-color: #d6d6d6 !important;border-top-style: dotted !important;border-bottom-color: #d6d6d6 !important;border-bottom-style: dotted !important;}&#8221;]A exclus\u00e3o do programa acontece:<\/p>\n<ul>\n<li>ap\u00f3s a decorr\u00eancia do prazo da interrup\u00e7\u00e3o de estudos;<\/li>\n<li>quando o aluno tem mais de uma reprova\u00e7\u00e3o nas s\u00e9ries durante as tr\u00eas etapas do\u00a0programa;<\/li>\n<li>quando o candidato deixar de comparecer \u00e0s provas.<\/li>\n<li>quando o candidato obtiver nota zero na prova de reda\u00e7\u00e3o, da terceira etapa do PAC.<\/li>\n<\/ul>\n<div class=\"sfsi_Sicons\"><\/div>\n<p>[\/vc_toggle][vc_toggle title=&#8221;Como ser\u00e1 a pontua\u00e7\u00e3o final do candidato ao PAC\/Unicentro?&#8221; style=&#8221;square_outline&#8221; color=&#8221;pink&#8221; size=&#8221;sm&#8221; custom_font_container=&#8221;tag:h4|font_size:1.2em|text_align:left&#8221; custom_use_theme_fonts=&#8221;yes&#8221; use_custom_heading=&#8221;true&#8221; css=&#8221;.vc_custom_1527603135410{border-top-width: 1px !important;border-right-width: 1px !important;border-bottom-width: 1px !important;border-left-width: 1px !important;padding-top: 8px !important;padding-right: 25px !important;padding-bottom: 8px !important;padding-left: 25px !important;border-left-color: #d6d6d6 !important;border-left-style: dotted !important;border-right-color: #d6d6d6 !important;border-right-style: dotted !important;border-top-color: #d6d6d6 !important;border-top-style: dotted !important;border-bottom-color: #d6d6d6 !important;border-bottom-style: dotted !important;}&#8221;]A pontua\u00e7\u00e3o final do candidato ser\u00e1 a m\u00e9dia obtida pela soma das notas de cada uma das tr\u00eas etapas. Os candidatos s\u00e3o classificados pela ordem decrescente, de conformidade com o somat\u00f3rio das provas do PAC I, PAC II e PAC III.[\/vc_toggle][vc_toggle title=&#8221;Quais os benef\u00edcios que o programa trar\u00e1 para os alunos?&#8221; style=&#8221;square_outline&#8221; color=&#8221;pink&#8221; size=&#8221;sm&#8221; custom_font_container=&#8221;tag:h4|font_size:1.2em|text_align:left&#8221; custom_use_theme_fonts=&#8221;yes&#8221; use_custom_heading=&#8221;true&#8221; css=&#8221;.vc_custom_1527603218070{border-top-width: 1px !important;border-right-width: 1px !important;border-bottom-width: 1px !important;border-left-width: 1px !important;padding-top: 8px !important;padding-right: 25px !important;padding-bottom: 8px !important;padding-left: 25px !important;border-left-color: #d6d6d6 !important;border-left-style: dotted !important;border-right-color: #d6d6d6 !important;border-right-style: dotted !important;border-top-color: #d6d6d6 !important;border-top-style: dotted !important;border-bottom-color: #d6d6d6 !important;border-bottom-style: dotted !important;}&#8221;]Por meio de um programa que avalie continuamente, \u00e9 poss\u00edvel verificar o progresso do aluno ao longo do Ensino M\u00e9dio, evitando que o seu desempenho seja influenciado por uma situa\u00e7\u00e3o moment\u00e2nea, muitas vezes, determinada por fatores emocionais, como ocorre no vestibular. O aluno pode, tamb\u00e9m, superar suas defici\u00eancias a cada ano e tra\u00e7ar estrat\u00e9gias com mais liberdade.[\/vc_toggle][vc_toggle title=&#8221;O aluno, mesmo participando do PAC, poder\u00e1 se inscrever nos concursos vestibulares?&#8221; style=&#8221;square_outline&#8221; color=&#8221;pink&#8221; size=&#8221;sm&#8221; custom_font_container=&#8221;tag:h4|font_size:1.2em|text_align:left&#8221; custom_use_theme_fonts=&#8221;yes&#8221; use_custom_heading=&#8221;true&#8221; css=&#8221;.vc_custom_1527603179795{border-top-width: 1px !important;border-right-width: 1px !important;border-bottom-width: 1px !important;border-left-width: 1px !important;padding-top: 8px !important;padding-right: 25px !important;padding-bottom: 8px !important;padding-left: 25px !important;border-left-color: #d6d6d6 !important;border-left-style: dotted !important;border-right-color: #d6d6d6 !important;border-right-style: dotted !important;border-top-color: #d6d6d6 !important;border-top-style: dotted !important;border-bottom-color: #d6d6d6 !important;border-bottom-style: dotted !important;}&#8221;]Sim, pois os processos acontecem separadamente.[\/vc_toggle][\/vc_column][\/vc_row]<\/p>\n<\/div>","protected":false},"excerpt":{"rendered":"<p>[vc_row][vc_column][vc_toggle title=&#8221;O que \u00e9 o PAC\/Unicentro?&#8221; style=&#8221;square_outline&#8221; color=&#8221;pink&#8221; size=&#8221;sm&#8221; custom_font_container=&#8221;tag:h4|font_size:1.2em|text_align:left&#8221; custom_use_theme_fonts=&#8221;yes&#8221; use_custom_heading=&#8221;true&#8221; css=&#8221;.vc_custom_1527602697614{border-top-width: 1px !important;border-right-width: 1px !important;border-bottom-width: 1px !important;border-left-width: 1px !important;padding-top: 8px !important;padding-right: 25px !important;padding-bottom: 8px !important;padding-left: 25px !important;border-left-color: #d6d6d6 !important;border-left-style: dotted !important;border-right-color: #d6d6d6 !important;border-right-style: dotted !important;border-top-color: #d6d6d6 !important;border-top-style: dotted !important;border-bottom-color: #d6d6d6 !important;border-bottom-style: dotted !important;}&#8221;]O Programa de Avalia\u00e7\u00e3o Continuada \u2013 PAC, \u00e9 uma modalidade de [&hellip;]<\/p>\n","protected":false},"author":3,"featured_media":0,"parent":1408,"menu_order":0,"comment_status":"closed","ping_status":"closed","template":"","meta":{"_exactmetrics_skip_tracking":false,"_exactmetrics_sitenote_active":false,"_exactmetrics_sitenote_note":"","_exactmetrics_sitenote_category":0,"footnotes":"","_links_to":"","_links_to_target":""},"class_list":["post-171","page","type-page","status-publish","hentry"],"publishpress_future_action":{"enabled":false,"date":"2026-04-24 11:35:53","action":"change-status","newStatus":"draft","terms":[],"taxonomy":"","extraData":[]},"publishpress_future_workflow_manual_trigger":{"enabledWorkflows":[]},"_links":{"self":[{"href":"https:\/\/www3.unicentro.br\/vestibular\/wp-json\/wp\/v2\/pages\/171","targetHints":{"allow":["GET"]}}],"collection":[{"href":"https:\/\/www3.unicentro.br\/vestibular\/wp-json\/wp\/v2\/pages"}],"about":[{"href":"https:\/\/www3.unicentro.br\/vestibular\/wp-json\/wp\/v2\/types\/page"}],"author":[{"embeddable":true,"href":"https:\/\/www3.unicentro.br\/vestibular\/wp-json\/wp\/v2\/users\/3"}],"replies":[{"embeddable":true,"href":"https:\/\/www3.unicentro.br\/vestibular\/wp-json\/wp\/v2\/comments?post=171"}],"version-history":[{"count":0,"href":"https:\/\/www3.unicentro.br\/vestibular\/wp-json\/wp\/v2\/pages\/171\/revisions"}],"up":[{"embeddable":true,"href":"https:\/\/www3.unicentro.br\/vestibular\/wp-json\/wp\/v2\/pages\/1408"}],"wp:attachment":[{"href":"https:\/\/www3.unicentro.br\/vestibular\/wp-json\/wp\/v2\/media?parent=171"}],"curies":[{"name":"wp","href":"https:\/\/api.w.org\/{rel}","templated":true}]}}