{"id":1448,"date":"2021-07-09T20:55:52","date_gmt":"2021-07-09T23:55:52","guid":{"rendered":"https:\/\/www3.unicentro.br\/vestibular\/?page_id=1448"},"modified":"2025-05-13T16:47:12","modified_gmt":"2025-05-13T19:47:12","slug":"atendimento-especial","status":"publish","type":"page","link":"https:\/\/www3.unicentro.br\/vestibular\/pac\/atendimento-especial\/","title":{"rendered":"Atendimento Diferenciado"},"content":{"rendered":"<p><strong>PROCEDIMENTOS PARA A SOLICITA\u00c7\u00c3O<\/strong><br \/>\nO candidato deve requerer \u00e0 Coordenadoria Central de Processos Seletivos, at\u00e9 o \u00faltimo dia de inscri\u00e7\u00e3o pelo endere\u00e7o <a href=\"https:\/\/www3.unicentro.br\/protocolo\/\" target=\"_blank\" rel=\"noopener\"><strong><em>www.unicentro.br\/protocolo<\/em><\/strong><\/a><em> selecionando o tipo de processo pr\u00f3prio, a partir da op\u00e7\u00e3o \u201cAtendimento especial para PAC\u201d.<\/em><\/p>\n<p>Candidato que, ap\u00f3s o encerramento do prazo para solicitar atendimento diferenciado, sofrer alguma situa\u00e7\u00e3o de emerg\u00eancia, que exija atendimento especializado no dia das provas, somente ser\u00e1 atendido se comprovar que o fato ocorreu ap\u00f3s o per\u00edodo para solicita\u00e7\u00e3o, obedecendo a crit\u00e9rios de viabilidade e de razoabilidade.<\/p>\n<p><strong>1. CANDIDATO COM NECESSIDADES ESPECIAIS<\/strong><br \/>\nA solicita\u00e7\u00e3o deve ser feita indicando:<\/p>\n<p style=\"padding-left: 40px\">\u2022 a defici\u00eancia ou condi\u00e7\u00e3o especial que motivou a solicita\u00e7\u00e3o;<br \/>\n\u2022 o aux\u00edlio ou recurso de acessibilidade necess\u00e1rio para a realiza\u00e7\u00e3o das provas.<\/p>\n<table style=\"width: 100%;border-collapse: collapse;background-color: #bfbfbf\" border=\"1\">\n<tbody>\n<tr>\n<td style=\"width: 100%\">Obrigatoriamente deve ser anexado laudo m\u00e9dico, contendo:<\/p>\n<ol style=\"list-style-type: upper-roman\">\n<li>a assinatura do m\u00e9dico;<\/li>\n<li>o carimbo e n\u00famero de sua inscri\u00e7\u00e3o no Conselho Regional Profissional respectivo;<\/li>\n<li>o c\u00f3digo da Classifica\u00e7\u00e3o Internacional de Doen\u00e7as \u2013 CID, que ateste a esp\u00e9cie e o grau ou o n\u00edvel da defici\u00eancia do candidato.<\/li>\n<\/ol>\n<p>O documento anexado deve estar no formato pdf.<\/td>\n<\/tr>\n<\/tbody>\n<\/table>\n<p>&nbsp;<\/p>\n<p>Em conformidade com a legisla\u00e7\u00e3o em vigor, os candidatos com defici\u00eancia t\u00eam a dura\u00e7\u00e3o das provas ampliada em at\u00e9 sessenta minutos, desde que solicite e comprove, por meio de parecer do profissional de sa\u00fade, a sua condi\u00e7\u00e3o que justifique a necessidade de tempo adicional.<\/p>\n<p>Candidatos com defici\u00eancia motora grave nos membros superiores, defici\u00eancia auditiva, que necessitam de int\u00e9rprete de LIBRAS ou com defici\u00eancia visual total, podem ter a dura\u00e7\u00e3o das provas ampliadas em at\u00e9 noventa minutos, desde que a necessidade deste tempo adicional esteja especificada no laudo m\u00e9dico.<\/p>\n<table style=\"width: 100%;border-collapse: collapse;background-color: #fdff78\" border=\"1\">\n<tbody>\n<tr>\n<td style=\"width: 100%\">N\u00e3o ser\u00e1 concedido atendimento diferenciado a candidatos com defici\u00eancia e necessidades especiais que n\u00e3o formalizarem a solicita\u00e7\u00e3o dentro do prazo determinado.<\/td>\n<\/tr>\n<\/tbody>\n<\/table>\n<p>&nbsp;<\/p>\n<p><strong>2. CANDIDATA LACTANTE<\/strong><br \/>\nA candidata lactante tem o direito de amamentar, conforme legisla\u00e7\u00e3o vigente, desde que formalize sua solicita\u00e7\u00e3o, devendo levar no dia das provas um acompanhante, que ser\u00e1 respons\u00e1vel pela guarda da crian\u00e7a. A candidata n\u00e3o realizar\u00e1 as provas acompanhada pela crian\u00e7a.<\/p>\n<p><strong>3. CANDIDATO COM TRANSTORNO DO ESPECTRO AUTISTA<\/strong><br \/>\nO candidato com transtorno do espectro autista deve informar o n\u00edvel de autismo que possui. Pode utilizar caneta fabricada em material transparente com tinta colorida, para marca\u00e7\u00f5es ou resolu\u00e7\u00e3o das quest\u00f5es no caderno de provas, devendo fazer uso de caneta esferogr\u00e1fica, de material transparente, escrita grossa, com tinta azul escuro ou preta para preencher a Folha de Reda\u00e7\u00e3o\/Respostas, desde que formalize sua solicita\u00e7\u00e3o.<\/p>\n<p><strong>4. USO DO NOME SOCIAL<\/strong><br \/>\nO candidato maior de 18 anos, que deseja atendimento pelo nome social (nome pelo qual as pessoas transg\u00eaneras preferem ser chamadas cotidianamente, em contraste com o nome civil oficialmente registrado que n\u00e3o reflete sua identidade de g\u00eanero), no PAC, deve solicitar \u00e0 COORPS, pelo endere\u00e7o eletr\u00f4nico <em><strong><a href=\"https:\/\/www3.unicentro.br\/protocolo\/\">www.unicentro.br\/protocolo<\/a>.<\/strong><\/em><br \/>\nO candidato deve indicar o nome social a ser aplicado, o qual estar\u00e1 vinculado ao seu nome civil, bem como ao documento de identidade, CPF e data de nascimento.<\/p>\n<p>Na solicita\u00e7\u00e3o para uso do nome social o candidato deve anexar, no formato pdf:<\/p>\n<p style=\"padding-left: 40px\">a) fotografia atual n\u00edtida, individual, colorida, que enquadre desde a cabe\u00e7a at\u00e9 os ombros, de rosto inteiro sem o uso de \u00f3culos escuros e artigos de chapelaria, tais como bon\u00e9, chap\u00e9u, viseira, gorro, etc;<br \/>\nb) c\u00f3pia digitalizada da frente e do verso de um documento de identifica\u00e7\u00e3o oficial com foto.<\/p>\n<p>O candidato deve indicar, tamb\u00e9m, o atendimento que tem interesse quanto ao uso do nome social:<\/p>\n<p style=\"padding-left: 40px\">a) ensalamento conforme nome social indicado, ao inv\u00e9s do nome civil;<br \/>\nb) tratamento em sala de provas pelo nome social.<\/p>\n<p>N\u00e3o ser\u00e3o considerados v\u00e1lidos documentos apresentados por via postal, fax, correio eletr\u00f4nico ou entregues no dia de aplica\u00e7\u00e3o das provas.<\/p>\n<table style=\"width: 100%;border-collapse: collapse;background-color: #fff9a6\" border=\"1\">\n<tbody>\n<tr>\n<td style=\"width: 100%\">A inscri\u00e7\u00e3o ao PAC deve ser feita com o nome civil completo.<br \/>\nO candidato que solicitar o atendimento pelo nome social ter\u00e1 o seu pedido indeferido quando n\u00e3o cumprir o descrito no edital, quando os documentos anexados forem ileg\u00edveis, inviabilizando sua an\u00e1lise, ou ainda, quando for identificada qualquer fraude nas informa\u00e7\u00f5es prestadas e\/ou nos documentos apresentados.<\/td>\n<\/tr>\n<\/tbody>\n<\/table>\n<p>&nbsp;<\/p>\n<p><strong>5. USO DE V\u00c9U OU VESTIMENTA SIMILAR<\/strong><br \/>\nA candidata que por motiva\u00e7\u00f5es religiosas necessite fazer uso de v\u00e9u ou vestimentas similares que cubram a cabe\u00e7a durante a realiza\u00e7\u00e3o das provas, deve comunicar \u00e0 COORPS, at\u00e9 o \u00faltimo dia de inscri\u00e7\u00e3o, pelo endere\u00e7o eletr\u00f4nico <a href=\"http:\/\/www.unicentro.br\/protocolo\"><em><strong>www.unicentro.br\/protocolo<\/strong><\/em><\/a>.<br \/>\nPara garantir a seguran\u00e7a das provas, a candidata nessa situa\u00e7\u00e3o deve submeter-se \u00e0 inspe\u00e7\u00e3o por parte dos fiscais de prova, no per\u00edodo que antecede o in\u00edcio da resolu\u00e7\u00e3o das quest\u00f5es.<br \/>\nCaso haja a recusa em submeter-se \u00e0 inspe\u00e7\u00e3o de seguran\u00e7a, a candidata ser\u00e1 impedida de realizar as provas fazendo uso do respectivo v\u00e9u ou vestimenta similar.<\/p>\n","protected":false},"excerpt":{"rendered":"<p>PROCEDIMENTOS PARA A SOLICITA\u00c7\u00c3O O candidato deve requerer \u00e0 Coordenadoria Central de Processos Seletivos, at\u00e9 o \u00faltimo dia de inscri\u00e7\u00e3o pelo endere\u00e7o www.unicentro.br\/protocolo selecionando o tipo de processo pr\u00f3prio, a partir da op\u00e7\u00e3o \u201cAtendimento especial para PAC\u201d. Candidato que, ap\u00f3s o encerramento do prazo para solicitar atendimento diferenciado, sofrer alguma situa\u00e7\u00e3o de emerg\u00eancia, que exija [&hellip;]<\/p>\n","protected":false},"author":6,"featured_media":0,"parent":1408,"menu_order":0,"comment_status":"closed","ping_status":"closed","template":"","meta":{"_exactmetrics_skip_tracking":false,"_exactmetrics_sitenote_active":false,"_exactmetrics_sitenote_note":"","_exactmetrics_sitenote_category":0,"footnotes":"","_links_to":"","_links_to_target":""},"class_list":["post-1448","page","type-page","status-publish","hentry"],"publishpress_future_action":{"enabled":false,"date":"2026-05-07 20:34:22","action":"change-status","newStatus":"draft","terms":[],"taxonomy":"","extraData":[]},"publishpress_future_workflow_manual_trigger":{"enabledWorkflows":[]},"_links":{"self":[{"href":"https:\/\/www3.unicentro.br\/vestibular\/wp-json\/wp\/v2\/pages\/1448","targetHints":{"allow":["GET"]}}],"collection":[{"href":"https:\/\/www3.unicentro.br\/vestibular\/wp-json\/wp\/v2\/pages"}],"about":[{"href":"https:\/\/www3.unicentro.br\/vestibular\/wp-json\/wp\/v2\/types\/page"}],"author":[{"embeddable":true,"href":"https:\/\/www3.unicentro.br\/vestibular\/wp-json\/wp\/v2\/users\/6"}],"replies":[{"embeddable":true,"href":"https:\/\/www3.unicentro.br\/vestibular\/wp-json\/wp\/v2\/comments?post=1448"}],"version-history":[{"count":2,"href":"https:\/\/www3.unicentro.br\/vestibular\/wp-json\/wp\/v2\/pages\/1448\/revisions"}],"predecessor-version":[{"id":3963,"href":"https:\/\/www3.unicentro.br\/vestibular\/wp-json\/wp\/v2\/pages\/1448\/revisions\/3963"}],"up":[{"embeddable":true,"href":"https:\/\/www3.unicentro.br\/vestibular\/wp-json\/wp\/v2\/pages\/1408"}],"wp:attachment":[{"href":"https:\/\/www3.unicentro.br\/vestibular\/wp-json\/wp\/v2\/media?parent=1448"}],"curies":[{"name":"wp","href":"https:\/\/api.w.org\/{rel}","templated":true}]}}

<p><strong>PROCEDIMENTOS PARA A SOLICITAÇÃO</strong><br />
O candidato deve requerer à Coordenadoria Central de Processos Seletivos, até o último dia de inscrição pelo endereço <a href="https://www3.unicentro.br/protocolo/" target="_blank" rel="noopener"><strong><em>www.unicentro.br/protocolo</em></strong></a><em> selecionando o tipo de processo próprio, a partir da opção “Atendimento especial para PAC”.</em></p>
<p>Candidato que, após o encerramento do prazo para solicitar atendimento diferenciado, sofrer alguma situação de emergência, que exija atendimento especializado no dia das provas, somente será atendido se comprovar que o fato ocorreu após o período para solicitação, obedecendo a critérios de viabilidade e de razoabilidade.</p>
<p><strong>1. CANDIDATO COM NECESSIDADES ESPECIAIS</strong><br />
A solicitação deve ser feita indicando:</p>
<p style="padding-left: 40px">• a deficiência ou condição especial que motivou a solicitação;<br />
• o auxílio ou recurso de acessibilidade necessário para a realização das provas.</p>
<table style="width: 100%;border-collapse: collapse;background-color: #bfbfbf" border="1">
<tbody>
<tr>
<td style="width: 100%">Obrigatoriamente deve ser anexado laudo médico, contendo:</p>
<ol style="list-style-type: upper-roman">
<li>a assinatura do médico;</li>
<li>o carimbo e número de sua inscrição no Conselho Regional Profissional respectivo;</li>
<li>o código da Classificação Internacional de Doenças – CID, que ateste a espécie e o grau ou o nível da deficiência do candidato.</li>
</ol>
<p>O documento anexado deve estar no formato pdf.</td>
</tr>
</tbody>
</table>
<p>&nbsp;</p>
<p>Em conformidade com a legislação em vigor, os candidatos com deficiência têm a duração das provas ampliada em até sessenta minutos, desde que solicite e comprove, por meio de parecer do profissional de saúde, a sua condição que justifique a necessidade de tempo adicional.</p>
<p>Candidatos com deficiência motora grave nos membros superiores, deficiência auditiva, que necessitam de intérprete de LIBRAS ou com deficiência visual total, podem ter a duração das provas ampliadas em até noventa minutos, desde que a necessidade deste tempo adicional esteja especificada no laudo médico.</p>
<table style="width: 100%;border-collapse: collapse;background-color: #fdff78" border="1">
<tbody>
<tr>
<td style="width: 100%">Não será concedido atendimento diferenciado a candidatos com deficiência e necessidades especiais que não formalizarem a solicitação dentro do prazo determinado.</td>
</tr>
</tbody>
</table>
<p>&nbsp;</p>
<p><strong>2. CANDIDATA LACTANTE</strong><br />
A candidata lactante tem o direito de amamentar, conforme legislação vigente, desde que formalize sua solicitação, devendo levar no dia das provas um acompanhante, que será responsável pela guarda da criança. A candidata não realizará as provas acompanhada pela criança.</p>
<p><strong>3. CANDIDATO COM TRANSTORNO DO ESPECTRO AUTISTA</strong><br />
O candidato com transtorno do espectro autista deve informar o nível de autismo que possui. Pode utilizar caneta fabricada em material transparente com tinta colorida, para marcações ou resolução das questões no caderno de provas, devendo fazer uso de caneta esferográfica, de material transparente, escrita grossa, com tinta azul escuro ou preta para preencher a Folha de Redação/Respostas, desde que formalize sua solicitação.</p>
<p><strong>4. USO DO NOME SOCIAL</strong><br />
O candidato maior de 18 anos, que deseja atendimento pelo nome social (nome pelo qual as pessoas transgêneras preferem ser chamadas cotidianamente, em contraste com o nome civil oficialmente registrado que não reflete sua identidade de gênero), no PAC, deve solicitar à COORPS, pelo endereço eletrônico <em><strong><a href="https://www3.unicentro.br/protocolo/">www.unicentro.br/protocolo</a>.</strong></em><br />
O candidato deve indicar o nome social a ser aplicado, o qual estará vinculado ao seu nome civil, bem como ao documento de identidade, CPF e data de nascimento.</p>
<p>Na solicitação para uso do nome social o candidato deve anexar, no formato pdf:</p>
<p style="padding-left: 40px">a) fotografia atual nítida, individual, colorida, que enquadre desde a cabeça até os ombros, de rosto inteiro sem o uso de óculos escuros e artigos de chapelaria, tais como boné, chapéu, viseira, gorro, etc;<br />
b) cópia digitalizada da frente e do verso de um documento de identificação oficial com foto.</p>
<p>O candidato deve indicar, também, o atendimento que tem interesse quanto ao uso do nome social:</p>
<p style="padding-left: 40px">a) ensalamento conforme nome social indicado, ao invés do nome civil;<br />
b) tratamento em sala de provas pelo nome social.</p>
<p>Não serão considerados válidos documentos apresentados por via postal, fax, correio eletrônico ou entregues no dia de aplicação das provas.</p>
<table style="width: 100%;border-collapse: collapse;background-color: #fff9a6" border="1">
<tbody>
<tr>
<td style="width: 100%">A inscrição ao PAC deve ser feita com o nome civil completo.<br />
O candidato que solicitar o atendimento pelo nome social terá o seu pedido indeferido quando não cumprir o descrito no edital, quando os documentos anexados forem ilegíveis, inviabilizando sua análise, ou ainda, quando for identificada qualquer fraude nas informações prestadas e/ou nos documentos apresentados.</td>
</tr>
</tbody>
</table>
<p>&nbsp;</p>
<p><strong>5. USO DE VÉU OU VESTIMENTA SIMILAR</strong><br />
A candidata que por motivações religiosas necessite fazer uso de véu ou vestimentas similares que cubram a cabeça durante a realização das provas, deve comunicar à COORPS, até o último dia de inscrição, pelo endereço eletrônico <a href="http://www.unicentro.br/protocolo"><em><strong>www.unicentro.br/protocolo</strong></em></a>.<br />
Para garantir a segurança das provas, a candidata nessa situação deve submeter-se à inspeção por parte dos fiscais de prova, no período que antecede o início da resolução das questões.<br />
Caso haja a recusa em submeter-se à inspeção de segurança, a candidata será impedida de realizar as provas fazendo uso do respectivo véu ou vestimenta similar.</p>

<p>PROCEDIMENTOS PARA A SOLICITAÇÃO O candidato deve requerer à Coordenadoria Central de Processos Seletivos, até o último dia de inscrição pelo endereço www.unicentro.br/protocolo selecionando o tipo de processo próprio, a partir da opção “Atendimento especial para PAC”. Candidato que, após o encerramento do prazo para solicitar atendimento diferenciado, sofrer alguma situação de emergência, que exija [&hellip;]</p>
