{"id":111,"date":"2018-05-28T15:14:50","date_gmt":"2018-05-28T18:14:50","guid":{"rendered":"https:\/\/www3.unicentro.br\/vestibular\/?page_id=111"},"modified":"2026-03-23T21:39:26","modified_gmt":"2026-03-24T00:39:26","slug":"provas","status":"publish","type":"page","link":"https:\/\/www3.unicentro.br\/vestibular\/unicentro\/provas\/","title":{"rendered":"Provas"},"content":{"rendered":"<div class=\"wpb-content-wrapper\"><p>[vc_row][vc_column][vc_column_text css=&#8221;&#8221;]<strong>PROVAS<\/strong><\/p>\n<p>Dia 11 de outubro de 2026.<\/p>\n<p>&nbsp;<\/p>\n<p><strong>FORMATO DAS PROVAS<\/strong><\/p>\n<p>O vestibular \u00e9 realizado em uma \u00fanica etapa, no per\u00edodo da tarde,\u00a0 com cinco horas de dura\u00e7\u00e3o:<\/p>\n<ul>\n<li>As provas de Reda\u00e7\u00e3o, L\u00edngua Portuguesa, Literatura e L\u00edngua Estrangeira Moderna s\u00e3o para todos os cursos.<\/li>\n<li>A prova de L\u00edngua Portuguesa e Literatura \u00e9 composta de dez quest\u00f5es objetivas.<\/li>\n<li>A prova de L\u00edngua Estrangeira Moderna (Ingl\u00eas ou Espanhol), \u00e9 composta de cinco quest\u00f5es objetivas.<\/li>\n<li>As provas de Arte, Biologia, Filosofia, F\u00edsica, Geografia, Hist\u00f3ria, Matem\u00e1tica, Qu\u00edmica e Sociologia s\u00e3o realizadas pelos candidatos de acordo com o grupo a que pertence o curso.<\/li>\n<li>Cada grupo de curso realiza provas de cinco disciplinas, compostas de nove quest\u00f5es cada uma.<\/li>\n<\/ul>\n<p>&nbsp;<\/p>\n<table style=\"width: 78.0602%;height: 481px\">\n<tfoot>\n<tr style=\"height: 39px\">\n<td style=\"height: 39px\" colspan=\"2\" width=\"505\"><strong>VALOR M\u00c1XIMO DO CONCURSO VESTIBULAR<\/strong><\/td>\n<td style=\"height: 39px;text-align: center\" width=\"138\"><strong>100<\/strong><\/td>\n<\/tr>\n<\/tfoot>\n<thead>\n<tr style=\"height: 50px\">\n<td style=\"height: 50px\" width=\"354\"><strong>PROVAS<\/strong><\/td>\n<td style=\"height: 50px\" width=\"151\"><strong>N\u00ba DE QUEST\u00d5ES<\/strong><\/td>\n<td style=\"height: 50px\" width=\"138\"><strong>VALOR\/PONTOS<\/strong><\/td>\n<\/tr>\n<\/thead>\n<tbody>\n<tr style=\"height: 176px\">\n<td style=\"height: 176px\" width=\"354\"><strong>Para todos os cursos:<\/strong><\/p>\n<p>Reda\u00e7\u00e3o<\/p>\n<p>L\u00edngua Portuguesa e Literatura<\/p>\n<p>L\u00edngua Estrangeira Moderna<\/td>\n<td style=\"height: 176px;text-align: center\" width=\"151\">&nbsp;<\/p>\n<p>&#8212;<\/p>\n<p>10<\/p>\n<p>5<\/td>\n<td style=\"height: 176px;text-align: center\" width=\"138\">&nbsp;<\/p>\n<p>25,00<\/p>\n<p>12,50<\/p>\n<p>6,25<\/td>\n<\/tr>\n<tr style=\"height: 216px\">\n<td style=\"height: 216px\" width=\"354\">Quest\u00f5es de 5 disciplinas, conforme o Grupo a que pertence o curso.<\/td>\n<td style=\"height: 216px;text-align: center\" width=\"151\">9<\/p>\n<p>9<\/p>\n<p>9<\/p>\n<p>9<\/p>\n<p>9<\/td>\n<td style=\"height: 216px;text-align: center\" width=\"138\">11,25<\/p>\n<p>11,25<\/p>\n<p>11,25<\/p>\n<p>11,25<\/p>\n<p>11,25<\/td>\n<\/tr>\n<\/tbody>\n<\/table>\n<p>[\/vc_column_text][\/vc_column][\/vc_row]<\/p>\n<\/div>","protected":false},"excerpt":{"rendered":"<p>[vc_row][vc_column][vc_column_text css=&#8221;&#8221;]PROVAS Dia 11 de outubro de 2026. &nbsp; FORMATO DAS PROVAS O vestibular \u00e9 realizado em uma \u00fanica etapa, no per\u00edodo da tarde,\u00a0 com cinco horas de dura\u00e7\u00e3o: As provas de Reda\u00e7\u00e3o, L\u00edngua Portuguesa, Literatura e L\u00edngua Estrangeira Moderna s\u00e3o para todos os cursos. A prova de L\u00edngua Portuguesa e Literatura \u00e9 composta de [&hellip;]<\/p>\n","protected":false},"author":3,"featured_media":0,"parent":27,"menu_order":0,"comment_status":"closed","ping_status":"closed","template":"","meta":{"_exactmetrics_skip_tracking":false,"_exactmetrics_sitenote_active":false,"_exactmetrics_sitenote_note":"","_exactmetrics_sitenote_category":0,"footnotes":"","_links_to":"","_links_to_target":""},"class_list":["post-111","page","type-page","status-publish","hentry"],"publishpress_future_action":{"enabled":false,"date":"2026-04-25 11:30:44","action":"change-status","newStatus":"draft","terms":[],"taxonomy":"","extraData":[]},"publishpress_future_workflow_manual_trigger":{"enabledWorkflows":[]},"_links":{"self":[{"href":"https:\/\/www3.unicentro.br\/vestibular\/wp-json\/wp\/v2\/pages\/111","targetHints":{"allow":["GET"]}}],"collection":[{"href":"https:\/\/www3.unicentro.br\/vestibular\/wp-json\/wp\/v2\/pages"}],"about":[{"href":"https:\/\/www3.unicentro.br\/vestibular\/wp-json\/wp\/v2\/types\/page"}],"author":[{"embeddable":true,"href":"https:\/\/www3.unicentro.br\/vestibular\/wp-json\/wp\/v2\/users\/3"}],"replies":[{"embeddable":true,"href":"https:\/\/www3.unicentro.br\/vestibular\/wp-json\/wp\/v2\/comments?post=111"}],"version-history":[{"count":2,"href":"https:\/\/www3.unicentro.br\/vestibular\/wp-json\/wp\/v2\/pages\/111\/revisions"}],"predecessor-version":[{"id":4762,"href":"https:\/\/www3.unicentro.br\/vestibular\/wp-json\/wp\/v2\/pages\/111\/revisions\/4762"}],"up":[{"embeddable":true,"href":"https:\/\/www3.unicentro.br\/vestibular\/wp-json\/wp\/v2\/pages\/27"}],"wp:attachment":[{"href":"https:\/\/www3.unicentro.br\/vestibular\/wp-json\/wp\/v2\/media?parent=111"}],"curies":[{"name":"wp","href":"https:\/\/api.w.org\/{rel}","templated":true}]}}