{"id":571,"date":"2017-08-28T11:14:26","date_gmt":"2017-08-28T14:14:26","guid":{"rendered":"https:\/\/www3.unicentro.br\/transparencia\/?page_id=571"},"modified":"2020-11-23T16:31:00","modified_gmt":"2020-11-23T19:31:00","slug":"contato","status":"publish","type":"page","link":"https:\/\/www3.unicentro.br\/transparencia\/contato\/","title":{"rendered":"Contato"},"content":{"rendered":"<div class=\"wpb-content-wrapper\"><p>[vc_row][vc_column width=&#8221;2\/3&#8243;][vc_column_text]<\/p>\n<p style=\"text-align: justify\">Em cumprimento \u00e0 Lei Federal n\u00b0 12.527\/2011 e ao Decreto Estadual n\u00b0 10.285\/2014, a Central de Informa\u00e7\u00f5es da Unicentro tem por objetivo atender e orientar o p\u00fablico quanto ao acesso \u00e0s informa\u00e7\u00f5es, informar sobre a tramita\u00e7\u00e3o de documentos nas suas respectivas unidades, al\u00e9m de instruir os p\u00fablicos externo e interno \u00e0 Universidade sobre a din\u00e2mica e log\u00edstica de eventos institucionais. Como estrat\u00e9gias complementares, a Central de Informa\u00e7\u00f5es e o Portal da Transpar\u00eancia, visam facilitar e agilizar o acesso \u00e0s informa\u00e7\u00f5es da Universidade por qualquer pessoa da comunidade, fomentando uma cultura de transpar\u00eancia e controle social na administra\u00e7\u00e3o da Unicentro.<\/p>\n<p style=\"text-align: justify\"><span style=\"font-size: 14pt;color: #333333\">Requerimento de acesso as informa\u00e7\u00f5es<\/span><\/p>\n<p style=\"text-align: justify\">Prezado(a) Cidad\u00e3o(\u00e3),<\/p>\n<p style=\"text-align: justify\">O presente canal de comunica\u00e7\u00e3o est\u00e1 sendo disponibilizado para que voc\u00ea possa, de forma r\u00e1pida e f\u00e1cil, requerer o acesso \u00e0s informa\u00e7\u00f5es referentes \u00e0 Universidade Estadual do Centro-Oeste do Paran\u00e1 \u2013 Unicentro \u2013 n\u00e3o encontradas neste\u00a0Portal da Transpar\u00eancia.<\/p>\n<p style=\"text-align: justify\">S\u00e3o consideradas informa\u00e7\u00f5es p\u00fablicas todas aquelas que se refiram ao recebimento e \u00e0 destina\u00e7\u00e3o dos recursos recebidos pelos entes da administra\u00e7\u00e3o p\u00fablica direta e indireta, como, por exemplo: a rela\u00e7\u00e3o e gastos com servidores ativos e inativos, cargo e local de exerc\u00edcio; atos oficiais expedidos pelos entes p\u00fablicos; rela\u00e7\u00e3o de despesas, repasses e transfer\u00eancias de recursos p\u00fablicos; rela\u00e7\u00e3o de patrim\u00f4nio m\u00f3vel e im\u00f3vel; procedimentos licitat\u00f3rios, bem como as decis\u00f5es de dispensa de licita\u00e7\u00e3o com a justificativa para a contrata\u00e7\u00e3o direta; contratos, conv\u00eanios, termos de parceria celebrados pelos entes administrativos; despesas de viagens e adiantamentos. Enfim, todas aquelas informa\u00e7\u00f5es relacionadas \u00e0 gest\u00e3o administrativa do Estado.<\/p>\n<ul>\n<li style=\"text-align: justify\">Envie sua solicita\u00e7\u00e3o sobre assuntos do seu interesse, acompanhe a aplica\u00e7\u00e3o dos recursos destinados \u00e0 satisfa\u00e7\u00e3o dos interesses da comunidade acad\u00eamica, por meio do formul\u00e1rio abaixo.<\/li>\n<li style=\"text-align: justify\">Solicitamos que seja fornecido seu nome, endere\u00e7o para correspond\u00eancia a sua d\u00favida e os itens de pesquisa que s\u00e3o do seu interesse, com clareza, para que consulta seja plenamente atendida. Para um melhor atendimento, bem como para que possamos entrar em contato, solicitamos o preenchimento de todos os campos abaixo, do presente formul\u00e1rio.<\/li>\n<\/ul>\n<p><span style=\"font-size: 14pt;color: #333333\">Formul\u00e1rio<\/span>[\/vc_column_text]\n<div class=\"wpcf7 no-js\" id=\"wpcf7-f657-o1\" lang=\"pt-BR\" dir=\"ltr\" data-wpcf7-id=\"657\">\n<div class=\"screen-reader-response\"><p role=\"status\" aria-live=\"polite\" aria-atomic=\"true\"><\/p> <ul><\/ul><\/div>\n<form action=\"\/transparencia\/wp-json\/wp\/v2\/pages\/571#wpcf7-f657-o1\" method=\"post\" class=\"wpcf7-form init\" aria-label=\"Formul\u00e1rios de contato\" novalidate=\"novalidate\" data-status=\"init\">\n<fieldset class=\"hidden-fields-container\"><input type=\"hidden\" name=\"_wpcf7\" value=\"657\" \/><input type=\"hidden\" name=\"_wpcf7_version\" value=\"6.1.5\" \/><input type=\"hidden\" name=\"_wpcf7_locale\" value=\"pt_BR\" \/><input type=\"hidden\" name=\"_wpcf7_unit_tag\" value=\"wpcf7-f657-o1\" \/><input type=\"hidden\" name=\"_wpcf7_container_post\" value=\"0\" \/><input type=\"hidden\" name=\"_wpcf7_posted_data_hash\" value=\"\" \/>\n<\/fieldset>\n<p>Seu nome * <span class=\"wpcf7-form-control-wrap\" data-name=\"your-name\"><input size=\"40\" maxlength=\"400\" class=\"wpcf7-form-control wpcf7-text wpcf7-validates-as-required\" aria-required=\"true\" aria-invalid=\"false\" value=\"\" type=\"text\" name=\"your-name\" \/><\/span>\n<\/p>\n<p>Seu e-mail * <span class=\"wpcf7-form-control-wrap\" data-name=\"your-email\"><input size=\"40\" maxlength=\"400\" class=\"wpcf7-form-control wpcf7-email wpcf7-validates-as-required wpcf7-text wpcf7-validates-as-email\" aria-required=\"true\" aria-invalid=\"false\" value=\"\" type=\"email\" name=\"your-email\" \/><\/span>\n<\/p>\n<p>RG * <span class=\"wpcf7-form-control-wrap\" data-name=\"your-rg\"><input size=\"40\" maxlength=\"400\" class=\"wpcf7-form-control wpcf7-text wpcf7-validates-as-required\" aria-required=\"true\" aria-invalid=\"false\" value=\"\" type=\"text\" name=\"your-rg\" \/><\/span>\n<\/p>\n<p>CEP <span class=\"wpcf7-form-control-wrap\" data-name=\"CEP\"><input size=\"40\" maxlength=\"8\" class=\"wpcf7-form-control wpcf7-text\" aria-invalid=\"false\" value=\"\" type=\"text\" name=\"CEP\" \/><\/span> (somente n\u00fameros)\n<\/p>\n<p>Endere\u00e7o <span class=\"wpcf7-form-control-wrap\" data-name=\"Endereco\"><input size=\"40\" maxlength=\"400\" class=\"wpcf7-form-control wpcf7-text\" aria-invalid=\"false\" value=\"\" type=\"text\" name=\"Endereco\" \/><\/span>\n<\/p>\n<p>N\u00famero \/ Complemento <span class=\"wpcf7-form-control-wrap\" data-name=\"num\"><input size=\"40\" maxlength=\"400\" class=\"wpcf7-form-control wpcf7-text\" aria-invalid=\"false\" value=\"\" type=\"text\" name=\"num\" \/><\/span>\n<\/p>\n<p>Bairro <span class=\"wpcf7-form-control-wrap\" data-name=\"bairro\"><input size=\"40\" maxlength=\"400\" class=\"wpcf7-form-control wpcf7-text\" aria-invalid=\"false\" value=\"\" type=\"text\" name=\"bairro\" \/><\/span>\n<\/p>\n<p>Munic\u00edpio <span class=\"wpcf7-form-control-wrap\" data-name=\"Municipio\"><input size=\"40\" maxlength=\"400\" class=\"wpcf7-form-control wpcf7-text\" aria-invalid=\"false\" value=\"\" type=\"text\" name=\"Municipio\" \/><\/span>\n<\/p>\n<p>Outra localidade <span class=\"wpcf7-form-control-wrap\" data-name=\"localidade\"><input size=\"40\" maxlength=\"400\" class=\"wpcf7-form-control wpcf7-text\" aria-invalid=\"false\" value=\"\" type=\"text\" name=\"localidade\" \/><\/span>\n<\/p>\n<p>Sua mensagem * <span class=\"wpcf7-form-control-wrap\" data-name=\"mensagem\"><textarea cols=\"40\" rows=\"10\" maxlength=\"2000\" class=\"wpcf7-form-control wpcf7-textarea wpcf7-validates-as-required\" aria-required=\"true\" aria-invalid=\"false\" name=\"mensagem\"><\/textarea><\/span>\n<\/p>\n<p><input class=\"wpcf7-form-control wpcf7-submit has-spinner\" type=\"submit\" value=\"Enviar\" \/>\n<\/p><p style=\"display: none !important;\" class=\"akismet-fields-container\" data-prefix=\"_wpcf7_ak_\"><label>&#916;<textarea name=\"_wpcf7_ak_hp_textarea\" cols=\"45\" rows=\"8\" maxlength=\"100\"><\/textarea><\/label><input type=\"hidden\" id=\"ak_js_1\" name=\"_wpcf7_ak_js\" value=\"219\"\/><script>document.getElementById( \"ak_js_1\" ).setAttribute( \"value\", ( new Date() ).getTime() );<\/script><\/p><div class=\"wpcf7-response-output\" aria-hidden=\"true\"><\/div>\n<\/form>\n<\/div>\n[\/vc_column][vc_column width=&#8221;1\/3&#8243;][vc_tta_accordion shape=&#8221;square&#8221; active_section=&#8221;3&#8243; collapsible_all=&#8221;true&#8221;][vc_tta_section title=&#8221;Endere\u00e7os e telefones das Unidades Universit\u00e1rias&#8221; tab_id=&#8221;1521038838340-ebdd4152-817f&#8221;][vc_column_text]<strong>Sede \u2013 Campus Santa Cruz<\/strong><br \/>\nRua Salvatore Renna \u2013 Padre Salvador, 875 \u2013 Santa Cruz<br \/>\n(antiga Rua Presidente Zacarias de G\u00f3es)<br \/>\nCx. Postal 730<br \/>\nFone (042) 3621-1000<br \/>\nFax (042) 3621-1090<br \/>\nCEP 85015-430<br \/>\nGuarapuava \u2013 PR<\/p>\n<p><strong>Campus CEDETEG<\/strong><br \/>\nRua Camargo Varela de S\u00e1, 03 \u2013 Vila Carli<br \/>\nFone: (42) 3629-8100<br \/>\nCEP 85040-080<br \/>\nGuarapuava \u2013 PR<\/p>\n<p><strong>Campus de Irati<\/strong><br \/>\nPR 153 \u2013 Km 7 \u2013 Bairro Riozinho<br \/>\nCx. Postal, 21<br \/>\nFone (42) 3421-3000<br \/>\nFax (42) 3421-3067<br \/>\nCEP 84500-000<br \/>\nIrati \u2013 Paran\u00e1<\/p>\n<p><strong>Campus Avan\u00e7ado de Chopinzinho<\/strong><br \/>\nRua Frei Everaldo, 93 \u2013 Centro<br \/>\nFone: (46) 3242-3522<br \/>\nCEP 85560-000<\/p>\n<p><strong>Campus Avan\u00e7ado de Laranjeiras do Sul<\/strong><br \/>\nEscola Municipal Padre Gerson Calvino<br \/>\nR.7 de Setembro, 1710 \u2013 Centro<br \/>\nCEP: 85301-170 \u2013 Laranjeiras do Sul \u2013 PR<br \/>\nFone: (42) 3635-2440<\/p>\n<p><strong>Campus Avan\u00e7ado de Pitanga<\/strong><br \/>\nEscola Municipal Ivan Ferreira do Amaral<br \/>\nR. Osvaldo Aranha, 251 \u2013 Centro<br \/>\nCEP: 85200-200 Pitanga-PR<br \/>\nFone: (42) 3646-1461<\/p>\n<p><strong>Campus Avan\u00e7ado de Prudent\u00f3polis<\/strong><br \/>\nCol\u00e9gio Nosso Futuro<br \/>\nR. Domingos Luiz Oliveira, 205 \u2013 Centro<br \/>\nCEP: 84400-000 \u2013 Prudent\u00f3polis PR<br \/>\nFone: (42) 3446-1588 Fax: 3446-5082<\/p>\n<p><strong>Extens\u00e3o de Coronel Vivida<\/strong><br \/>\nEscola Municipal Stedile<br \/>\nR. Igua\u00e7u, 326 \u2013 Centro<br \/>\nCEP: 85550-000 \u2013 Coronel Vivida PR[\/vc_column_text][\/vc_tta_section][\/vc_tta_accordion][vc_zigzag][vc_column_text]<\/p>\n<p style=\"text-align: center\"><span style=\"font-size: 14pt\"><strong>NOSSAS REDES SOCIAIS<\/strong><\/span><\/p>\n<p>[\/vc_column_text][vc_row_inner][vc_column_inner width=&#8221;1\/3&#8243;][vc_icon icon_fontawesome=&#8221;fab fa-facebook-f&#8221; color=&#8221;white&#8221; background_style=&#8221;rounded&#8221; background_color=&#8221;blue&#8221; align=&#8221;center&#8221; css_animation=&#8221;fadeIn&#8221; link=&#8221;url:https%3A%2F%2Fwww.facebook.com%2Funicentropr&#8221;][\/vc_column_inner][vc_column_inner width=&#8221;1\/3&#8243;][vc_icon icon_fontawesome=&#8221;fab fa-instagram&#8221; color=&#8221;white&#8221; background_style=&#8221;rounded&#8221; background_color=&#8221;custom&#8221; align=&#8221;center&#8221; css_animation=&#8221;fadeIn&#8221; link=&#8221;url:https%3A%2F%2Fwww.instagram.com%2Funicentropr&#8221; custom_background_color=&#8221;#e5348d&#8221;][\/vc_column_inner][vc_column_inner width=&#8221;1\/3&#8243;][vc_icon icon_fontawesome=&#8221;fab fa-twitter&#8221; color=&#8221;white&#8221; background_style=&#8221;rounded&#8221; background_color=&#8221;custom&#8221; align=&#8221;center&#8221; css_animation=&#8221;fadeIn&#8221; link=&#8221;url:https%3A%2F%2Fwww.twitter.com%2Funicentropr&#8221; custom_background_color=&#8221;#35aeea&#8221;][\/vc_column_inner][\/vc_row_inner][vc_row_inner][vc_column_inner width=&#8221;1\/6&#8243;][\/vc_column_inner][vc_column_inner width=&#8221;1\/3&#8243;][vc_icon icon_fontawesome=&#8221;fab fa-telegram&#8221; color=&#8221;white&#8221; background_style=&#8221;rounded&#8221; background_color=&#8221;custom&#8221; align=&#8221;center&#8221; css_animation=&#8221;fadeIn&#8221; link=&#8221;url:https%3A%2F%2Ft.me%2FUnicentroPR&#8221; custom_background_color=&#8221;#38c2f4&#8243;][\/vc_column_inner][vc_column_inner width=&#8221;1\/3&#8243;][vc_icon icon_fontawesome=&#8221;fab fa-youtube&#8221; color=&#8221;white&#8221; background_style=&#8221;rounded&#8221; background_color=&#8221;custom&#8221; align=&#8221;center&#8221; css_animation=&#8221;fadeIn&#8221; link=&#8221;url:https%3A%2F%2Fwww.youtube.com%2Funicentrotv&#8221; custom_background_color=&#8221;#ea3535&#8243;][\/vc_column_inner][vc_column_inner width=&#8221;1\/6&#8243;][\/vc_column_inner][\/vc_row_inner][\/vc_column][\/vc_row]<\/p>\n<\/div>","protected":false},"excerpt":{"rendered":"<p>[vc_row][vc_column width=&#8221;2\/3&#8243;][vc_column_text] Em cumprimento \u00e0 Lei Federal n\u00b0 12.527\/2011 e ao Decreto Estadual n\u00b0 10.285\/2014, a Central de Informa\u00e7\u00f5es da Unicentro tem por objetivo atender e orientar o p\u00fablico quanto ao acesso \u00e0s informa\u00e7\u00f5es, informar sobre a tramita\u00e7\u00e3o de documentos nas suas respectivas unidades, al\u00e9m de instruir os p\u00fablicos externo e interno \u00e0 Universidade sobre [&hellip;]<\/p>\n","protected":false},"author":3,"featured_media":0,"parent":0,"menu_order":0,"comment_status":"closed","ping_status":"closed","template":"","meta":{"_acf_changed":false,"_exactmetrics_skip_tracking":false,"_exactmetrics_sitenote_active":false,"_exactmetrics_sitenote_note":"","_exactmetrics_sitenote_category":0,"footnotes":"","_links_to":"","_links_to_target":""},"class_list":["post-571","page","type-page","status-publish","hentry"],"acf":[],"_links":{"self":[{"href":"https:\/\/www3.unicentro.br\/transparencia\/wp-json\/wp\/v2\/pages\/571","targetHints":{"allow":["GET"]}}],"collection":[{"href":"https:\/\/www3.unicentro.br\/transparencia\/wp-json\/wp\/v2\/pages"}],"about":[{"href":"https:\/\/www3.unicentro.br\/transparencia\/wp-json\/wp\/v2\/types\/page"}],"author":[{"embeddable":true,"href":"https:\/\/www3.unicentro.br\/transparencia\/wp-json\/wp\/v2\/users\/3"}],"replies":[{"embeddable":true,"href":"https:\/\/www3.unicentro.br\/transparencia\/wp-json\/wp\/v2\/comments?post=571"}],"version-history":[{"count":0,"href":"https:\/\/www3.unicentro.br\/transparencia\/wp-json\/wp\/v2\/pages\/571\/revisions"}],"wp:attachment":[{"href":"https:\/\/www3.unicentro.br\/transparencia\/wp-json\/wp\/v2\/media?parent=571"}],"curies":[{"name":"wp","href":"https:\/\/api.w.org\/{rel}","templated":true}]}}