{"id":97,"date":"2025-03-27T15:42:11","date_gmt":"2025-03-27T18:42:11","guid":{"rendered":"https:\/\/www3.unicentro.br\/sesmt\/?page_id=97"},"modified":"2025-04-09T16:30:14","modified_gmt":"2025-04-09T19:30:14","slug":"absenteismo","status":"publish","type":"page","link":"https:\/\/www3.unicentro.br\/sesmt\/saude\/absenteismo\/","title":{"rendered":"Absente\u00edsmo"},"content":{"rendered":"<p>A Pr\u00f3-Reitoria de Planejamento e a Pr\u00f3-Reitoria de Apoio aos Estudantes informam a realiza\u00e7\u00e3o de um levantamento de dados sobre absente\u00edsmo referente aos atestados de afastamento. Esta iniciativa tem como prop\u00f3sito a identifica\u00e7\u00e3o das principais etiologias de aus\u00eancia e a implementa\u00e7\u00e3o de medidas preventivas e de promo\u00e7\u00e3o da sa\u00fade no \u00e2mbito da institui\u00e7\u00e3o.<\/p>\n<p>O processo de coleta de dados inicia-se com o recebimento da notifica\u00e7\u00e3o do atestado por meio eletr\u00f4nico, seguido de contato com o servidor via e-mail ou telefone, com o intuito de obter, mediante sua anu\u00eancia, as seguintes informa\u00e7\u00f5es:<\/p>\n<ol>\n<li>Idade<\/li>\n<li>Departamento\/setor<\/li>\n<li>Campus<\/li>\n<li>Cargo<\/li>\n<li>Regime<\/li>\n<li>CID do atestado<\/li>\n<li>Profissional respons\u00e1vel pela emiss\u00e3o do atestado (m\u00e9dico, psic\u00f3logo, fisioterapeuta)<\/li>\n<\/ol>\n<p><strong>Nota:<\/strong> Em observ\u00e2ncia \u00e0 Lei Geral de Prote\u00e7\u00e3o de Dados, o nome do servidor ser\u00e1 exclu\u00eddo da planilha de an\u00e1lise.<\/p>\n<p>Qualquer d\u00favidas, relacionadas a este tema podem entrar em contato pelo email <u>alexsandraborges@unicentro.br<\/u><\/p>\n","protected":false},"excerpt":{"rendered":"<p>A Pr\u00f3-Reitoria de Planejamento e a Pr\u00f3-Reitoria de Apoio aos Estudantes informam a realiza\u00e7\u00e3o de um levantamento de dados sobre absente\u00edsmo referente aos atestados de afastamento. Esta iniciativa tem como prop\u00f3sito a identifica\u00e7\u00e3o das principais etiologias de aus\u00eancia e a implementa\u00e7\u00e3o de medidas preventivas e de promo\u00e7\u00e3o da sa\u00fade no \u00e2mbito da institui\u00e7\u00e3o. O processo [&hellip;]<\/p>\n","protected":false},"author":3,"featured_media":0,"parent":93,"menu_order":0,"comment_status":"closed","ping_status":"closed","template":"","meta":{"_exactmetrics_skip_tracking":false,"_exactmetrics_sitenote_active":false,"_exactmetrics_sitenote_note":"","_exactmetrics_sitenote_category":0,"footnotes":"","_links_to":"","_links_to_target":""},"class_list":["post-97","page","type-page","status-publish","hentry"],"_links":{"self":[{"href":"https:\/\/www3.unicentro.br\/sesmt\/wp-json\/wp\/v2\/pages\/97","targetHints":{"allow":["GET"]}}],"collection":[{"href":"https:\/\/www3.unicentro.br\/sesmt\/wp-json\/wp\/v2\/pages"}],"about":[{"href":"https:\/\/www3.unicentro.br\/sesmt\/wp-json\/wp\/v2\/types\/page"}],"author":[{"embeddable":true,"href":"https:\/\/www3.unicentro.br\/sesmt\/wp-json\/wp\/v2\/users\/3"}],"replies":[{"embeddable":true,"href":"https:\/\/www3.unicentro.br\/sesmt\/wp-json\/wp\/v2\/comments?post=97"}],"version-history":[{"count":1,"href":"https:\/\/www3.unicentro.br\/sesmt\/wp-json\/wp\/v2\/pages\/97\/revisions"}],"predecessor-version":[{"id":210,"href":"https:\/\/www3.unicentro.br\/sesmt\/wp-json\/wp\/v2\/pages\/97\/revisions\/210"}],"up":[{"embeddable":true,"href":"https:\/\/www3.unicentro.br\/sesmt\/wp-json\/wp\/v2\/pages\/93"}],"wp:attachment":[{"href":"https:\/\/www3.unicentro.br\/sesmt\/wp-json\/wp\/v2\/media?parent=97"}],"curies":[{"name":"wp","href":"https:\/\/api.w.org\/{rel}","templated":true}]}}