{"id":105,"date":"2025-03-27T16:09:53","date_gmt":"2025-03-27T19:09:53","guid":{"rendered":"https:\/\/www3.unicentro.br\/sesmt\/?page_id=105"},"modified":"2025-04-10T09:48:37","modified_gmt":"2025-04-10T12:48:37","slug":"pcmso","status":"publish","type":"page","link":"https:\/\/www3.unicentro.br\/sesmt\/documentacao\/pcmso\/","title":{"rendered":"PCMSO"},"content":{"rendered":"<p><strong>PCMSO \u2013 Programa de Controle M\u00e9dico de Sa\u00fade Ocupacional<\/strong><\/p>\n<p>O Programa de Controle M\u00e9dico de Sa\u00fade Ocupacional (PCMSO) \u00e9 um conjunto de diretrizes e medidas voltadas para a preserva\u00e7\u00e3o da sa\u00fade dos trabalhadores dentro de uma empresa. Previsto na Norma Regulamentadora n\u00ba 7 (NR-7) do Minist\u00e9rio do Trabalho e Emprego, o PCMSO tem como principal objetivo prevenir, rastrear e diagnosticar precocemente poss\u00edveis doen\u00e7as ocupacionais, garantindo um ambiente de trabalho mais seguro e saud\u00e1vel.<\/p>\n<p>A elabora\u00e7\u00e3o do PCMSO deve ser feita por um m\u00e9dico do trabalho e est\u00e1 diretamente relacionada ao Programa de Gerenciamento de Riscos (PGR), que identifica e avalia os riscos no ambiente laboral.<\/p>\n<p>A import\u00e2ncia do PCMSO est\u00e1 na sua capacidade de reduzir os riscos de doen\u00e7as ocupacionais e acidentes de trabalho, promovendo bem-estar e qualidade de vida para os colaboradores. Al\u00e9m disso, o programa ajuda as empresas a cumprirem as exig\u00eancias legais, evitando penalidades e garantindo um ambiente laboral mais seguro e produtivo.<\/p>\n<p>A implementa\u00e7\u00e3o eficaz do PCMSO demonstra o compromisso da empresa com a sa\u00fade e seguran\u00e7a de seus empregados, refor\u00e7ando a preven\u00e7\u00e3o como a melhor estrat\u00e9gia para um ambiente de trabalho equilibrado e sustent\u00e1vel.<\/p>\n","protected":false},"excerpt":{"rendered":"<p>PCMSO \u2013 Programa de Controle M\u00e9dico de Sa\u00fade Ocupacional O Programa de Controle M\u00e9dico de Sa\u00fade Ocupacional (PCMSO) \u00e9 um conjunto de diretrizes e medidas voltadas para a preserva\u00e7\u00e3o da sa\u00fade dos trabalhadores dentro de uma empresa. Previsto na Norma Regulamentadora n\u00ba 7 (NR-7) do Minist\u00e9rio do Trabalho e Emprego, o PCMSO tem como principal [&hellip;]<\/p>\n","protected":false},"author":3,"featured_media":0,"parent":101,"menu_order":0,"comment_status":"closed","ping_status":"closed","template":"","meta":{"_exactmetrics_skip_tracking":false,"_exactmetrics_sitenote_active":false,"_exactmetrics_sitenote_note":"","_exactmetrics_sitenote_category":0,"footnotes":"","_links_to":"","_links_to_target":""},"class_list":["post-105","page","type-page","status-publish","hentry"],"_links":{"self":[{"href":"https:\/\/www3.unicentro.br\/sesmt\/wp-json\/wp\/v2\/pages\/105","targetHints":{"allow":["GET"]}}],"collection":[{"href":"https:\/\/www3.unicentro.br\/sesmt\/wp-json\/wp\/v2\/pages"}],"about":[{"href":"https:\/\/www3.unicentro.br\/sesmt\/wp-json\/wp\/v2\/types\/page"}],"author":[{"embeddable":true,"href":"https:\/\/www3.unicentro.br\/sesmt\/wp-json\/wp\/v2\/users\/3"}],"replies":[{"embeddable":true,"href":"https:\/\/www3.unicentro.br\/sesmt\/wp-json\/wp\/v2\/comments?post=105"}],"version-history":[{"count":1,"href":"https:\/\/www3.unicentro.br\/sesmt\/wp-json\/wp\/v2\/pages\/105\/revisions"}],"predecessor-version":[{"id":216,"href":"https:\/\/www3.unicentro.br\/sesmt\/wp-json\/wp\/v2\/pages\/105\/revisions\/216"}],"up":[{"embeddable":true,"href":"https:\/\/www3.unicentro.br\/sesmt\/wp-json\/wp\/v2\/pages\/101"}],"wp:attachment":[{"href":"https:\/\/www3.unicentro.br\/sesmt\/wp-json\/wp\/v2\/media?parent=105"}],"curies":[{"name":"wp","href":"https:\/\/api.w.org\/{rel}","templated":true}]}}