{"id":61,"date":"2019-05-03T16:14:00","date_gmt":"2019-05-03T19:14:00","guid":{"rendered":"https:\/\/www3.unicentro.br\/sehlag\/?page_id=61"},"modified":"2023-02-24T14:42:43","modified_gmt":"2023-02-24T17:42:43","slug":"cursos","status":"publish","type":"page","link":"https:\/\/www3.unicentro.br\/sehlag\/cursos\/","title":{"rendered":"Cursos"},"content":{"rendered":"<div class=\"wpb-content-wrapper\"><p>[vc_row][vc_column][vc_column_text]<\/p>\n<h3 style=\"text-align: center\">Cursos que comp\u00f5em o Setor de Humanas, Letras e Artes da Unicentro\/ Guarapuava:<\/h3>\n<p>[\/vc_column_text][\/vc_column][\/vc_row][vc_row][vc_column]    <div class=\"un-heading un-heading-heading_2540 \" data-delay=0>\n    \t<div class=\"un-heading-wrap\">\n            <span class=\"un-heading-line un-heading-before\"><span><\/span><\/span>\n                            <span class='btn btn-default btn-lg btn-lighter un-heading-content'>\n                            Licenciaturas                            <\/span>\n                        <span class=\"un-heading-line un-heading-after\"><span><\/span><\/span>\n        <\/div>\n        <div class=\"clearfix\"><\/div>\n    <\/div>\n    [\/vc_column][\/vc_row][vc_row][vc_column width=&#8221;1\/3&#8243; css=&#8221;.vc_custom_1557753234494{margin-top: 50px !important;}&#8221;][vc_single_image source=&#8221;external_link&#8221; external_img_size=&#8221;full&#8221; alignment=&#8221;center&#8221; custom_src=&#8221;https:\/\/www3.unicentro.br\/wp-content\/uploads\/2016\/11\/img-arte.jpg&#8221;][vc_video link=&#8221;https:\/\/youtu.be\/mdW8p4OS_Nk&#8221; title=&#8221;Arte&#8221;][\/vc_column][vc_column width=&#8221;2\/3&#8243;][vc_column_text]<\/p>\n<p style=\"text-align: center\"><span style=\"font-size: 24pt\"><strong><span style=\"font-size: 18pt\">Arte\u00a0<\/span><\/strong><\/span><\/p>\n<p>O objetivo do curso de licenciatura em Arte \u00e9 de habilitar profissionais para atuarem na doc\u00eancia, na produ\u00e7\u00e3o e na pesquisa em Arte por meio do constructo do exerc\u00edcio art\u00edstico, possibilitando a ampla atua\u00e7\u00e3o intelectual e art\u00edstica.<\/p>\n<p><strong>DURA\u00c7\u00c3O:<\/strong> 4 anos<\/p>\n<p><strong>Chefe do departamento:\u00a0 <\/strong>Daiane Solange Stoeberl da Cunha<\/p>\n<p><strong>Ramal:\u00a0<\/strong>1308<\/p>\n<p><strong>E-mail:\u00a0<\/strong>daianes@unicentro.br<\/p>\n<p><strong>Acesso \u00e0 p\u00e1gina do curso:\u00a0 <\/strong><a href=\"https:\/\/www3.unicentro.br\/deart\">https:\/\/www3.unicentro.br\/deart<\/a>[\/vc_column_text][vc_btn title=&#8221;Matriz e Ementas&#8221; style=&#8221;flat&#8221; shape=&#8221;square&#8221; color=&#8221;peacoc&#8221; link=&#8221;url:https%3A%2F%2Fwww3.unicentro.br%2Fproen%2Fcursos%2Fmatrizes-curriculares%2F%231535135405159-8932f1de-183c|||&#8221;][\/vc_column][\/vc_row][vc_row u_row_style=&#8221;0&#8243; u_row_paralax=&#8221;0&#8243; u_row_scheme=&#8221;0&#8243; css=&#8221;.vc_custom_1557753476270{padding: 5px !important;background-color: #f2f2f2 !important;}&#8221;][vc_column width=&#8221;1\/3&#8243; css=&#8221;.vc_custom_1557753234494{margin-top: 50px !important;}&#8221;][vc_single_image source=&#8221;external_link&#8221; external_img_size=&#8221;full&#8221; alignment=&#8221;center&#8221; custom_src=&#8221;https:\/\/www3.unicentro.br\/wp-content\/uploads\/2017\/01\/img-filosofia1-526&#215;288.jpg&#8221;][vc_video link=&#8221;https:\/\/youtu.be\/IDhzDHqC3Pw&#8221; title=&#8221;Curso de filosofia&#8221;][\/vc_column][vc_column width=&#8221;2\/3&#8243;][vc_column_text]<\/p>\n<p style=\"text-align: center\"><strong><span style=\"font-size: 18pt\">Filosofia<\/span><\/strong><\/p>\n<p>Licenciatura de car\u00e1ter human\u00edstico que valoriza o autoconhecimento, a rela\u00e7\u00e3o com o outro, a consci\u00eancia \u00e9tica, o desenvolvimento pessoal e objetiva a forma\u00e7\u00e3o de professores de filosofia. Caracteriza-se pela reflex\u00e3o cr\u00edtica, a fim de compreender os fundamentos da realidade e das quest\u00f5es que constituem o corpo do pensamento filos\u00f3fico ao longo de toda hist\u00f3ria. Faz parte da forma\u00e7\u00e3o da experi\u00eancia investigativa, a pesquisa, a an\u00e1lise, a discuss\u00e3o e a constru\u00e7\u00e3o de um pensamento aut\u00f4nomo.<\/p>\n<p><strong>Dura\u00e7\u00e3o<\/strong>: 4 anos<\/p>\n<p><strong>Chefe de departamento: \u00a0<\/strong>Augusto Bach<\/p>\n<p><strong>Ramal:\u00a0<\/strong>1097<\/p>\n<p><strong>E-mail:\u00a0<\/strong>augustobach@unicentro.br<\/p>\n<p><strong>Acesso \u00e0 p\u00e1gina do curso: <a href=\"https:\/\/www3.unicentro.br\/defil\/\">https:\/\/www3.unicentro.br\/defil\/<\/a><\/strong>[\/vc_column_text][vc_btn title=&#8221;Matriz e Ementas&#8221; style=&#8221;flat&#8221; shape=&#8221;square&#8221; color=&#8221;peacoc&#8221; link=&#8221;url:https%3A%2F%2Fwww3.unicentro.br%2Fproen%2Fcursos%2Fmatrizes-curriculares%2F%231536183192393-ec973963-5a8f|||&#8221;][\/vc_column][\/vc_row][vc_row][vc_column width=&#8221;1\/3&#8243; css=&#8221;.vc_custom_1557753234494{margin-top: 50px !important;}&#8221;][vc_single_image source=&#8221;external_link&#8221; external_img_size=&#8221;full&#8221; alignment=&#8221;center&#8221; custom_src=&#8221;https:\/\/www3.unicentro.br\/wp-content\/uploads\/2016\/11\/img-historia.jpg&#8221;][vc_video link=&#8221;https:\/\/youtu.be\/tvpsExNjm84&#8243; title=&#8221;Curso de Hist\u00f3ria&#8221;][\/vc_column][vc_column width=&#8221;2\/3&#8243;][vc_column_text]<\/p>\n<p style=\"text-align: center\"><strong><span style=\"font-size: 18pt\">Hist\u00f3ria<\/span><\/strong><\/p>\n<p>Ci\u00eancia que estuda a a\u00e7\u00e3o dos homens no tempo. Pesquisa, estuda e interpreta os fatos de acordo com suas causas, significados e consequ\u00eancias, avaliando acontecimentos passados e presentes, assim como as condi\u00e7\u00f5es econ\u00f4micas, culturais e sociais que os originaram. Pela cr\u00edtica e interpreta\u00e7\u00e3o dos acontecimentos, amplia a compreens\u00e3o sobre o desenvolvimento da humanidade.<\/p>\n<p><strong>DURA\u00c7\u00c3O:<\/strong> 4 anos<\/p>\n<p><strong>Coordena\u00e7\u00e3o do curso:\u00a0<\/strong>Marcia Terezinha Tembil<\/p>\n<p><strong>Ramal:\u00a0<\/strong>1061<\/p>\n<p><strong>E-mail:\u00a0<\/strong>mtembil@unicentro.br<\/p>\n<p><strong>Acesso \u00e0 p\u00e1gina do curso:\u00a0 <\/strong><a href=\"https:\/\/www3.unicentro.br\/cursos\/historia-guarapuava\/\">https:\/\/www3.unicentro.br\/cursos\/historia-guarapuava\/<\/a>[\/vc_column_text][vc_btn title=&#8221;Matriz e Ementas&#8221; style=&#8221;flat&#8221; shape=&#8221;square&#8221; color=&#8221;peacoc&#8221; link=&#8221;url:https%3A%2F%2Fwww3.unicentro.br%2Fproen%2Fcursos%2Fmatrizes-curriculares%2F%231536184286536-2cb039d3-fc63|||&#8221;][\/vc_column][\/vc_row][vc_row u_row_style=&#8221;0&#8243; u_row_paralax=&#8221;0&#8243; u_row_scheme=&#8221;0&#8243; css=&#8221;.vc_custom_1557753476270{padding: 5px !important;background-color: #f2f2f2 !important;}&#8221;][vc_column width=&#8221;1\/3&#8243; css=&#8221;.vc_custom_1557753234494{margin-top: 50px !important;}&#8221;][vc_single_image source=&#8221;external_link&#8221; external_img_size=&#8221;full&#8221; alignment=&#8221;center&#8221; custom_src=&#8221;https:\/\/www3.unicentro.br\/wp-content\/uploads\/2016\/12\/img-letrasport-1-526&#215;288.jpg&#8221;][vc_video link=&#8221;https:\/\/youtu.be\/4feVOXIRa4A&#8221; title=&#8221;Letras Literatura&#8221;][vc_video link=&#8221;https:\/\/youtu.be\/Iseq6CxcwEI&#8221; title=&#8221;Letras Ingl\u00eas&#8221;][\/vc_column][vc_column width=&#8221;2\/3&#8243;][vc_column_text]<\/p>\n<p style=\"text-align: center\"><strong><span style=\"font-size: 18pt\">Letras<\/span><\/strong><\/p>\n<p>O curso de Letras ofertado no Campus Santa Cruz, em Guarapuava, contempla duas habilita\u00e7\u00f5es: Letras Portugu\u00eas e literaturas de l\u00edngua portuguesa e Letras Ingl\u00eas e literaturas de l\u00edngua inglesa . O profissional estuda as l\u00ednguas em seus aspectos estruturais, textuais e discursivos. Desenvolve leitura cr\u00edtica de diferentes tipos de texto, em particular o liter\u00e1rio, o cient\u00edfico e o midi\u00e1tico. Dialoga com as diferentes teorias sobre L\u00edngua e Literatura, suas principais divis\u00f5es e sua hist\u00f3ria. A reflex\u00e3o teoricamente fundamentada se voltar\u00e1 particularmente para o ensino de l\u00edngua, contemplando a rela\u00e7\u00e3o l\u00edngua-linguagem.<\/p>\n<p><strong>Dura\u00e7\u00e3o:\u00a0<\/strong>4 anos<\/p>\n<p><strong>Chefe de departamento<\/strong>: Claudia Maris Tullio<\/p>\n<p><strong>Ramal:\u00a0<\/strong>1055<\/p>\n<p><strong>E-mail:\u00a0<\/strong>claudiamaris@unicentro.br<\/p>\n<p><strong>Acesso \u00e0 p\u00e1gina do curso:<\/strong>\u00a0<a href=\"https:\/\/www3.unicentro.br\/cursos\/letras-guarapuava\/\">https:\/\/www3.unicentro.br\/cursos\/letras-guarapuava\/<\/a>[\/vc_column_text][vc_btn title=&#8221;Matriz e Ementas&#8221; style=&#8221;flat&#8221; shape=&#8221;square&#8221; color=&#8221;peacoc&#8221; link=&#8221;url:https%3A%2F%2Fwww3.unicentro.br%2Fproen%2Fcursos%2Fmatrizes-curriculares%2F%231536186068741-8805eefe-673d|||&#8221;][\/vc_column][\/vc_row][vc_row][vc_column width=&#8221;1\/3&#8243; css=&#8221;.vc_custom_1557753234494{margin-top: 50px !important;}&#8221;][vc_single_image source=&#8221;external_link&#8221; external_img_size=&#8221;full&#8221; alignment=&#8221;center&#8221; custom_src=&#8221;https:\/\/www3.unicentro.br\/wp-content\/uploads\/2016\/11\/img-pedagogia.jpg&#8221;][vc_video link=&#8221;https:\/\/youtu.be\/uQ1iKMM_KFw&#8221;][\/vc_column][vc_column width=&#8221;2\/3&#8243;][vc_column_text]<\/p>\n<p style=\"text-align: center\"><strong><span style=\"font-size: 18pt\">Pedagogia<\/span><\/strong><\/p>\n<p>O pedagogo administra, gerencia e orienta a aplica\u00e7\u00e3o de m\u00e9todos did\u00e1ticos que apresentem maior efic\u00e1cia no ensino-aprendizagem. O Curso est\u00e1 voltado para a forma\u00e7\u00e3o de docentes com a finalidade de atua\u00e7\u00e3o em escolas de educa\u00e7\u00e3o infantil, de Ensino Fundamental e M\u00e9dio, bem como Ensino Superior e, ainda, para atuar na gest\u00e3o escolar em institui\u00e7\u00f5es escolares e n\u00e3o escolares.<\/p>\n<p><strong>Dura\u00e7\u00e3o:\u00a0<\/strong>4 anos<\/p>\n<p><strong>Chefe de departamento:\u00a0<\/strong>Melissa Rodrigues da Silva<\/p>\n<p><strong>Ramal:\u00a0<\/strong>1057<\/p>\n<p><strong>E-mail:\u00a0<\/strong>melissarodrigues@unicentro.br<\/p>\n<p><strong>Acesso \u00e0 p\u00e1gina do curso:<\/strong>\u00a0<a href=\"https:\/\/www3.unicentro.br\/cursos\/pedagogia-guarapuava\/\">https:\/\/www3.unicentro.br\/cursos\/pedagogia-guarapuava\/<\/a>[\/vc_column_text][vc_btn title=&#8221;Matriz e Ementas&#8221; style=&#8221;flat&#8221; shape=&#8221;square&#8221; color=&#8221;peacoc&#8221; link=&#8221;url:https%3A%2F%2Fwww3.unicentro.br%2Fproen%2Fcursos%2Fmatrizes-curriculares%2F%231537484632232-4b76e08b-0c47|||&#8221;][\/vc_column][\/vc_row][vc_row][vc_column]    <div class=\"un-heading un-heading-heading_4889 \" data-delay=0>\n    \t<div class=\"un-heading-wrap\">\n            <span class=\"un-heading-line un-heading-before\"><span><\/span><\/span>\n                            <span class='btn btn-default btn-lg btn-lighter un-heading-content'>\n                            Bacharelados                            <\/span>\n                        <span class=\"un-heading-line un-heading-after\"><span><\/span><\/span>\n        <\/div>\n        <div class=\"clearfix\"><\/div>\n    <\/div>\n    [\/vc_column][\/vc_row][vc_row u_row_style=&#8221;0&#8243; u_row_paralax=&#8221;0&#8243; u_row_scheme=&#8221;0&#8243; css=&#8221;.vc_custom_1557754679778{padding: 5px !important;background-color: #f2f2f2 !important;}&#8221;][vc_column width=&#8221;1\/3&#8243; css=&#8221;.vc_custom_1557753234494{margin-top: 50px !important;}&#8221;][vc_single_image source=&#8221;external_link&#8221; external_img_size=&#8221;full&#8221; alignment=&#8221;center&#8221; custom_src=&#8221;https:\/\/www3.unicentro.br\/wp-content\/uploads\/2016\/11\/img-jornalismo.jpg&#8221;][vc_video link=&#8221;https:\/\/www.youtube.com\/watch?v=Rp1yJP4_WcE&amp;feature=youtu.be&#8221; title=&#8221;Curso Jornalismo&#8221;][\/vc_column][vc_column width=&#8221;2\/3&#8243;][vc_column_text]<\/p>\n<p style=\"text-align: center\"><span style=\"font-size: 18pt\"><strong>Jornalismo<\/strong><\/span><\/p>\n<p>O Jornalismo transmite uma ideia ou fato em forma de mat\u00e9ria informativa ao leitor, ouvinte, telespectador e internauta. Exige caracter\u00edsticas pessoais b\u00e1sicas, como a facilidade de express\u00e3o oral e escrita, a capacidade de dedu\u00e7\u00e3o e racioc\u00ednio, o esp\u00edrito observador e cr\u00edtico, boa bagagem cultural, disposi\u00e7\u00e3o para investiga\u00e7\u00e3o e sensibilidade para aprender e relatar situa\u00e7\u00f5es.<\/p>\n<p><span style=\"font-size: 12pt\"><strong>Dura\u00e7\u00e3o<\/strong><\/span>: 4 anos<\/p>\n<p><strong>Chefe de departamento:\u00a0<\/strong>Layse Pereira Soares do Nascimento<\/p>\n<p><strong>Ramal:\u00a0<\/strong>1088<\/p>\n<p><strong>E-mail:\u00a0<\/strong>layse@unicentro.br<\/p>\n<p><strong>Acesso \u00e0 p\u00e1gina do curso:<\/strong>\u00a0<a href=\"https:\/\/www3.unicentro.br\/cursos\/jornalismo\/\">https:\/\/www3.unicentro.br\/cursos\/jornalismo\/<\/a>[\/vc_column_text][vc_btn title=&#8221;Matriz e Ementas&#8221; style=&#8221;flat&#8221; shape=&#8221;square&#8221; color=&#8221;peacoc&#8221; link=&#8221;url:https%3A%2F%2Fwww3.unicentro.br%2Fproen%2Fcursos%2Fmatrizes-curriculares%2F%231536184883108-7141fa21-5045|||&#8221;][\/vc_column][\/vc_row][vc_row u_row_style=&#8221;0&#8243; u_row_paralax=&#8221;0&#8243; u_row_scheme=&#8221;0&#8243;][vc_column width=&#8221;1\/3&#8243; css=&#8221;.vc_custom_1557753234494{margin-top: 50px !important;}&#8221;][vc_single_image source=&#8221;external_link&#8221; external_img_size=&#8221;full&#8221; alignment=&#8221;center&#8221; custom_src=&#8221;https:\/\/www3.unicentro.br\/wp-content\/uploads\/2016\/12\/img-letrasport-1-526&#215;288.jpg&#8221;][vc_video link=&#8221;https:\/\/youtu.be\/U8aTYw4qUWA&#8221; title=&#8221;Curso de Publicidade&#8221;][\/vc_column][vc_column width=&#8221;2\/3&#8243;][vc_column_text]<\/p>\n<p style=\"text-align: center\"><span style=\"font-size: 18pt\"><strong>Publicidade<\/strong><\/span><\/p>\n<p>O publicit\u00e1rio desenvolve e aplica t\u00e9cnicas de pesquisa, planejamento e cria\u00e7\u00e3o de campanhas voltadas aos Meios de Comunica\u00e7\u00e3o, para formar opini\u00e3o sobre um determinado produto, servi\u00e7o, institui\u00e7\u00e3o ou ideia. O aluno deve ter facilidade de express\u00e3o oral e escrita, imagina\u00e7\u00e3o e criatividade, curiosidade para a compreens\u00e3o do comportamento das pessoas e grupos sociais, bem como suas tend\u00eancias e aspira\u00e7\u00f5es. Disposi\u00e7\u00e3o para manter-se atualizado em todas as \u00e1reas.<\/p>\n<p><strong>Dura\u00e7\u00e3o:\u00a0<\/strong>4 anos<\/p>\n<p><strong>Chefe de departamento:\u00a0<\/strong>Layse Pereira Soares do Nascimento<\/p>\n<p><strong>Ramal:<\/strong> 1088<\/p>\n<p><strong>E-mail:\u00a0<\/strong>layse@unicentro.br<\/p>\n<p><strong>Acesso \u00e0 p\u00e1gina do curso:<\/strong> <a href=\"https:\/\/www3.unicentro.br\/cursos\/publicidade-e-propaganda\/\">https:\/\/www3.unicentro.br\/cursos\/publicidade-e-propaganda\/<\/a>[\/vc_column_text][vc_btn title=&#8221;Matriz e Ementas&#8221; style=&#8221;flat&#8221; shape=&#8221;square&#8221; color=&#8221;peacoc&#8221; link=&#8221;url:https%3A%2F%2Fwww3.unicentro.br%2Fproen%2Fcursos%2Fmatrizes-curriculares%2F%231536004942266-c455f9a3-ab03|||&#8221;][\/vc_column][\/vc_row]<\/p>\n<\/div>","protected":false},"excerpt":{"rendered":"<p>[vc_row][vc_column][vc_column_text] Cursos que comp\u00f5em o Setor de Humanas, Letras e Artes da Unicentro\/ Guarapuava: [\/vc_column_text][\/vc_column][\/vc_row][vc_row][vc_column][\/vc_column][\/vc_row][vc_row][vc_column width=&#8221;1\/3&#8243; css=&#8221;.vc_custom_1557753234494{margin-top: 50px !important;}&#8221;][vc_single_image source=&#8221;external_link&#8221; external_img_size=&#8221;full&#8221; alignment=&#8221;center&#8221; custom_src=&#8221;https:\/\/www3.unicentro.br\/wp-content\/uploads\/2016\/11\/img-arte.jpg&#8221;][vc_video link=&#8221;https:\/\/youtu.be\/mdW8p4OS_Nk&#8221; title=&#8221;Arte&#8221;][\/vc_column][vc_column width=&#8221;2\/3&#8243;][vc_column_text] Arte\u00a0 O objetivo do curso de licenciatura em Arte \u00e9 de habilitar profissionais para atuarem na doc\u00eancia, na produ\u00e7\u00e3o e na pesquisa em Arte por meio do constructo do [&hellip;]<\/p>\n","protected":false},"author":180,"featured_media":0,"parent":0,"menu_order":0,"comment_status":"closed","ping_status":"closed","template":"","meta":{"_exactmetrics_skip_tracking":false,"_exactmetrics_sitenote_active":false,"_exactmetrics_sitenote_note":"","_exactmetrics_sitenote_category":0,"footnotes":"","_links_to":"","_links_to_target":""},"class_list":["post-61","page","type-page","status-publish","hentry"],"_links":{"self":[{"href":"https:\/\/www3.unicentro.br\/sehlag\/wp-json\/wp\/v2\/pages\/61","targetHints":{"allow":["GET"]}}],"collection":[{"href":"https:\/\/www3.unicentro.br\/sehlag\/wp-json\/wp\/v2\/pages"}],"about":[{"href":"https:\/\/www3.unicentro.br\/sehlag\/wp-json\/wp\/v2\/types\/page"}],"author":[{"embeddable":true,"href":"https:\/\/www3.unicentro.br\/sehlag\/wp-json\/wp\/v2\/users\/180"}],"replies":[{"embeddable":true,"href":"https:\/\/www3.unicentro.br\/sehlag\/wp-json\/wp\/v2\/comments?post=61"}],"version-history":[{"count":0,"href":"https:\/\/www3.unicentro.br\/sehlag\/wp-json\/wp\/v2\/pages\/61\/revisions"}],"wp:attachment":[{"href":"https:\/\/www3.unicentro.br\/sehlag\/wp-json\/wp\/v2\/media?parent=61"}],"curies":[{"name":"wp","href":"https:\/\/api.w.org\/{rel}","templated":true}]}}