{"id":85,"date":"2019-04-08T14:18:20","date_gmt":"2019-04-08T17:18:20","guid":{"rendered":"https:\/\/www3.unicentro.br\/seaai\/?page_id=85"},"modified":"2019-04-08T14:18:27","modified_gmt":"2019-04-08T17:18:27","slug":"laboratorios-engenharia-florestal","status":"publish","type":"page","link":"https:\/\/www3.unicentro.br\/seaai\/laboratorios-engenharia-florestal\/","title":{"rendered":"Laborat\u00f3rios Engenharia Florestal"},"content":{"rendered":"<table border=\"0\" cellspacing=\"0\">\n<colgroup width=\"471\"><\/colgroup>\n<tbody>\n<tr>\n<td align=\"center\" height=\"18\"><span style=\"color: #000000\">Laborat\u00f3rio de Solos Florestais<\/span><\/td>\n<\/tr>\n<tr>\n<td align=\"center\" height=\"18\"><span style=\"color: #000000\">Laborat\u00f3rio de Fertilidade e Nutri\u00e7\u00e3o de Plantas<\/span><\/td>\n<\/tr>\n<tr>\n<td align=\"center\" height=\"18\"><span style=\"color: #000000\">Laborat\u00f3rio de Silvicultura<\/span><\/td>\n<\/tr>\n<tr>\n<td align=\"center\" height=\"18\"><span style=\"color: #000000\">Laborat\u00f3rio de Silvicultura Urbana<\/span><\/td>\n<\/tr>\n<tr>\n<td align=\"center\" height=\"18\">Centro de Geotecnologia Ambiental Att\u00edlio Ant\u00f4nio Disperati<\/td>\n<\/tr>\n<tr>\n<td align=\"center\" height=\"33\">Laborat\u00f3rio de Manejo Florestal<\/td>\n<\/tr>\n<tr>\n<td align=\"center\" height=\"33\">Laborat\u00f3rio de Manejo Florestal II<\/td>\n<\/tr>\n<tr>\n<td align=\"center\" height=\"18\">Laborat\u00f3rio de Ergonomia<\/td>\n<\/tr>\n<tr>\n<td align=\"center\" height=\"18\"><span style=\"color: #000000\">Laborat\u00f3rio de Colheita e Transporte Florestal<\/span><\/td>\n<\/tr>\n<tr>\n<td align=\"center\" height=\"18\">Laborat\u00f3rio de Economia e Mercado do Setor Florestal<\/td>\n<\/tr>\n<tr>\n<td align=\"center\" height=\"18\">Laborat\u00f3rio de Entomologia<\/td>\n<\/tr>\n<tr>\n<td align=\"center\" height=\"33\">Laborat\u00f3rio de Conserva\u00e7\u00e3o da Natureza<\/td>\n<\/tr>\n<tr>\n<td align=\"center\" height=\"18\">Laborat\u00f3rio de Gen\u00e9tica e Melhoramento Florestal<\/td>\n<\/tr>\n<tr>\n<td align=\"center\" height=\"27\">Laborat\u00f3rio de Tecnologia de Produtos Florestais<\/td>\n<\/tr>\n<tr>\n<td align=\"center\" height=\"20\"><span style=\"color: #000000\">Laborat\u00f3rio de Patologia Florestal<\/span><\/td>\n<\/tr>\n<\/tbody>\n<\/table>\n<table border=\"0\" cellspacing=\"0\">\n<colgroup width=\"471\"><\/colgroup>\n<tbody>\n<tr>\n<td align=\"center\" height=\"33\"><span style=\"color: #000000\">Laborat\u00f3rio de Biomassa Florestal (multiusu\u00e1rio)<\/span><\/td>\n<\/tr>\n<tr>\n<td align=\"center\" height=\"34\"><span style=\"color: #000000\">Laborat\u00f3rio de Bioenergia Florestal\u00a0(multiusu\u00e1rio)<\/span><\/td>\n<\/tr>\n<tr>\n<td align=\"center\" height=\"33\"><span style=\"color: #000000\">Laborat\u00f3rio de Biotecnologia\u00a0(multiusu\u00e1rio) <\/span><\/td>\n<\/tr>\n<\/tbody>\n<\/table>\n","protected":false},"excerpt":{"rendered":"<p>Laborat\u00f3rio de Solos Florestais Laborat\u00f3rio de Fertilidade e Nutri\u00e7\u00e3o de Plantas Laborat\u00f3rio de Silvicultura Laborat\u00f3rio de Silvicultura Urbana Centro de Geotecnologia Ambiental Att\u00edlio Ant\u00f4nio Disperati Laborat\u00f3rio de Manejo Florestal Laborat\u00f3rio de Manejo Florestal II Laborat\u00f3rio de Ergonomia Laborat\u00f3rio de Colheita e Transporte Florestal Laborat\u00f3rio de Economia e Mercado do Setor Florestal Laborat\u00f3rio de Entomologia Laborat\u00f3rio [&hellip;]<\/p>\n","protected":false},"author":173,"featured_media":0,"parent":0,"menu_order":0,"comment_status":"closed","ping_status":"closed","template":"","meta":{"_exactmetrics_skip_tracking":false,"_exactmetrics_sitenote_active":false,"_exactmetrics_sitenote_note":"","_exactmetrics_sitenote_category":0,"footnotes":"","_links_to":"","_links_to_target":""},"class_list":["post-85","page","type-page","status-publish","hentry"],"_links":{"self":[{"href":"https:\/\/www3.unicentro.br\/seaai\/wp-json\/wp\/v2\/pages\/85","targetHints":{"allow":["GET"]}}],"collection":[{"href":"https:\/\/www3.unicentro.br\/seaai\/wp-json\/wp\/v2\/pages"}],"about":[{"href":"https:\/\/www3.unicentro.br\/seaai\/wp-json\/wp\/v2\/types\/page"}],"author":[{"embeddable":true,"href":"https:\/\/www3.unicentro.br\/seaai\/wp-json\/wp\/v2\/users\/173"}],"replies":[{"embeddable":true,"href":"https:\/\/www3.unicentro.br\/seaai\/wp-json\/wp\/v2\/comments?post=85"}],"version-history":[{"count":0,"href":"https:\/\/www3.unicentro.br\/seaai\/wp-json\/wp\/v2\/pages\/85\/revisions"}],"wp:attachment":[{"href":"https:\/\/www3.unicentro.br\/seaai\/wp-json\/wp\/v2\/media?parent=85"}],"curies":[{"name":"wp","href":"https:\/\/api.w.org\/{rel}","templated":true}]}}