{"id":74,"date":"2019-04-08T11:12:47","date_gmt":"2019-04-08T14:12:47","guid":{"rendered":"https:\/\/www3.unicentro.br\/seaai\/?page_id=74"},"modified":"2022-08-30T20:53:12","modified_gmt":"2022-08-30T23:53:12","slug":"docentes-geografia","status":"publish","type":"page","link":"https:\/\/www3.unicentro.br\/seaai\/docentes-geografia\/","title":{"rendered":"Docentes Geografia"},"content":{"rendered":"<table width=\"667\" cellspacing=\"0\" cellpadding=\"4\">\n<colgroup>\n<col width=\"658\" \/> <\/colgroup>\n<tbody>\n<tr>\n<td>\n<p class=\"western\" align=\"justify\"><span style=\"color: #000000\"><span style=\"font-size: small\"><span lang=\"pt-BR\">1. Alides Baptista Chimin Junior<\/span><\/span><\/span><\/p>\n<\/td>\n<\/tr>\n<tr>\n<td valign=\"top\" width=\"658\">\n<p class=\"western\" align=\"justify\"><span style=\"color: #000000\"><span style=\"font-size: small\"><span lang=\"pt-BR\">2.<\/span><\/span> <span style=\"font-size: small\"><span lang=\"pt-BR\">Andreza<\/span><\/span> <span style=\"font-size: small\"><span lang=\"pt-BR\">Rocha<\/span><\/span> <span style=\"font-size: small\"><span lang=\"pt-BR\">de<\/span><\/span> <span style=\"font-size: small\"><span lang=\"pt-BR\">Freitas<\/span><\/span><\/span><\/p>\n<\/td>\n<\/tr>\n<tr>\n<td valign=\"top\" width=\"658\">\n<p class=\"western\" align=\"justify\"><span style=\"font-size: small;color: #000000\">3. Fernanda Keiko Ikuta<\/span><\/p>\n<\/td>\n<\/tr>\n<tr>\n<td valign=\"top\" width=\"658\">\n<p class=\"western\" align=\"justify\"><span style=\"font-size: small;color: #000000\">4. Jo\u00e3o An\u00e9sio Bednarz<\/span><\/p>\n<\/td>\n<\/tr>\n<tr>\n<td valign=\"top\" width=\"658\">\n<p class=\"western\" align=\"justify\"><span style=\"font-size: small;color: #000000\">5. Julio Manoel Fran\u00e7a da Silva<\/span><\/p>\n<\/td>\n<\/tr>\n<tr>\n<td valign=\"top\" width=\"658\">\n<p class=\"western\" align=\"justify\"><span style=\"color: #000000\"><span style=\"font-size: small\"><span lang=\"en-US\">6.<\/span><\/span> <span style=\"font-size: small\"><span lang=\"en-US\">Karla<\/span><\/span> <span style=\"font-size: small\"><span lang=\"en-US\">Brumes<\/span><\/span><\/span><\/p>\n<\/td>\n<\/tr>\n<tr>\n<td>\n<p class=\"western\" align=\"justify\"><span style=\"color: #000000\"><span style=\"font-size: small\"><span lang=\"en-US\">7. Maiara Tavares Sodr\u00e9<\/span><\/span><\/span><\/p>\n<\/td>\n<\/tr>\n<tr>\n<td>\n<p class=\"western\" align=\"justify\"><span style=\"color: #000000\"><span style=\"font-size: small\"><span lang=\"en-US\">8. Marcelo Barreto<\/span><\/span><\/span><\/p>\n<\/td>\n<\/tr>\n<tr>\n<td valign=\"top\" width=\"658\">\n<p class=\"western\" align=\"justify\"><span style=\"color: #000000\"><span style=\"font-size: small\"><span lang=\"en-US\">9. Mariane F\u00e9lix da Rocha<\/span><\/span><\/span><\/p>\n<\/td>\n<\/tr>\n<tr>\n<td valign=\"top\" width=\"658\">\n<p class=\"western\" align=\"justify\"><span style=\"color: #000000\"><span style=\"font-size: small\"><span lang=\"en-US\">10.<\/span><\/span> <span style=\"font-size: small\"><span lang=\"en-US\">Luiz<\/span><\/span> <span style=\"font-size: small\"><span lang=\"en-US\">Carlos<\/span><\/span> <span style=\"font-size: small\"><span lang=\"en-US\">Basso<\/span><\/span><\/span><\/p>\n<\/td>\n<\/tr>\n<tr>\n<td valign=\"top\" width=\"658\">\n<p class=\"western\" align=\"justify\"><span style=\"color: #000000\"><span style=\"font-size: small\"><span lang=\"en-US\">11.<\/span><\/span> <span style=\"font-size: small\"><span lang=\"en-US\">Valdemir<\/span><\/span> <span style=\"font-size: small\"><span lang=\"en-US\">Antoneli<\/span><\/span><\/span><\/p>\n<\/td>\n<\/tr>\n<tr>\n<td valign=\"top\" width=\"658\">\n<p class=\"western\" align=\"left\"><span style=\"color: #000000\"><span style=\"font-size: small\"><span lang=\"en-US\">12.<\/span><\/span> <span style=\"font-size: small\"><span lang=\"en-US\">Wanda<\/span><\/span> <span style=\"font-size: small\"><span lang=\"en-US\">T.<\/span><\/span> <span style=\"font-size: small\"><span lang=\"en-US\">Pacheco<\/span><\/span> <span style=\"font-size: small\"><span lang=\"en-US\">dos<\/span><\/span> <span style=\"font-size: small\"><span lang=\"en-US\">Santos<\/span><\/span><\/span><\/p>\n<\/td>\n<\/tr>\n<\/tbody>\n<\/table>\n","protected":false},"excerpt":{"rendered":"<p>1. Alides Baptista Chimin Junior 2. Andreza Rocha de Freitas 3. Fernanda Keiko Ikuta 4. Jo\u00e3o An\u00e9sio Bednarz 5. Julio Manoel Fran\u00e7a da Silva 6. Karla Brumes 7. Maiara Tavares Sodr\u00e9 8. Marcelo Barreto 9. Mariane F\u00e9lix da Rocha 10. Luiz Carlos Basso 11. Valdemir Antoneli 12. Wanda T. Pacheco dos Santos<\/p>\n","protected":false},"author":173,"featured_media":0,"parent":0,"menu_order":0,"comment_status":"closed","ping_status":"closed","template":"","meta":{"_exactmetrics_skip_tracking":false,"_exactmetrics_sitenote_active":false,"_exactmetrics_sitenote_note":"","_exactmetrics_sitenote_category":0,"footnotes":"","_links_to":"","_links_to_target":""},"class_list":["post-74","page","type-page","status-publish","hentry"],"_links":{"self":[{"href":"https:\/\/www3.unicentro.br\/seaai\/wp-json\/wp\/v2\/pages\/74","targetHints":{"allow":["GET"]}}],"collection":[{"href":"https:\/\/www3.unicentro.br\/seaai\/wp-json\/wp\/v2\/pages"}],"about":[{"href":"https:\/\/www3.unicentro.br\/seaai\/wp-json\/wp\/v2\/types\/page"}],"author":[{"embeddable":true,"href":"https:\/\/www3.unicentro.br\/seaai\/wp-json\/wp\/v2\/users\/173"}],"replies":[{"embeddable":true,"href":"https:\/\/www3.unicentro.br\/seaai\/wp-json\/wp\/v2\/comments?post=74"}],"version-history":[{"count":0,"href":"https:\/\/www3.unicentro.br\/seaai\/wp-json\/wp\/v2\/pages\/74\/revisions"}],"wp:attachment":[{"href":"https:\/\/www3.unicentro.br\/seaai\/wp-json\/wp\/v2\/media?parent=74"}],"curies":[{"name":"wp","href":"https:\/\/api.w.org\/{rel}","templated":true}]}}