{"id":81,"date":"2022-04-06T13:19:42","date_gmt":"2022-04-06T16:19:42","guid":{"rendered":"https:\/\/www3.unicentro.br\/sbcg\/?page_id=81"},"modified":"2023-01-26T18:33:36","modified_gmt":"2023-01-26T21:33:36","slug":"eixos-tematicos","status":"publish","type":"page","link":"https:\/\/www3.unicentro.br\/sbcg\/eixos-tematicos\/","title":{"rendered":"Eixos Tem\u00e1ticos"},"content":{"rendered":"<p>&nbsp;<\/p>\n<p style=\"text-align: center\"><span style=\"text-decoration: underline\"><strong>EIXO 1 &#8211; VARIABILIDADE CLIM\u00c1TICA E EVENTOS EXTREMOS<\/strong><\/span><\/p>\n<p style=\"text-align: justify\">Os efeitos do aquecimento global na intensifica\u00e7\u00e3o da variabilidade clim\u00e1tica e nos eventos extremos ainda n\u00e3o est\u00e3o claros, mas s\u00e3o foco de estudos de diversas \u00e1reas da ci\u00eancia, dentre elas, a Climatologia Geogr\u00e1fica. Isso porque \u00e9 importante a compreens\u00e3o cada vez mais detalhada do que gera a variabilidade natural do clima ou sua intensifica\u00e7\u00e3o, bem como, os eventos extremos, j\u00e1 que s\u00e3o esses fen\u00f4menos que diretamente afetam a sociedade. Para ampliar as discuss\u00f5es sobre essa tem\u00e1tica, nesse eixo ser\u00e3o aceitos trabalhos sobre ritmo clim\u00e1tico, climatologia din\u00e2mica, variabilidade clim\u00e1tica, eventos extremos, altera\u00e7\u00f5es ou mudan\u00e7as clim\u00e1ticas, riscos, vulnerabilidade e t\u00e9cnicas para o avan\u00e7o cient\u00edfico na \u00e1rea.<\/p>\n<p><strong>\u00a0<\/strong><\/p>\n<p style=\"text-align: center\"><span style=\"text-decoration: underline\"><strong>EIXO 2 &#8211; CLIMA E SA\u00daDE HUMANA<\/strong><\/span><\/p>\n<p style=\"text-align: justify\">Espa\u00e7o de discuss\u00e3o que objetiva congregar estudiosos que se dediquem a abordagens te\u00f3ricas, metodol\u00f3gicas e t\u00e9cnicas aplicadas \u00e0s pesquisas em clima e sa\u00fade humana. O eixo busca avan\u00e7ar em temas como correla\u00e7\u00f5es entre os tipos de tempo, os eventos excepcionais do clima e o estado de sa\u00fade &#8211; doen\u00e7a da popula\u00e7\u00e3o. Abordando diferentes tem\u00e1ticas como: Bioclimatologia Humana: climatofisiologia, climatopatologia e climatoterapia; Clima, territ\u00f3rio e o processo sa\u00fade-doen\u00e7a das coletividades; Estudos clim\u00e1ticos e socioambientais voltados \u00e0 promo\u00e7\u00e3o da sa\u00fade e a preven\u00e7\u00e3o de doen\u00e7as; Abordagens nas dimens\u00f5es socioambientais e as doen\u00e7as ressurgentes; Equidade\/iniquidade em sa\u00fade: rela\u00e7\u00e3o entre o risco clim\u00e1tico, vulnerabilidade socioambiental e justi\u00e7a ambiental.<\/p>\n<p><strong>\u00a0<\/strong><\/p>\n<p style=\"text-align: center\"><span style=\"text-decoration: underline\"><strong>EIXO 3 &#8211; CLIMA URBANO E GERENCIAMENTO DE RISCOS<\/strong><\/span><\/p>\n<p style=\"text-align: justify\">O eixo Clima Urbano tem como objetivo congregar a comunidade t\u00e9cnico-cient\u00edfica para a apresenta\u00e7\u00e3o de trabalhos e debates sobre as pesquisas, desenvolvimento tecnol\u00f3gico, aplica\u00e7\u00f5es e a pol\u00edticas p\u00fablicas realizados no Brasil e no mundo nos \u00faltimos anos, dentro das tem\u00e1ticas: aspectos te\u00f3ricos\/conceituais, metodol\u00f3gicos e t\u00e9cnicos; din\u00e2mica, processos e escalas do clima urbano; o Sistema Clima Urbano (S.C.U) e aplica\u00e7\u00f5es; estudos clim\u00e1ticos aplicado a gest\u00e3o e ao planejamento urbano; clima e (re) produ\u00e7\u00e3o do espa\u00e7o urbano: agentes sociais, planos\/diretrizes e pol\u00edticas p\u00fablicas; inova\u00e7\u00f5es da geotecnologia nos estudos de clima urbano; riscos, vulnerabilidades, resili\u00eancia, adapta\u00e7\u00e3o clim\u00e1tica aplicado as \u00e1reas urbanas; modelagem do clima urbano em \u00e1reas urbanas.<\/p>\n<p><strong>\u00a0<\/strong><\/p>\n<p style=\"text-align: center\"><span style=\"text-decoration: underline\"><strong>EIXO 4 &#8211; ENSINO DE CLIMATOLOGIA<\/strong><\/span><\/p>\n<p style=\"text-align: justify\">Encontros de saberes em climatologia nas a\u00e7\u00f5es de extens\u00e3o. Climatologia, pr\u00e1ticas curriculares e forma\u00e7\u00e3o de professores. A climatologia nos livros did\u00e1ticos: avalia\u00e7\u00f5es, contextos e explora\u00e7\u00f5es. A climatologia nos processos de educa\u00e7\u00e3o inclusiva. Sequ\u00eancias, metodologias e recursos did\u00e1ticos para o ensino de climatologia. Programas de forma\u00e7\u00e3o inicial docente: a\u00e7\u00f5es e experi\u00eancias em climatologia. Reflex\u00f5es, propostas e pr\u00e1ticas para o ensino de climatologia no ensino b\u00e1sico e superior. Ensino de climatologia e temas transversais.<\/p>\n<p><strong>\u00a0<\/strong><\/p>\n<p style=\"text-align: center\"><span style=\"text-decoration: underline\"><strong>EIXO 5 &#8211; CLIMATOLOGIA REGIONAL: OS SUBTR\u00d3PICOS, SUAS INTERA\u00c7\u00d5ES E PERSPECTIVAS<\/strong><\/span><\/p>\n<p style=\"text-align: justify\">Este eixo se prop\u00f5e a trazer, de forma aprofundada, um retorno das discuss\u00f5es e estudos sobre o clima regional, enfocando especificamente as intera\u00e7\u00f5es e perspectivas acerca da subtropicalidade do Brasil Meridional. Al\u00e9m disso, faz-se mister o debate sobre temas como gest\u00e3o, desmatamento e urbaniza\u00e7\u00e3o, em contrapartida a import\u00e2ncia que a regi\u00e3o representa na produ\u00e7\u00e3o agr\u00edcola e energ\u00e9tica para o pa\u00eds. Assim, o eixo buscar\u00e1 discutir de forma multi e transdisciplinar a tem\u00e1tica proposta atrav\u00e9s dos t\u00f3picos a seguir: a) Clima subtropical e o dom\u00ednio das arauc\u00e1rias: da explora\u00e7\u00e3o socioecon\u00f4mica \u00e0 extin\u00e7\u00e3o? b) Din\u00e2mica clim\u00e1tica regional e extremos: dos furac\u00f5es e estiagens \u00e0s ondas de calor e nevadas; c) Gest\u00e3o de recursos h\u00eddricos e energ\u00e9ticos nos subtr\u00f3picos: potencialidades atuais e futuras; d) Clima subtropical e agricultura: desafios e perspectivas diante das mudan\u00e7as clim\u00e1ticas; e) O clima subtropical e o Brasil meridional: ocupa\u00e7\u00e3o, hist\u00f3ria e cultura.<\/p>\n","protected":false},"excerpt":{"rendered":"<p>&nbsp; EIXO 1 &#8211; VARIABILIDADE CLIM\u00c1TICA E EVENTOS EXTREMOS Os efeitos do aquecimento global na intensifica\u00e7\u00e3o da variabilidade clim\u00e1tica e nos eventos extremos ainda n\u00e3o&#8230;<\/p>\n<div class=\"more-link-wrapper\"><a class=\"more-link\" href=\"https:\/\/www3.unicentro.br\/sbcg\/eixos-tematicos\/\">Read more<span class=\"screen-reader-text\">Eixos Tem\u00e1ticos<\/span><\/a><\/div>\n","protected":false},"author":491,"featured_media":0,"parent":0,"menu_order":0,"comment_status":"closed","ping_status":"closed","template":"","meta":{"_exactmetrics_skip_tracking":false,"_exactmetrics_sitenote_active":false,"_exactmetrics_sitenote_note":"","_exactmetrics_sitenote_category":0,"footnotes":"","_links_to":"","_links_to_target":""},"class_list":["post-81","page","type-page","status-publish","hentry","entry"],"_links":{"self":[{"href":"https:\/\/www3.unicentro.br\/sbcg\/wp-json\/wp\/v2\/pages\/81","targetHints":{"allow":["GET"]}}],"collection":[{"href":"https:\/\/www3.unicentro.br\/sbcg\/wp-json\/wp\/v2\/pages"}],"about":[{"href":"https:\/\/www3.unicentro.br\/sbcg\/wp-json\/wp\/v2\/types\/page"}],"author":[{"embeddable":true,"href":"https:\/\/www3.unicentro.br\/sbcg\/wp-json\/wp\/v2\/users\/491"}],"replies":[{"embeddable":true,"href":"https:\/\/www3.unicentro.br\/sbcg\/wp-json\/wp\/v2\/comments?post=81"}],"version-history":[{"count":0,"href":"https:\/\/www3.unicentro.br\/sbcg\/wp-json\/wp\/v2\/pages\/81\/revisions"}],"wp:attachment":[{"href":"https:\/\/www3.unicentro.br\/sbcg\/wp-json\/wp\/v2\/media?parent=81"}],"curies":[{"name":"wp","href":"https:\/\/api.w.org\/{rel}","templated":true}]}}