{"id":429,"date":"2023-07-15T12:29:00","date_gmt":"2023-07-15T15:29:00","guid":{"rendered":"https:\/\/www3.unicentro.br\/sbcg\/?page_id=429"},"modified":"2023-07-30T19:13:02","modified_gmt":"2023-07-30T22:13:02","slug":"trabalhos-de-campo","status":"publish","type":"page","link":"https:\/\/www3.unicentro.br\/sbcg\/trabalhos-de-campo\/","title":{"rendered":"Trabalhos de Campo"},"content":{"rendered":"<p style=\"text-align: justify\">Ao longo do evento, de forma complementar ocorrer\u00e3o alguns <strong>Trabalhos de Campo<\/strong>, conforme previsto na programa\u00e7\u00e3o oficial do XV SBCG. Segue logo abaixo algumas informa\u00e7\u00f5es sobre as atividades confirmadas at\u00e9 o momento:<\/p>\n<ul>\n<li style=\"text-align: justify\"><strong>Dia 31\/07\/2023 (13 \u00e0s 17hrs): Trabalho de Campo &#8220;Distrito de Entre Rios&#8221;.<\/strong><\/li>\n<li style=\"text-align: justify\"><strong>Dia 04\/08\/2023 (13 \u00e0s 17hrs): Trabalho de Campo &#8220;Caminhos do S\u00e3o Francisco&#8221;.<\/strong><\/li>\n<\/ul>\n<p style=\"text-align: justify\">Para inscri\u00e7\u00f5es pr\u00e9vias*, acesse o Link: <span style=\"color: #0000ff\"><a style=\"color: #0000ff\" href=\"https:\/\/linktr.ee\/sbcg\">https:\/\/linktr.ee\/sbcg<\/a><\/span><br \/>\nPara mais informa\u00e7\u00f5es: <span style=\"color: #0000ff\"><a style=\"color: #0000ff\" href=\"mailto:sbcg.campo@gmail.com\">sbcg.campo@gmail.com<\/a><\/span><\/p>\n<p style=\"text-align: justify\">Por fim, recomendamos que acompanhem as Novidades do evento por meio do Instagram Oficial (<span style=\"color: #0000ff\"><a style=\"color: #0000ff\" href=\"http:\/\/instagram.com\/sbcgeo\/\">@SBCGEO<\/a><\/span>) e Facebook Oficial (<span style=\"color: #0000ff\"><a style=\"color: #0000ff\" href=\"http:\/\/facebook.com\/XVSBCG\">XVSBCG<\/a><\/span>) do XV SBCG. A intera\u00e7\u00e3o com as redes sociais auxilia na experi\u00eancia completa do evento. Nos vemos em Guarapuava!<\/p>\n<p><img loading=\"lazy\" decoding=\"async\" class=\"aligncenter wp-image-430 size-full\" src=\"https:\/\/www3.unicentro.br\/sbcg\/wp-content\/uploads\/sites\/135\/2023\/07\/359451089_252861900834878_7812823473165471150_n.jpg\" alt=\"\" width=\"1080\" height=\"1080\" srcset=\"https:\/\/www3.unicentro.br\/sbcg\/wp-content\/uploads\/sites\/135\/2023\/07\/359451089_252861900834878_7812823473165471150_n.jpg 1080w, https:\/\/www3.unicentro.br\/sbcg\/wp-content\/uploads\/sites\/135\/2023\/07\/359451089_252861900834878_7812823473165471150_n-768x768.jpg 768w\" sizes=\"auto, (max-width: 1080px) 100vw, 1080px\" \/><\/p>\n<p style=\"text-align: center\"><span style=\"font-size: 8pt\">Trabalho de Campo &#8220;Distrito de Entre Rios&#8221; &#8211; cartaz de divulga\u00e7\u00e3o.<\/span><\/p>\n<p><img loading=\"lazy\" decoding=\"async\" class=\"aligncenter wp-image-431 size-full\" src=\"https:\/\/www3.unicentro.br\/sbcg\/wp-content\/uploads\/sites\/135\/2023\/07\/359112090_252656670855401_7465492950764189701_n.jpg\" alt=\"\" width=\"1080\" height=\"1080\" srcset=\"https:\/\/www3.unicentro.br\/sbcg\/wp-content\/uploads\/sites\/135\/2023\/07\/359112090_252656670855401_7465492950764189701_n.jpg 1080w, https:\/\/www3.unicentro.br\/sbcg\/wp-content\/uploads\/sites\/135\/2023\/07\/359112090_252656670855401_7465492950764189701_n-768x768.jpg 768w\" sizes=\"auto, (max-width: 1080px) 100vw, 1080px\" \/><\/p>\n<p style=\"text-align: center\"><span style=\"font-size: 8pt\">Trabalho de Campo &#8220;Caminhos do S\u00e3o Francisco&#8221;* &#8211; cartaz de divulga\u00e7\u00e3o.<\/span><\/p>\n<p style=\"text-align: justify\"><span style=\"font-size: 8pt\">*<strong>Obs<\/strong>: o Trabalho de Campo &#8220;Caminhos do S\u00e3o Francisco&#8221; est\u00e1 no momento com todas as vagas preenchidas &#8211; em breve avaliaremos a disponibilidade (ou n\u00e3o) de mais vagas, fique atento.<\/span><\/p>\n<p>&nbsp;<\/p>\n<p style=\"text-align: center\"><span style=\"text-decoration: underline\"><strong>Pontos de Embarque para o Campo de 31\/07\/2023:<\/strong><\/span><\/p>\n<div class=\"wp-block-image\"><img loading=\"lazy\" decoding=\"async\" class=\"aligncenter wp-image-531 size-full\" src=\"https:\/\/www3.unicentro.br\/sbcg\/wp-content\/uploads\/sites\/135\/2023\/07\/Endereco_campo1.jpg\" alt=\"\" width=\"848\" height=\"1200\" srcset=\"https:\/\/www3.unicentro.br\/sbcg\/wp-content\/uploads\/sites\/135\/2023\/07\/Endereco_campo1.jpg 848w, https:\/\/www3.unicentro.br\/sbcg\/wp-content\/uploads\/sites\/135\/2023\/07\/Endereco_campo1-768x1087.jpg 768w\" sizes=\"auto, (max-width: 848px) 100vw, 848px\" \/><\/div>\n<div class=\"wp-block-image\">\n<div class=\"wp-block-image\"><img loading=\"lazy\" decoding=\"async\" class=\"aligncenter wp-image-532 size-full\" src=\"https:\/\/www3.unicentro.br\/sbcg\/wp-content\/uploads\/sites\/135\/2023\/07\/Endereco_campo2.jpg\" alt=\"\" width=\"848\" height=\"1200\" srcset=\"https:\/\/www3.unicentro.br\/sbcg\/wp-content\/uploads\/sites\/135\/2023\/07\/Endereco_campo2.jpg 848w, https:\/\/www3.unicentro.br\/sbcg\/wp-content\/uploads\/sites\/135\/2023\/07\/Endereco_campo2-768x1087.jpg 768w\" sizes=\"auto, (max-width: 848px) 100vw, 848px\" \/><\/div>\n<\/div>\n<div>\n<div class=\"wp-block-image\"><\/div>\n<\/div>\n","protected":false},"excerpt":{"rendered":"<p>Ao longo do evento, de forma complementar ocorrer\u00e3o alguns Trabalhos de Campo, conforme previsto na programa\u00e7\u00e3o oficial do XV SBCG. Segue logo abaixo algumas informa\u00e7\u00f5es&#8230;<\/p>\n<div class=\"more-link-wrapper\"><a class=\"more-link\" href=\"https:\/\/www3.unicentro.br\/sbcg\/trabalhos-de-campo\/\">Read more<span class=\"screen-reader-text\">Trabalhos de Campo<\/span><\/a><\/div>\n","protected":false},"author":491,"featured_media":0,"parent":0,"menu_order":0,"comment_status":"closed","ping_status":"closed","template":"","meta":{"_exactmetrics_skip_tracking":false,"_exactmetrics_sitenote_active":false,"_exactmetrics_sitenote_note":"","_exactmetrics_sitenote_category":0,"footnotes":"","_links_to":"","_links_to_target":""},"class_list":["post-429","page","type-page","status-publish","hentry","entry"],"_links":{"self":[{"href":"https:\/\/www3.unicentro.br\/sbcg\/wp-json\/wp\/v2\/pages\/429","targetHints":{"allow":["GET"]}}],"collection":[{"href":"https:\/\/www3.unicentro.br\/sbcg\/wp-json\/wp\/v2\/pages"}],"about":[{"href":"https:\/\/www3.unicentro.br\/sbcg\/wp-json\/wp\/v2\/types\/page"}],"author":[{"embeddable":true,"href":"https:\/\/www3.unicentro.br\/sbcg\/wp-json\/wp\/v2\/users\/491"}],"replies":[{"embeddable":true,"href":"https:\/\/www3.unicentro.br\/sbcg\/wp-json\/wp\/v2\/comments?post=429"}],"version-history":[{"count":0,"href":"https:\/\/www3.unicentro.br\/sbcg\/wp-json\/wp\/v2\/pages\/429\/revisions"}],"wp:attachment":[{"href":"https:\/\/www3.unicentro.br\/sbcg\/wp-json\/wp\/v2\/media?parent=429"}],"curies":[{"name":"wp","href":"https:\/\/api.w.org\/{rel}","templated":true}]}}