{"id":220,"date":"2023-02-15T01:27:14","date_gmt":"2023-02-15T04:27:14","guid":{"rendered":"https:\/\/www3.unicentro.br\/sbcg\/?page_id=220"},"modified":"2023-07-15T12:40:01","modified_gmt":"2023-07-15T15:40:01","slug":"hospedagem","status":"publish","type":"page","link":"https:\/\/www3.unicentro.br\/sbcg\/hospedagem\/","title":{"rendered":"Hospedagem"},"content":{"rendered":"<p style=\"text-align: justify\">Para os visitantes que necessitarem de Hospedagem durante o <strong>XV SBCG<\/strong>, estaremos incluindo logo abaixo algumas op\u00e7\u00f5es e sugest\u00f5es feitas pela Comiss\u00e3o Organizadora do Evento. Aos poucos, iremos atualiz\u00e1-las, conforme surgirem novas op\u00e7\u00f5es ou promo\u00e7\u00f5es.<\/p>\n<p style=\"text-align: justify\">Antes de mais nada, vale destacar que as atividades do <strong>XV SBCG<\/strong> ocorrer\u00e3o em dois locais principais:<\/p>\n<ul>\n<li style=\"text-align: justify\"><span style=\"text-decoration: underline\"><strong>Sess\u00f5es de Abertura e Encerramento<\/strong><\/span> (31\/07 e 04\/08)<strong>:<\/strong> Hotel SPA\u00c7O Vale do Jord\u00e3o (Endere\u00e7o: Av. Ver. Rub\u00e9ns Siqueira Ribas, 3171 &#8211; Santa Cruz, Guarapuava &#8211; PR).<\/li>\n<li style=\"text-align: justify\"><span style=\"text-decoration: underline\"><strong>Mesas Redondas, Comunica\u00e7\u00f5es Cient\u00edficas e demais atividades<\/strong><\/span> (01\/08 a 04\/08)<strong>:<\/strong> Universidade Estadual do Centro Oeste &#8211; Campus CEDETEG (Endere\u00e7o: Alameda \u00c9lio Antonio Dalla Vecchia, 838 &#8211; CEP 85040-167 &#8211; Bairro &#8211; Vila Carli, Guarapuava &#8211; PR).<\/li>\n<\/ul>\n<p>Visando o conforto dos participantes, foi criado um e-mail espec\u00edfico para auxiliar aos que buscam hospedagem na cidade:\u00a0<a href=\"mailto:sbcg.hospedagem@gmail.com\">sbcg.hospedagem@gmail.com<\/a><\/p>\n<p style=\"text-align: justify\">\u00c9 importante lembrar que existem na cidade diversas op\u00e7\u00f5es de hot\u00e9is, pousadas, hostels, Airbnb, etc. Por enquanto n\u00e3o est\u00e1 previsto hospedagem solid\u00e1ria, mas poder\u00e1 ser feito um levantamento caso houver demanda. Assim, considerando algumas quest\u00f5es log\u00edsticas, foi feito inicialmente um levantamento com sugest\u00e3o de Hot\u00e9is e Pousadas em Guarapuava-PR, que poder\u00e1 ser conferido logo abaixo:<\/p>\n<p style=\"text-align: center\"><strong><span style=\"font-size: 16px\">Figura 1 &#8211; Algumas sugest\u00f5es de Hospedagem:<\/span><\/strong><\/p>\n<p><img loading=\"lazy\" decoding=\"async\" class=\"size-full wp-image-324 aligncenter\" style=\"text-align: center\" src=\"https:\/\/www3.unicentro.br\/sbcg\/wp-content\/uploads\/sites\/135\/2023\/05\/Planta-de-Sugestao-de-Hoteis-1.jpg\" alt=\"\" width=\"1123\" height=\"793\" srcset=\"https:\/\/www3.unicentro.br\/sbcg\/wp-content\/uploads\/sites\/135\/2023\/05\/Planta-de-Sugestao-de-Hoteis-1.jpg 1123w, https:\/\/www3.unicentro.br\/sbcg\/wp-content\/uploads\/sites\/135\/2023\/05\/Planta-de-Sugestao-de-Hoteis-1-768x542.jpg 768w\" sizes=\"auto, (max-width: 1123px) 100vw, 1123px\" \/><\/p>\n<p style=\"text-align: center\"><strong><span style=\"font-size: 16px\">Tabela 1: Hospedagens e valores sugeridos:<\/span><\/strong><\/p>\n<table class=\" aligncenter\" style=\"width: 91.4024%\" width=\"636\">\n<tbody>\n<tr>\n<td style=\"text-align: center;width: 33.4898%\" rowspan=\"2\" width=\"189\"><strong>Hotel<\/strong><\/td>\n<td style=\"text-align: center;width: 24.1002%\" rowspan=\"2\" width=\"129\"><strong>Bairro<\/strong><\/td>\n<td style=\"text-align: center;width: 42.2535%\" colspan=\"3\" width=\"318\">Valores Sugeridos*:<\/td>\n<\/tr>\n<tr>\n<td style=\"text-align: center;width: 13.4585%\">Apto<\/p>\n<p>Ind.<\/td>\n<td style=\"text-align: center;width: 14.554%\">Apto<\/p>\n<p>Duplo<\/td>\n<td style=\"text-align: center;width: 14.241%\">AptoTriplo<\/td>\n<\/tr>\n<tr>\n<td style=\"text-align: center;width: 33.4898%\"><a href=\"https:\/\/www.adriapremiumhotel.com.br\/\">Adria<\/a><\/td>\n<td style=\"text-align: center;width: 24.1002%\">Centro<\/td>\n<td style=\"text-align: center;width: 13.4585%\">\u00a0&#8211;<\/td>\n<td style=\"text-align: center;width: 14.554%\">\u00a0&#8211;<\/td>\n<td style=\"text-align: center;width: 14.241%\">\u00a0&#8211;<\/td>\n<\/tr>\n<tr>\n<td style=\"text-align: center;width: 33.4898%\"><a href=\"http:\/\/www.atalaia-hotel.com.br\/\">Atalaia<\/a><\/td>\n<td style=\"text-align: center;width: 24.1002%\">Centro<\/td>\n<td style=\"text-align: center;width: 13.4585%\">175,00<\/td>\n<td style=\"text-align: center;width: 14.554%\">220,00<\/td>\n<td style=\"text-align: center;width: 14.241%\">280,00<\/td>\n<\/tr>\n<tr>\n<td style=\"text-align: center;width: 33.4898%\"><a href=\"https:\/\/hotel-campeao.negocio.site\/\">Campe\u00e3o<\/a><\/td>\n<td style=\"text-align: center;width: 24.1002%\">Centro<\/td>\n<td style=\"text-align: center;width: 13.4585%\">\u00a0&#8211;<\/td>\n<td style=\"text-align: center;width: 14.554%\">\u00a0&#8211;<\/td>\n<td style=\"text-align: center;width: 14.241%\">\u00a0&#8211;<\/td>\n<\/tr>\n<tr>\n<td style=\"text-align: center;width: 33.4898%\"><a href=\"https:\/\/www.hoteldombaroni.com.br\/hotel\/\">Dom Baroni<\/a><\/td>\n<td style=\"text-align: center;width: 24.1002%\">Centro<\/td>\n<td style=\"text-align: center;width: 13.4585%\">170,00<\/td>\n<td style=\"text-align: center;width: 14.554%\">230,00<\/td>\n<td style=\"text-align: center;width: 14.241%\">270,00<\/td>\n<\/tr>\n<tr>\n<td style=\"text-align: center;width: 33.4898%\"><a href=\"http:\/\/grande-hotel-85010-000.hoteisdoparana.com\/br\/\">Grande Hotel<\/a><\/td>\n<td style=\"text-align: center;width: 24.1002%\">Centro<\/td>\n<td style=\"text-align: center;width: 13.4585%\">\u00a0&#8211;<\/td>\n<td style=\"text-align: center;width: 14.554%\">\u00a0&#8211;<\/td>\n<td style=\"text-align: center;width: 14.241%\">\u00a0&#8211;<\/td>\n<\/tr>\n<tr>\n<td style=\"text-align: center;width: 33.4898%\"><a href=\"https:\/\/hotelkuster.com.br\/\">Kuster<\/a><\/td>\n<td style=\"text-align: center;width: 24.1002%\">Centro<\/td>\n<td style=\"text-align: center;width: 13.4585%\">\u00a0&#8211;<\/td>\n<td style=\"text-align: center;width: 14.554%\">218,00<\/td>\n<td style=\"text-align: center;width: 14.241%\">\u00a0&#8211;<\/td>\n<\/tr>\n<tr>\n<td style=\"text-align: center;width: 33.4898%\"><a href=\"http:\/\/hotel-lorenzetti-br.hoteisdoparana.com\/br\/\">Lorenzeti<\/a><\/td>\n<td style=\"text-align: center;width: 24.1002%\">Bonsucesso<\/td>\n<td style=\"text-align: center;width: 13.4585%\">\u00a0&#8211;<\/td>\n<td style=\"text-align: center;width: 14.554%\">\u00a0&#8211;<\/td>\n<td style=\"text-align: center;width: 14.241%\">\u00a0&#8211;<\/td>\n<\/tr>\n<tr>\n<td style=\"text-align: center;width: 33.4898%\"><a href=\"http:\/\/www.sanmarinopalace.com.br\/\">San Marino<\/a><\/td>\n<td style=\"text-align: center;width: 24.1002%\">Conradinho<\/td>\n<td style=\"text-align: center;width: 13.4585%\">170,00<\/td>\n<td style=\"text-align: center;width: 14.554%\">230,00<\/td>\n<td style=\"text-align: center;width: 14.241%\">290,00<\/td>\n<\/tr>\n<tr>\n<td style=\"text-align: center;width: 33.4898%\"><a href=\"https:\/\/www.facebook.com\/spacovaledojordao\/?locale=pt_BR\">SPA\u00c7O**<\/a><\/td>\n<td style=\"text-align: center;width: 24.1002%\">Santa Cruz<\/td>\n<td style=\"text-align: center;width: 13.4585%\">\u00a0&#8211;<\/td>\n<td style=\"text-align: center;width: 14.554%\">\u00a0&#8211;<\/td>\n<td style=\"text-align: center;width: 14.241%\">\u00a0&#8211;<\/td>\n<\/tr>\n<tr>\n<td style=\"text-align: center;width: 33.4898%\"><a href=\"https:\/\/royal-trip-hotel.hoteis-em-suldobrasil.com\/br\/\">Royal Trip<\/a><\/td>\n<td style=\"text-align: center;width: 24.1002%\">Dos Estados<\/td>\n<td style=\"text-align: center;width: 13.4585%\">100,00<\/td>\n<td style=\"text-align: center;width: 14.554%\">150,00<\/td>\n<td style=\"text-align: center;width: 14.241%\">185,00<\/td>\n<\/tr>\n<\/tbody>\n<\/table>\n<h6 style=\"text-align: center\"><em>*Confirmar antes os valores com o pr\u00f3prio hotel, e verificar a disponibilidade dos quartos. Os hot\u00e9is que est\u00e3o sem os Valores Sugeridos, n\u00e3o informaram e\/ou disponibilizaram <\/em><em>inicialmente <\/em><em>o pre\u00e7o, e o valor dever\u00e1 ser conferido diretamente com o local durante o processo da reserva.<\/em><\/h6>\n<p style=\"text-align: center\">**Hotel Oficial do Evento, onde ocorrer\u00e3o as meses de Abertura e Encerramento: <a href=\"https:\/\/www.facebook.com\/spacovaledojordao\/?locale=pt_BR\">Hotel SPA\u00c7O Vale do Jord\u00e3o.<\/a><\/p>\n","protected":false},"excerpt":{"rendered":"<p>Para os visitantes que necessitarem de Hospedagem durante o XV SBCG, estaremos incluindo logo abaixo algumas op\u00e7\u00f5es e sugest\u00f5es feitas pela Comiss\u00e3o Organizadora do Evento.&#8230;<\/p>\n<div class=\"more-link-wrapper\"><a class=\"more-link\" href=\"https:\/\/www3.unicentro.br\/sbcg\/hospedagem\/\">Read more<span class=\"screen-reader-text\">Hospedagem<\/span><\/a><\/div>\n","protected":false},"author":491,"featured_media":0,"parent":0,"menu_order":0,"comment_status":"closed","ping_status":"closed","template":"","meta":{"_exactmetrics_skip_tracking":false,"_exactmetrics_sitenote_active":false,"_exactmetrics_sitenote_note":"","_exactmetrics_sitenote_category":0,"footnotes":"","_links_to":"","_links_to_target":""},"class_list":["post-220","page","type-page","status-publish","hentry","entry"],"_links":{"self":[{"href":"https:\/\/www3.unicentro.br\/sbcg\/wp-json\/wp\/v2\/pages\/220","targetHints":{"allow":["GET"]}}],"collection":[{"href":"https:\/\/www3.unicentro.br\/sbcg\/wp-json\/wp\/v2\/pages"}],"about":[{"href":"https:\/\/www3.unicentro.br\/sbcg\/wp-json\/wp\/v2\/types\/page"}],"author":[{"embeddable":true,"href":"https:\/\/www3.unicentro.br\/sbcg\/wp-json\/wp\/v2\/users\/491"}],"replies":[{"embeddable":true,"href":"https:\/\/www3.unicentro.br\/sbcg\/wp-json\/wp\/v2\/comments?post=220"}],"version-history":[{"count":0,"href":"https:\/\/www3.unicentro.br\/sbcg\/wp-json\/wp\/v2\/pages\/220\/revisions"}],"wp:attachment":[{"href":"https:\/\/www3.unicentro.br\/sbcg\/wp-json\/wp\/v2\/media?parent=220"}],"curies":[{"name":"wp","href":"https:\/\/api.w.org\/{rel}","templated":true}]}}