{"id":18,"date":"2022-02-10T15:01:20","date_gmt":"2022-02-10T18:01:20","guid":{"rendered":"https:\/\/www3.unicentro.br\/sbcg\/?page_id=18"},"modified":"2023-07-27T17:15:17","modified_gmt":"2023-07-27T20:15:17","slug":"comissoes","status":"publish","type":"page","link":"https:\/\/www3.unicentro.br\/sbcg\/comissoes\/","title":{"rendered":"Comiss\u00f5es"},"content":{"rendered":"<p>&nbsp;<\/p>\n<p style=\"text-align: center\"><span style=\"text-decoration: underline\"><strong>COMISS\u00c3O ORGANIZADORA LOCAL:<\/strong><\/span><\/p>\n<p><strong>Coordena\u00e7\u00e3o geral:<\/strong><\/p>\n<p>Prof. Aparecido Ribeiro de Andrade (Unicentro\/Guarapuava)<\/p>\n<p><strong>Secretaria:<\/strong><\/p>\n<p>Prof. Francisco Jablinski Castelhano (UFRN)<\/p>\n<p><strong>Tesouraria:<\/strong><\/p>\n<p>Prof. Pedro Augusto Breda Font\u00e3o (UFPR)<\/p>\n<p>Prof. Ezequias Rodrigues dos Santos (Unicentro\/Guarapuava)<\/p>\n<p><strong>Divulga\u00e7\u00e3o:<\/strong><\/p>\n<p>Prof. Lindberg Nascimento J\u00fanior (UFSC)<\/p>\n<p><strong>Log\u00edstica e Infraestrutura:<\/strong><\/p>\n<p>Prof. Glauco Nonose Negr\u00e3o (Unicentro\/Guarapuava)<\/p>\n<p>Prof. Leandro Redin Vestena (Unicentro\/Guarapuava)<\/p>\n<p><strong>Comunica\u00e7\u00f5es cient\u00edficas e publica\u00e7\u00f5es: <\/strong><\/p>\n<p>Prof. Bruno Henrique Costa Toledo (Unicentro\/Guarapuava)<\/p>\n<p>Prof\u00aa Doutoranda Claudiane da Costa (Unicentro\/Guarapuava)<\/p>\n<p>Prof\u00aa. Larissa Bernardino Zanona (Unicentro\/Guarapuava)<\/p>\n<p><strong>Oficinas, trabalhos de campo, atividades culturais e exposi\u00e7\u00f5es:<\/strong><\/p>\n<p>Prof\u00aa Juliane Bereze (SEED\/Paran\u00e1)<\/p>\n<p>&nbsp;<\/p>\n<p>&nbsp;<\/p>\n<p style=\"text-align: center\"><strong><span style=\"text-decoration: underline\">COORDENA\u00c7\u00c3O DOS EIXOS TEM\u00c1TICOS<\/span> <em>(<\/em><em>Comiss\u00e3o Cient\u00edfica<\/em><em>)<\/em><span style=\"text-decoration: underline\">:<\/span><\/strong><\/p>\n<p>Prof\u00aa Elaiz Aparecida Mensch Buffon (UNIOESTE)<\/p>\n<p>Prof\u00aa Erika Collischonn (UFPEL)<\/p>\n<p>Prof\u00aa Leila Limberger (Unioeste\/Marechal C. Rondon)<\/p>\n<p>Prof. Pedro Germano Murara (UFFS\/Erechim)<\/p>\n<p>Prof. Wilson Fl\u00e1vio Feltrim Roseghini (UFPR)<\/p>\n<p>&nbsp;<\/p>\n<p>&nbsp;<\/p>\n<p style=\"text-align: center\"><span style=\"text-decoration: underline\"><strong>COMISS\u00c3O NACIONAL<\/strong><\/span><em><strong> (<\/strong><strong>Diretores e conselheiros da ABClima &#8211; Gest\u00e3o 2022 \u2013 2023)<\/strong><\/em><span style=\"text-decoration: underline\"><strong>:<\/strong><\/span><\/p>\n<p><strong>Diretoria nacional:<\/strong><\/p>\n<p>Prof. Jos\u00e9 Carlos Ugeda J\u00fanior \u2013 Diretor Presidente (UFMT)<\/p>\n<p>Prof. Marcelo de Oliveira Moura \u2013 Diretor Vice-Presidente (UFPB)<\/p>\n<p>Prof\u00aa Natacha C\u00edntia Regina Aleixo \u2013 Diretora Tesoureira (UFAM)<\/p>\n<p>Prof. Jo\u00e3o Paulo Assis Gobo \u2013 Diretor Secret\u00e1rio (UNIR)<\/p>\n<p>Prof. Francisco Jablinski Castelhano \u2013 Diretor Secret\u00e1rio (UFRN)<\/p>\n<p>Prof. Charlei Aparecido da Silva (UFGD) \u2013 Diretor Cient\u00edfico<\/p>\n<p>Prof. Emerson Galvani (USP) &#8211; Diretor Cient\u00edfico<\/p>\n<p>Prof. Valdir Adilson Steinke (UNB)- Diretor Cient\u00edfico<\/p>\n<p><strong>Conselho Nacional (titulares e suplentes):<\/strong><\/p>\n<p>Prof. Antonio Carlos Da Silva Oscar J\u00fanior (UERJ)<\/p>\n<p>Prof. Aparecido Ribeiro de Andrade (Unicentro)<\/p>\n<p>Prof\u00aa Gislene Figueiredo Ortiz Porangaba (UFMS)<\/p>\n<p>Prof\u00aa Graziela Tosini Tejas (IFRO)<\/p>\n<p>Prof. Gustavo Zen de Figueiredo Neves (USP)<\/p>\n<p>Prof. Juarez Mota Pinheiro (UFMA)<\/p>\n<p>Prof\u00aa Juliana Maria Oliveira Silva (URCA)<\/p>\n<p>Prof. Lindberg Nascimento J\u00fanior (UFSC)<\/p>\n<p>Prof\u00aa Margarete Cristiane de Costa Trindade Amorim (UNESP)<\/p>\n<p>Prof\u00aa N\u00fabia Beray Armond (UFRJ)<\/p>\n<p>Prof. Paulo Cesar Zangalli Junior (UFBA)<\/p>\n<p>Prof. Pedro Augusto Breda Font\u00e3o (UFPR)<\/p>\n<p>Prof. Pedro Germano dos Santos Murara (UFFS)<\/p>\n<p>Prof. Ranyere da Silva N\u00f3brega (UFPE)<\/p>\n<p>Prof. Ronaldo Rodrigues Ara\u00fajo (UFMA)<\/p>\n","protected":false},"excerpt":{"rendered":"<p>&nbsp; COMISS\u00c3O ORGANIZADORA LOCAL: Coordena\u00e7\u00e3o geral: Prof. Aparecido Ribeiro de Andrade (Unicentro\/Guarapuava) Secretaria: Prof. Francisco Jablinski Castelhano (UFRN) Tesouraria: Prof. Pedro Augusto Breda Font\u00e3o (UFPR)&#8230;<\/p>\n<div class=\"more-link-wrapper\"><a class=\"more-link\" href=\"https:\/\/www3.unicentro.br\/sbcg\/comissoes\/\">Read more<span class=\"screen-reader-text\">Comiss\u00f5es<\/span><\/a><\/div>\n","protected":false},"author":3,"featured_media":0,"parent":0,"menu_order":0,"comment_status":"closed","ping_status":"closed","template":"","meta":{"_exactmetrics_skip_tracking":false,"_exactmetrics_sitenote_active":false,"_exactmetrics_sitenote_note":"","_exactmetrics_sitenote_category":0,"footnotes":"","_links_to":"","_links_to_target":""},"class_list":["post-18","page","type-page","status-publish","hentry","entry"],"_links":{"self":[{"href":"https:\/\/www3.unicentro.br\/sbcg\/wp-json\/wp\/v2\/pages\/18","targetHints":{"allow":["GET"]}}],"collection":[{"href":"https:\/\/www3.unicentro.br\/sbcg\/wp-json\/wp\/v2\/pages"}],"about":[{"href":"https:\/\/www3.unicentro.br\/sbcg\/wp-json\/wp\/v2\/types\/page"}],"author":[{"embeddable":true,"href":"https:\/\/www3.unicentro.br\/sbcg\/wp-json\/wp\/v2\/users\/3"}],"replies":[{"embeddable":true,"href":"https:\/\/www3.unicentro.br\/sbcg\/wp-json\/wp\/v2\/comments?post=18"}],"version-history":[{"count":0,"href":"https:\/\/www3.unicentro.br\/sbcg\/wp-json\/wp\/v2\/pages\/18\/revisions"}],"wp:attachment":[{"href":"https:\/\/www3.unicentro.br\/sbcg\/wp-json\/wp\/v2\/media?parent=18"}],"curies":[{"name":"wp","href":"https:\/\/api.w.org\/{rel}","templated":true}]}}