{"id":606,"date":"2021-04-25T14:57:33","date_gmt":"2021-04-25T17:57:33","guid":{"rendered":"https:\/\/www3.unicentro.br\/santacruz\/?page_id=606"},"modified":"2026-03-20T10:10:42","modified_gmt":"2026-03-20T13:10:42","slug":"equipe","status":"publish","type":"page","link":"https:\/\/www3.unicentro.br\/santacruz\/equipe\/","title":{"rendered":"Equipe"},"content":{"rendered":"<div class=\"wpb-content-wrapper\"><p>[vc_row][vc_column][vc_row_inner][vc_column_inner][\/vc_column_inner][\/vc_row_inner][vc_column_text css=&#8221;&#8221;]<\/p>\n<h3 style=\"text-align: center\"><strong>Dire\u00e7\u00e3o do C\u00e2mpus Santa Cruz<\/strong><\/h3>\n<p>[\/vc_column_text][\/vc_column][\/vc_row][vc_row u_row_style=&#8221;0&#8243; u_row_paralax=&#8221;0&#8243; u_row_scheme=&#8221;0&#8243; css=&#8221;.vc_custom_1726079241901{margin-bottom: 10px !important;padding-top: 10px !important;padding-right: 10px !important;padding-bottom: 10px !important;padding-left: 10px !important;background-color: #F2F2F2 !important;}&#8221;][vc_column width=&#8221;1\/2&#8243;][vc_single_image image=&#8221;1467&#8243; img_size=&#8221;150&#215;150&#8243; alignment=&#8221;center&#8221; style=&#8221;vc_box_circle_2&#8243; css=&#8221;&#8221;][vc_column_text css=&#8221;&#8221;]<\/p>\n<p style=\"text-align: center\" align=\"left\"><span style=\"font-family: Arial, sans-serif\"><span style=\"font-size: small\"><span style=\"color: #000000\"><span style=\"font-size: medium\"><b>Diretora Geral <\/b><\/span><\/span><span style=\"color: #000000\"><span style=\"font-size: medium\"><b>d<\/b><\/span><\/span><span style=\"color: #000000\"><span style=\"font-size: medium\"><b>o C\u00e2mpus:<\/b><\/span><\/span> <span style=\"color: #000000\"><span style=\"font-size: medium\">Roseli <\/span><\/span><span style=\"color: #000000\"><span style=\"font-size: medium\">d<\/span><\/span><span style=\"color: #000000\"><span style=\"font-size: medium\">e Oliveira Machado<\/span><\/span> <\/span><\/span><\/p>\n<p style=\"text-align: center\"><span style=\"font-family: Arial, sans-serif\"><span style=\"font-size: medium\"><b>e-mail: <\/b><span style=\"color: #000000\">romachado@unicentro.br<\/span> <\/span><\/span><\/p>\n<p style=\"text-align: center\"><span style=\"font-family: Arial, sans-serif\"><span style=\"font-size: medium\"><b>telefone:<\/b> (42) 3621-1458<\/span><\/span><\/p>\n<p>[\/vc_column_text][\/vc_column][vc_column width=&#8221;1\/2&#8243;][vc_single_image image=&#8221;1196&#8243; img_size=&#8221;150&#215;150&#8243; alignment=&#8221;center&#8221; style=&#8221;vc_box_circle_2&#8243; css=&#8221;&#8221;][vc_column_text css=&#8221;&#8221;]<\/p>\n<p style=\"text-align: center\"><span style=\"color: #000000\"><span style=\"font-family: Arial, sans-serif\"><span style=\"font-size: medium\"><b>Vice-Diretor do C\u00e2mpus:<\/b> Gilmar Evandro Szczepanik <\/span><\/span><\/span><\/p>\n<p style=\"text-align: center\"><span style=\"color: #000000\"><span style=\"font-family: Arial, sans-serif\"><span style=\"font-size: medium\"><b>e-mail: <\/b>gilmarevandro@unicentro.br <\/span><\/span><\/span><\/p>\n<p style=\"text-align: center\"><span style=\"font-family: Arial, sans-serif\"><span style=\"font-size: medium\"><b>telefone:<\/b> (42) 3621-1458<\/span><\/span><\/p>\n<p>[\/vc_column_text][\/vc_column][\/vc_row][vc_row][vc_column][vc_column_text css=&#8221;&#8221;]<\/p>\n<h3><\/h3>\n<h3><\/h3>\n<h3 style=\"text-align: center\"><strong>Secretaria do C\u00e2mpus Santa Cruz<\/strong><\/h3>\n<p>[\/vc_column_text][\/vc_column][\/vc_row][vc_row u_row_style=&#8221;0&#8243; u_row_paralax=&#8221;0&#8243; u_row_scheme=&#8221;0&#8243; css=&#8221;.vc_custom_1726079241901{margin-bottom: 10px !important;padding-top: 10px !important;padding-right: 10px !important;padding-bottom: 10px !important;padding-left: 10px !important;background-color: #F2F2F2 !important;}&#8221;][vc_column][vc_column_text css=&#8221;&#8221;]<\/p>\n<p align=\"left\"><span style=\"font-family: Arial, sans-serif;font-size: 12pt\"><b>Coordenadora da Divis\u00e3o de Secretaria da Dire\u00e7\u00e3o-Geral do C\u00e2mpus<\/b><b>:<\/b> Luciane Fontana Matoso<\/span><\/p>\n<p align=\"left\"><span style=\"font-size: 12pt\"><span style=\"font-family: Arial, sans-serif\"><b>e-mail: <\/b><\/span><span style=\"font-family: Arial, sans-serif\"><a href=\"mailto:lucianematoso@unicentro.br\">lucianematoso@unicentro.br<\/a> <\/span><\/span><\/p>\n<p align=\"left\"><span style=\"font-family: Arial, sans-serif;font-size: 12pt\"><b>telefone: <\/b>(42) 3621-1458<\/span><\/p>\n<p>[\/vc_column_text][\/vc_column][\/vc_row][vc_row u_row_style=&#8221;0&#8243; u_row_paralax=&#8221;0&#8243; u_row_scheme=&#8221;0&#8243; css=&#8221;.vc_custom_1726079241901{margin-bottom: 10px !important;padding-top: 10px !important;padding-right: 10px !important;padding-bottom: 10px !important;padding-left: 10px !important;background-color: #F2F2F2 !important;}&#8221;][vc_column][vc_column_text css=&#8221;&#8221;]<\/p>\n<p align=\"left\"><span style=\"font-family: arial, helvetica, sans-serif;font-size: 12pt\"><b>Estagi\u00e1rio: <\/b>Murilo Curi Marquesine<\/span><\/p>\n<p align=\"left\"><span style=\"font-family: arial, helvetica, sans-serif;font-size: 12pt\"><b>e-mail: <\/b><a href=\"mailto:murilocuri@unicentro.br\">murilocuri@unicentro.br<\/a><\/span><\/p>\n<p align=\"left\"><span style=\"font-family: arial, helvetica, sans-serif;font-size: 12pt\"><b>telefone: <\/b>(42) 3621-1458<\/span><\/p>\n<p>[\/vc_column_text][\/vc_column][\/vc_row][vc_row u_row_style=&#8221;0&#8243; u_row_paralax=&#8221;0&#8243; u_row_scheme=&#8221;0&#8243; css=&#8221;.vc_custom_1726079241901{margin-bottom: 10px !important;padding-top: 10px !important;padding-right: 10px !important;padding-bottom: 10px !important;padding-left: 10px !important;background-color: #F2F2F2 !important;}&#8221;][vc_column][vc_column_text css=&#8221;&#8221;]<\/p>\n<p align=\"left\"><span style=\"font-family: arial, helvetica, sans-serif;font-size: 12pt\"><b>T\u00e9cnica Administrativa: <\/b>Evellim Carla Nascimento<\/span><\/p>\n<p align=\"left\"><span style=\"font-family: arial, helvetica, sans-serif;font-size: 12pt\"><b>e-mail: <\/b><a href=\"mailto:evellimnascimento@unicentro.br\">evellimnascimento@unicentro.br<\/a><\/span><\/p>\n<p align=\"left\"><span style=\"font-family: arial, helvetica, sans-serif;font-size: 12pt\"><b>telefone: <\/b>(42) 3621-1458<\/span><\/p>\n<p>[\/vc_column_text][\/vc_column][\/vc_row][vc_row][vc_column][vc_column_text css=&#8221;&#8221;][\/vc_column_text][vc_column_text css=&#8221;&#8221;]<\/p>\n<h3 style=\"text-align: center\"><strong>Equipe T\u00e9cnica<\/strong><\/h3>\n<p>[\/vc_column_text][\/vc_column][\/vc_row][vc_row u_row_style=&#8221;0&#8243; u_row_paralax=&#8221;0&#8243; u_row_scheme=&#8221;0&#8243; css=&#8221;.vc_custom_1726079241901{margin-bottom: 10px !important;padding-top: 10px !important;padding-right: 10px !important;padding-bottom: 10px !important;padding-left: 10px !important;background-color: #F2F2F2 !important;}&#8221;][vc_column][vc_column_text css=&#8221;&#8221;]<\/p>\n<p align=\"left\"><span style=\"font-family: Arial, sans-serif\"><span style=\"font-size: medium\"><b>Chefe da Divis\u00e3o de Infraestrutura e Conserva\u00e7\u00e3o: <\/b>Giiliano Daniel Nascimento<\/span><\/span><\/p>\n<p align=\"left\"><span style=\"font-family: Arial, sans-serif\"><span style=\"font-size: medium\"><b>e-mail: <\/b><\/span><\/span><a href=\"mailto:gdnascimento@unicentro.br\"><span style=\"font-family: Arial, sans-serif\"><span style=\"font-size: medium\">gdnascimento@unicentro.br<\/span><\/span><\/a><\/p>\n<p align=\"left\"><span style=\"font-family: Arial, sans-serif\"><span style=\"font-size: medium\"><b>telefone<\/b>: (42) 3621-1314<\/span><\/span><\/p>\n<p>[\/vc_column_text][\/vc_column][\/vc_row][vc_row u_row_style=&#8221;0&#8243; u_row_paralax=&#8221;0&#8243; u_row_scheme=&#8221;0&#8243; css=&#8221;.vc_custom_1726079241901{margin-bottom: 10px !important;padding-top: 10px !important;padding-right: 10px !important;padding-bottom: 10px !important;padding-left: 10px !important;background-color: #F2F2F2 !important;}&#8221;][vc_column width=&#8221;3\/4&#8243;][vc_column_text css=&#8221;&#8221;]<\/p>\n<p align=\"left\"><span style=\"font-family: arial, helvetica, sans-serif\"><span style=\"font-size: medium\"><b>C<\/b><b>hefe <\/b><b>d<\/b><b>a Divis\u00e3o Administrativa <\/b>: Diego Allan Nascimento<\/span><\/span><\/p>\n<p align=\"left\"><span style=\"font-family: arial, helvetica, sans-serif\"><span style=\"font-size: small\"><span style=\"font-size: medium\"><b>e-mail: <\/b><\/span><span style=\"font-size: medium\"><a href=\"mailto:dallan@unicentro.br\">dallan@unicentro.br<\/a> <\/span><\/span><\/span><\/p>\n<p align=\"left\"><span style=\"font-family: arial, helvetica, sans-serif\"><span style=\"font-size: medium\"><b>telefone: <\/b>(42) 3621-1370<\/span><\/span><\/p>\n<p>[\/vc_column_text][\/vc_column][\/vc_row][vc_row u_row_style=&#8221;0&#8243; u_row_paralax=&#8221;0&#8243; u_row_scheme=&#8221;0&#8243; css=&#8221;.vc_custom_1726079241901{margin-bottom: 10px !important;padding-top: 10px !important;padding-right: 10px !important;padding-bottom: 10px !important;padding-left: 10px !important;background-color: #F2F2F2 !important;}&#8221;][vc_column width=&#8221;3\/4&#8243;][vc_column_text css=&#8221;&#8221;]<\/p>\n<p align=\"left\"><span style=\"font-family: arial, helvetica, sans-serif\"><span style=\"font-size: medium\"><b>Chefe <\/b><b>d<\/b><b>a Divis\u00e3o <\/b><b>d<\/b><b>e Manuten\u00e7\u00e3o: <\/b>Agnaldo Ddzioch<\/span><\/span><\/p>\n<p align=\"left\"><span style=\"font-family: arial, helvetica, sans-serif\"><span style=\"font-size: medium\"><b>e-mail:<\/b><\/span><\/span><\/p>\n<p align=\"left\"><span style=\"font-family: arial, helvetica, sans-serif\"><span style=\"font-size: medium\"><b>telefone: <\/b>(42) 3621-1314<\/span><\/span><\/p>\n<p>[\/vc_column_text][\/vc_column][\/vc_row][vc_row u_row_style=&#8221;0&#8243; u_row_paralax=&#8221;0&#8243; u_row_scheme=&#8221;0&#8243; css=&#8221;.vc_custom_1726079241901{margin-bottom: 10px !important;padding-top: 10px !important;padding-right: 10px !important;padding-bottom: 10px !important;padding-left: 10px !important;background-color: #F2F2F2 !important;}&#8221;][vc_column width=&#8221;3\/4&#8243;][vc_column_text css=&#8221;&#8221;]<\/p>\n<p align=\"left\"><span style=\"font-family: arial, helvetica, sans-serif\"><span style=\"font-size: medium\"><b>Coordenador <\/b><b>d<\/b><b>e Servi\u00e7os Gerais <\/b><b>e<\/b><b> Manuten\u00e7\u00e3o: <\/b>Rodrigo Dos Santos<\/span><\/span><\/p>\n<p align=\"left\"><span style=\"font-family: arial, helvetica, sans-serif\"><span style=\"font-size: medium\"><b>e-mail: <\/b><\/span><span style=\"font-size: medium\"><a href=\"mailto:rodrigo@unicentro.br\">rodrigo@unicentro.br<\/a> <\/span><\/span><\/p>\n<p align=\"left\"><span style=\"font-family: arial, helvetica, sans-serif\"><span style=\"font-size: medium\"><b>telefone: <\/b>(42) 3621-1314<\/span><\/span><\/p>\n<p>[\/vc_column_text][\/vc_column][\/vc_row][vc_row u_row_style=&#8221;0&#8243; u_row_paralax=&#8221;0&#8243; u_row_scheme=&#8221;0&#8243; css=&#8221;.vc_custom_1726079241901{margin-bottom: 10px !important;padding-top: 10px !important;padding-right: 10px !important;padding-bottom: 10px !important;padding-left: 10px !important;background-color: #F2F2F2 !important;}&#8221;][vc_column width=&#8221;3\/4&#8243;][vc_column_text css=&#8221;&#8221;]<\/p>\n<p align=\"left\"><span style=\"font-family: Arial, sans-serif\"><span style=\"font-size: medium\"><b>Encarregado da Se\u00e7\u00e3o de Recursos Audiovisuais<\/b>: Felipe Vieira dos Santos Perez<\/span><\/span><\/p>\n<p><span style=\"font-family: Arial, sans-serif\"><span style=\"font-size: small\"><span style=\"font-size: medium\"><b>e-mail: <\/b><\/span><span style=\"font-size: medium\"><a href=\"mailto:felipevieira@unicentro.br\">felipevieira@unicentro.br<\/a> <\/span><\/span><\/span><\/p>\n<p align=\"left\"><span style=\"font-family: Arial, sans-serif\"><span style=\"font-size: medium\"><b>telefone: <\/b>(42) 3621-1314<\/span><\/span><\/p>\n<p>[\/vc_column_text][\/vc_column][\/vc_row][vc_row u_row_style=&#8221;0&#8243; u_row_paralax=&#8221;0&#8243; u_row_scheme=&#8221;0&#8243; css=&#8221;.vc_custom_1726079241901{margin-bottom: 10px !important;padding-top: 10px !important;padding-right: 10px !important;padding-bottom: 10px !important;padding-left: 10px !important;background-color: #F2F2F2 !important;}&#8221;][vc_column width=&#8221;3\/4&#8243;][vc_column_text css=&#8221;&#8221;]<\/p>\n<p align=\"left\"><span style=\"font-family: Arial, sans-serif\"><span style=\"font-size: medium\"><b>Chefe da Divis\u00e3o de Laborat\u00f3rios: <\/b>J<span style=\"font-family: Arial, Helvetica, sans-serif\">os<\/span><span style=\"font-family: Arial, Helvetica, sans-serif\">\u00e9<\/span><span style=\"font-family: Arial, Helvetica, sans-serif\"> Fernando Tomporovski<\/span> <\/span><\/span><\/p>\n<p align=\"left\"><span style=\"font-family: Arial, sans-serif\"><span style=\"font-size: medium\"><b>e-mail: <\/b>jfernando@unicentro.br<\/span><\/span><\/p>\n<p align=\"left\"><span style=\"font-family: Arial, Helvetica, sans-serif\"><span style=\"font-family: Arial, sans-serif\"><span style=\"font-size: medium\"><b>telefone: <\/b>(42) 3621-<\/span><\/span><span style=\"font-family: Arial, sans-serif\"><span style=\"font-size: medium\">1314<\/span><\/span><\/span><\/p>\n<p>[\/vc_column_text][\/vc_column][\/vc_row][vc_row u_row_style=&#8221;0&#8243; u_row_paralax=&#8221;0&#8243; u_row_scheme=&#8221;0&#8243; css=&#8221;.vc_custom_1726079241901{margin-bottom: 10px !important;padding-top: 10px !important;padding-right: 10px !important;padding-bottom: 10px !important;padding-left: 10px !important;background-color: #F2F2F2 !important;}&#8221;][vc_column width=&#8221;3\/4&#8243;][vc_column_text css=&#8221;&#8221;]<\/p>\n<p align=\"left\"><span style=\"font-family: Arial, sans-serif\"><span style=\"font-size: medium\"><b>Encarregado da Se\u00e7\u00e3o de Servi\u00e7os e Asseio:<\/b> Conrado Kluber Neto<\/span><\/span><\/p>\n<p align=\"left\"><span style=\"font-family: Arial, sans-serif\"><span style=\"font-size: medium\"><b>e-mail:<\/b><\/span><\/span> <a href=\"mailto:conradokluber@unicentro.br\"><span style=\"font-family: Arial, sans-serif\"><span style=\"font-size: medium\">conradokluber@unicentro.br<\/span><\/span><\/a><\/p>\n<p align=\"left\"><span style=\"font-family: Arial, sans-serif\"><span style=\"font-size: medium\"><b>telefone: <\/b>(42) 3621-1314<\/span><\/span><\/p>\n<p>[\/vc_column_text][\/vc_column][\/vc_row][vc_row u_row_style=&#8221;0&#8243; u_row_paralax=&#8221;0&#8243; u_row_scheme=&#8221;0&#8243; css=&#8221;.vc_custom_1726079241901{margin-bottom: 10px !important;padding-top: 10px !important;padding-right: 10px !important;padding-bottom: 10px !important;padding-left: 10px !important;background-color: #F2F2F2 !important;}&#8221;][vc_column width=&#8221;3\/4&#8243;][vc_column_text css=&#8221;&#8221;]<\/p>\n<p align=\"left\"><span style=\"font-family: Arial, sans-serif\"><span style=\"font-size: medium\"><b>Encarregado da Se\u00e7\u00e3o de Suporte Operacional, Invent\u00e1rio e Descarte de Inserv\u00edveis: <\/b>Antonio Carlos Guilherme <\/span><\/span><\/p>\n<p align=\"left\"><span style=\"font-family: Arial, sans-serif\"><span style=\"font-size: medium\"><b>e-mail: <\/b><\/span><\/span><span style=\"font-family: Arial, sans-serif\"><span style=\"font-size: medium\">antonio@unicentro.br<\/span><\/span><\/p>\n<p align=\"left\"><span style=\"font-family: Arial, sans-serif\"><span style=\"font-size: medium\"><b>telefone: <\/b>(42) 3621-1251<\/span><\/span><\/p>\n<p>[\/vc_column_text][\/vc_column][\/vc_row][vc_row u_row_style=&#8221;0&#8243; u_row_paralax=&#8221;0&#8243; u_row_scheme=&#8221;0&#8243; css=&#8221;.vc_custom_1726079241901{margin-bottom: 10px !important;padding-top: 10px !important;padding-right: 10px !important;padding-bottom: 10px !important;padding-left: 10px !important;background-color: #F2F2F2 !important;}&#8221;][vc_column width=&#8221;3\/4&#8243;][vc_column_text css=&#8221;&#8221;]<\/p>\n<p align=\"left\"><span style=\"font-family: Arial, sans-serif\"><span style=\"font-size: medium\"><b>Encarregado da Se\u00e7\u00e3o de Manuten\u00e7\u00e3o da Rede Hidr\u00e1ulica e de Esgoto: <\/b>Valdir Jos\u00e9 Pacheco<\/span><\/span><\/p>\n<p align=\"left\"><span style=\"font-family: Arial, sans-serif\"><span style=\"font-size: medium\"><b>e-mail: <\/b><\/span><\/span><a href=\"mailto:gdnascimento@unicentro.br\"><span style=\"font-family: Arial, sans-serif\"><span style=\"font-size: medium\">gdnascimento@unicentro.br<\/span><\/span><\/a><\/p>\n<p align=\"left\"><span style=\"font-family: Arial, sans-serif\"><span style=\"font-size: medium\"><b>telefone: <\/b>(42) 3621-1314<\/span><\/span><\/p>\n<p>[\/vc_column_text][\/vc_column][\/vc_row][vc_row u_row_style=&#8221;0&#8243; u_row_paralax=&#8221;0&#8243; u_row_scheme=&#8221;0&#8243; css=&#8221;.vc_custom_1726079241901{margin-bottom: 10px !important;padding-top: 10px !important;padding-right: 10px !important;padding-bottom: 10px !important;padding-left: 10px !important;background-color: #F2F2F2 !important;}&#8221;][vc_column width=&#8221;3\/4&#8243;][vc_column_text css=&#8221;&#8221;]<\/p>\n<p align=\"left\"><span style=\"font-family: Arial, sans-serif\"><span style=\"font-size: medium\"><b>Encarregado da Se\u00e7\u00e3o de Manuten\u00e7\u00e3o El\u00e9trica: <\/b>Juvenil de Oliveira <\/span><\/span><\/p>\n<p align=\"left\"><span style=\"font-family: Arial, sans-serif\"><span style=\"font-size: medium\"><b>e-mail: <\/b><\/span><\/span><span style=\"font-family: Arial, sans-serif\"><span style=\"font-size: medium\"><a href=\"mailto:juvenil@unicentro.br\">juvenil@unicentro.br<\/a> <\/span><\/span><\/p>\n<p align=\"left\"><span style=\"font-family: Arial, sans-serif\"><span style=\"font-size: medium\"><b>telefone: <\/b>(42) 3621-1314<\/span><\/span><\/p>\n<p>[\/vc_column_text][\/vc_column][\/vc_row][vc_row u_row_style=&#8221;0&#8243; u_row_paralax=&#8221;0&#8243; u_row_scheme=&#8221;0&#8243; css=&#8221;.vc_custom_1726079241901{margin-bottom: 10px !important;padding-top: 10px !important;padding-right: 10px !important;padding-bottom: 10px !important;padding-left: 10px !important;background-color: #F2F2F2 !important;}&#8221;][vc_column width=&#8221;3\/4&#8243;][vc_column_text css=&#8221;&#8221;]<\/p>\n<p align=\"left\"><span style=\"font-family: Arial, sans-serif\"><span style=\"font-size: medium\"><b>T\u00e9cnico Administrativo: <\/b>Leon Nascimento Gomes<\/span><\/span><\/p>\n<p align=\"left\"><span style=\"font-family: Arial, sans-serif\"><span style=\"font-size: medium\"><b>e-mail: <\/b><a href=\"mailto:leongomes@unicentro.br\">leongomes@unicentro.br<\/a><\/span><\/span><\/p>\n<p align=\"left\"><span style=\"font-family: Arial, sans-serif\"><span style=\"font-size: medium\"><b>telefone: <\/b>(42) 3621-1314<\/span><\/span><\/p>\n<p>[\/vc_column_text][\/vc_column][\/vc_row]<\/p>\n<\/div>","protected":false},"excerpt":{"rendered":"<p>[vc_row][vc_column][vc_row_inner][vc_column_inner][\/vc_column_inner][\/vc_row_inner][vc_column_text css=&#8221;&#8221;] Dire\u00e7\u00e3o do C\u00e2mpus Santa Cruz [\/vc_column_text][\/vc_column][\/vc_row][vc_row u_row_style=&#8221;0&#8243; u_row_paralax=&#8221;0&#8243; u_row_scheme=&#8221;0&#8243; css=&#8221;.vc_custom_1726079241901{margin-bottom: 10px !important;padding-top: 10px !important;padding-right: 10px !important;padding-bottom: 10px !important;padding-left: 10px !important;background-color: #F2F2F2 !important;}&#8221;][vc_column width=&#8221;1\/2&#8243;][vc_single_image image=&#8221;1467&#8243; img_size=&#8221;150&#215;150&#8243; alignment=&#8221;center&#8221; style=&#8221;vc_box_circle_2&#8243; css=&#8221;&#8221;][vc_column_text css=&#8221;&#8221;] Diretora Geral do C\u00e2mpus: Roseli de Oliveira Machado e-mail: romachado@unicentro.br telefone: (42) 3621-1458 [\/vc_column_text][\/vc_column][vc_column width=&#8221;1\/2&#8243;][vc_single_image image=&#8221;1196&#8243; img_size=&#8221;150&#215;150&#8243; alignment=&#8221;center&#8221; style=&#8221;vc_box_circle_2&#8243; css=&#8221;&#8221;][vc_column_text css=&#8221;&#8221;] Vice-Diretor do C\u00e2mpus: [&hellip;]<\/p>\n","protected":false},"author":283,"featured_media":0,"parent":0,"menu_order":0,"comment_status":"closed","ping_status":"closed","template":"","meta":{"_exactmetrics_skip_tracking":false,"_exactmetrics_sitenote_active":false,"_exactmetrics_sitenote_note":"","_exactmetrics_sitenote_category":0,"footnotes":"","_links_to":"","_links_to_target":""},"class_list":["post-606","page","type-page","status-publish","hentry"],"publishpress_future_action":{"enabled":false,"date":"2026-04-17 01:16:35","action":"change-status","newStatus":"draft","terms":[],"taxonomy":"","extraData":[]},"publishpress_future_workflow_manual_trigger":{"enabledWorkflows":[]},"_links":{"self":[{"href":"https:\/\/www3.unicentro.br\/santacruz\/wp-json\/wp\/v2\/pages\/606","targetHints":{"allow":["GET"]}}],"collection":[{"href":"https:\/\/www3.unicentro.br\/santacruz\/wp-json\/wp\/v2\/pages"}],"about":[{"href":"https:\/\/www3.unicentro.br\/santacruz\/wp-json\/wp\/v2\/types\/page"}],"author":[{"embeddable":true,"href":"https:\/\/www3.unicentro.br\/santacruz\/wp-json\/wp\/v2\/users\/283"}],"replies":[{"embeddable":true,"href":"https:\/\/www3.unicentro.br\/santacruz\/wp-json\/wp\/v2\/comments?post=606"}],"version-history":[{"count":6,"href":"https:\/\/www3.unicentro.br\/santacruz\/wp-json\/wp\/v2\/pages\/606\/revisions"}],"predecessor-version":[{"id":196976,"href":"https:\/\/www3.unicentro.br\/santacruz\/wp-json\/wp\/v2\/pages\/606\/revisions\/196976"}],"wp:attachment":[{"href":"https:\/\/www3.unicentro.br\/santacruz\/wp-json\/wp\/v2\/media?parent=606"}],"curies":[{"name":"wp","href":"https:\/\/api.w.org\/{rel}","templated":true}]}}