{"id":59,"date":"2020-06-17T15:42:36","date_gmt":"2020-06-17T18:42:36","guid":{"rendered":"https:\/\/www3.unicentro.br\/santacruz\/?page_id=59"},"modified":"2021-09-24T11:07:28","modified_gmt":"2021-09-24T14:07:28","slug":"administracao","status":"publish","type":"page","link":"https:\/\/www3.unicentro.br\/santacruz\/cursos\/sesa\/administracao\/","title":{"rendered":"Administra\u00e7\u00e3o"},"content":{"rendered":"<div class=\"wpb-content-wrapper\"><p>[vc_row][vc_column][vc_single_image image=&#8221;322&#8243; img_size=&#8221;750&#215;410&#8243; css_animation=&#8221;fadeInUp&#8221;][\/vc_column][\/vc_row][vc_row][vc_column][vc_column_text]Curso pertencente ao Setor de Ci\u00eancias Sociais Aplicadas. O profissional de Administra\u00e7\u00e3o planeja e controla o funcionamento das organiza\u00e7\u00f5es p\u00fablicas e privadas. Determina m\u00e9todos gerais de organiza\u00e7\u00e3o, planeja recursos humanos e materiais. Orienta e controla as atividades conforme planejamento empresarial. Fixa a pol\u00edtica financeira e controla a aplica\u00e7\u00e3o de recursos.<\/p>\n<p>Administradores atuam em organiza\u00e7\u00f5es p\u00fablicas e privadas, como bancos, empresas agr\u00edcolas, de comunica\u00e7\u00e3o e transporte, explora\u00e7\u00e3o natural, seguros e servi\u00e7os em geral, al\u00e9m de escolas, universidades, institutos, hospitais e outras institui\u00e7\u00f5es.<\/p>\n<p><strong>Dura\u00e7\u00e3o:\u00a0<\/strong>4 anos<\/p>\n<p><strong>Coordena\u00e7\u00e3o de curso:<\/strong> L\u00e9o Raifur<\/p>\n<p><strong>Ramal:<\/strong><\/p>\n<p><strong>E-mail:<\/strong> leo@unicentro.br[\/vc_column_text][vc_btn title=&#8221;Matrizes e Ementas&#8221; style=&#8221;3d&#8221; color=&#8221;purple&#8221; align=&#8221;left&#8221; i_type=&#8221;entypo&#8221; i_icon_entypo=&#8221;entypo-icon entypo-icon-doc-text&#8221; css_animation=&#8221;none&#8221; add_icon=&#8221;true&#8221; link=&#8221;url:https%3A%2F%2Fwww3.unicentro.br%2Fproen%2Fcursos%2Fmatrizes-curriculares%2F%231535118242540-71c5eeaf-dc15|title:Matrizes%20e%20Ementas|target:%20_blank|&#8221; css=&#8221;.vc_custom_1595941478422{background-color: #ffffff !important;}&#8221;][\/vc_column][\/vc_row][vc_row][vc_column][vc_btn title=&#8221;Hor\u00e1rios DEADM &#8211; Manh\u00e3&#8221; style=&#8221;3d&#8221; color=&#8221;purple&#8221; align=&#8221;left&#8221; i_type=&#8221;entypo&#8221; i_icon_entypo=&#8221;entypo-icon entypo-icon-doc-text&#8221; css_animation=&#8221;none&#8221; add_icon=&#8221;true&#8221; link=&#8221;url:https%3A%2F%2Fwww3.unicentro.br%2Fsantacruz%2Fwp-content%2Fuploads%2Fsites%2F90%2F2021%2F09%2FHorario-DEADM-2021-GPVA-Manha.pdf|title:Hor%C3%A1rios%20DEADM%20-%20Manh%C3%A3|target:_blank&#8221; css=&#8221;.vc_custom_1632492383628{background-color: #ffffff !important;}&#8221;][vc_btn title=&#8221;Hor\u00e1rios DEADM &#8211; Noite&#8221; style=&#8221;3d&#8221; color=&#8221;purple&#8221; align=&#8221;left&#8221; i_type=&#8221;entypo&#8221; i_icon_entypo=&#8221;entypo-icon entypo-icon-doc-text&#8221; css_animation=&#8221;none&#8221; add_icon=&#8221;true&#8221; link=&#8221;url:https%3A%2F%2Fwww3.unicentro.br%2Fsantacruz%2Fwp-content%2Fuploads%2Fsites%2F90%2F2021%2F09%2FHorario-DEADM-2021-GPVA-Noite.pdf|title:Hor%C3%A1rios%20DEADM%20-%20Noite|target:_blank&#8221; css=&#8221;.vc_custom_1632492417154{background-color: #ffffff !important;}&#8221;][\/vc_column][\/vc_row]<\/p>\n<\/div>","protected":false},"excerpt":{"rendered":"<p>[vc_row][vc_column][vc_single_image image=&#8221;322&#8243; img_size=&#8221;750&#215;410&#8243; css_animation=&#8221;fadeInUp&#8221;][\/vc_column][\/vc_row][vc_row][vc_column][vc_column_text]Curso pertencente ao Setor de Ci\u00eancias Sociais Aplicadas. O profissional de Administra\u00e7\u00e3o planeja e controla o funcionamento das organiza\u00e7\u00f5es p\u00fablicas e privadas. Determina m\u00e9todos gerais de organiza\u00e7\u00e3o, planeja recursos humanos e materiais. Orienta e controla as atividades conforme planejamento empresarial. Fixa a pol\u00edtica financeira e controla a aplica\u00e7\u00e3o de recursos. Administradores atuam [&hellip;]<\/p>\n","protected":false},"author":3,"featured_media":0,"parent":57,"menu_order":0,"comment_status":"closed","ping_status":"closed","template":"","meta":{"_exactmetrics_skip_tracking":false,"_exactmetrics_sitenote_active":false,"_exactmetrics_sitenote_note":"","_exactmetrics_sitenote_category":0,"footnotes":"","_links_to":"","_links_to_target":""},"class_list":["post-59","page","type-page","status-publish","hentry"],"publishpress_future_action":{"enabled":false,"date":"2026-04-17 01:24:36","action":"change-status","newStatus":"draft","terms":[],"taxonomy":"","extraData":[]},"publishpress_future_workflow_manual_trigger":{"enabledWorkflows":[]},"_links":{"self":[{"href":"https:\/\/www3.unicentro.br\/santacruz\/wp-json\/wp\/v2\/pages\/59","targetHints":{"allow":["GET"]}}],"collection":[{"href":"https:\/\/www3.unicentro.br\/santacruz\/wp-json\/wp\/v2\/pages"}],"about":[{"href":"https:\/\/www3.unicentro.br\/santacruz\/wp-json\/wp\/v2\/types\/page"}],"author":[{"embeddable":true,"href":"https:\/\/www3.unicentro.br\/santacruz\/wp-json\/wp\/v2\/users\/3"}],"replies":[{"embeddable":true,"href":"https:\/\/www3.unicentro.br\/santacruz\/wp-json\/wp\/v2\/comments?post=59"}],"version-history":[{"count":0,"href":"https:\/\/www3.unicentro.br\/santacruz\/wp-json\/wp\/v2\/pages\/59\/revisions"}],"up":[{"embeddable":true,"href":"https:\/\/www3.unicentro.br\/santacruz\/wp-json\/wp\/v2\/pages\/57"}],"wp:attachment":[{"href":"https:\/\/www3.unicentro.br\/santacruz\/wp-json\/wp\/v2\/media?parent=59"}],"curies":[{"name":"wp","href":"https:\/\/api.w.org\/{rel}","templated":true}]}}