{"id":49,"date":"2020-06-17T15:40:57","date_gmt":"2020-06-17T18:40:57","guid":{"rendered":"https:\/\/www3.unicentro.br\/santacruz\/?page_id=49"},"modified":"2025-07-11T17:29:03","modified_gmt":"2025-07-11T20:29:03","slug":"letras","status":"publish","type":"page","link":"https:\/\/www3.unicentro.br\/santacruz\/cursos\/sehla\/letras\/","title":{"rendered":"Letras Portugu\u00eas"},"content":{"rendered":"<div class=\"wpb-content-wrapper\"><p>[vc_row][vc_column][vc_single_image image=&#8221;308&#8243; img_size=&#8221;750&#215;410&#8243; css_animation=&#8221;fadeInUp&#8221;][\/vc_column][\/vc_row][vc_row][vc_column][vc_column_text css_animation=&#8221;fadeInDown&#8221; css=&#8221;&#8221;]O curso de Letras ofertado no Campus Santa Cruz, em Guarapuava, contempla o estudo da l\u00edngua em seus aspectos estruturais, textuais e discursivos. Desenvolve leitura cr\u00edtica de diferentes tipos de texto, em particular o liter\u00e1rio, o cient\u00edfico e o midi\u00e1tico. Dialoga com as diferentes teorias sobre L\u00edngua e Literatura, suas principais divis\u00f5es e sua hist\u00f3ria. A reflex\u00e3o teoricamente fundamentada se voltar\u00e1 particularmente para o ensino de l\u00edngua, contemplando a rela\u00e7\u00e3o l\u00edngua-linguagem.<\/p>\n<p><strong>Dura\u00e7\u00e3o:\u00a0<\/strong>4 anos<\/p>\n<p><strong>Ramal:\u00a0<\/strong>1055[\/vc_column_text][\/vc_column][\/vc_row][vc_row][vc_column][vc_btn title=&#8221;Matrizes e Ementas&#8221; style=&#8221;3d&#8221; color=&#8221;purple&#8221; align=&#8221;left&#8221; i_type=&#8221;entypo&#8221; i_icon_entypo=&#8221;entypo-icon entypo-icon-doc-text&#8221; css_animation=&#8221;none&#8221; css=&#8221;.vc_custom_1595859888795{background-color: #ffffff !important;}&#8221; add_icon=&#8221;true&#8221; link=&#8221;url:https%3A%2F%2Fwww3.unicentro.br%2Fproen%2Fcursos%2Fmatrizes-curriculares%2F%231536186068741-8805eefe-673d|title:Matrizes%20e%20Ementas|target:%20_blank|&#8221;][vc_btn title=&#8221;Hor\u00e1rios DELET Portugu\u00eas &#8211; Manh\u00e3&#8221; style=&#8221;3d&#8221; color=&#8221;purple&#8221; align=&#8221;left&#8221; i_type=&#8221;entypo&#8221; i_icon_entypo=&#8221;entypo-icon entypo-icon-doc-text&#8221; css_animation=&#8221;none&#8221; css=&#8221;.vc_custom_1634317328776{background-color: #ffffff !important;}&#8221; add_icon=&#8221;true&#8221; link=&#8221;url:https%3A%2F%2Fwww3.unicentro.br%2Fsantacruz%2Fwp-content%2Fuploads%2Fsites%2F90%2F2021%2F10%2FDELET-Portugues-Manha.pdf|title:Hor%C3%A1rios%20DELET%20Portugu%C3%AAs%20-%20Manh%C3%A3|target:_blank&#8221;][\/vc_column][\/vc_row]<\/p>\n<\/div>","protected":false},"excerpt":{"rendered":"<p>[vc_row][vc_column][vc_single_image image=&#8221;308&#8243; img_size=&#8221;750&#215;410&#8243; css_animation=&#8221;fadeInUp&#8221;][\/vc_column][\/vc_row][vc_row][vc_column][vc_column_text css_animation=&#8221;fadeInDown&#8221; css=&#8221;&#8221;]O curso de Letras ofertado no Campus Santa Cruz, em Guarapuava, contempla o estudo da l\u00edngua em seus aspectos estruturais, textuais e discursivos. Desenvolve leitura cr\u00edtica de diferentes tipos de texto, em particular o liter\u00e1rio, o cient\u00edfico e o midi\u00e1tico. Dialoga com as diferentes teorias sobre L\u00edngua e Literatura, suas [&hellip;]<\/p>\n","protected":false},"author":3,"featured_media":0,"parent":39,"menu_order":0,"comment_status":"closed","ping_status":"closed","template":"","meta":{"_exactmetrics_skip_tracking":false,"_exactmetrics_sitenote_active":false,"_exactmetrics_sitenote_note":"","_exactmetrics_sitenote_category":0,"footnotes":"","_links_to":"","_links_to_target":""},"class_list":["post-49","page","type-page","status-publish","hentry"],"publishpress_future_action":{"enabled":false,"date":"2026-04-17 01:24:36","action":"change-status","newStatus":"draft","terms":[],"taxonomy":"","extraData":[]},"publishpress_future_workflow_manual_trigger":{"enabledWorkflows":[]},"_links":{"self":[{"href":"https:\/\/www3.unicentro.br\/santacruz\/wp-json\/wp\/v2\/pages\/49","targetHints":{"allow":["GET"]}}],"collection":[{"href":"https:\/\/www3.unicentro.br\/santacruz\/wp-json\/wp\/v2\/pages"}],"about":[{"href":"https:\/\/www3.unicentro.br\/santacruz\/wp-json\/wp\/v2\/types\/page"}],"author":[{"embeddable":true,"href":"https:\/\/www3.unicentro.br\/santacruz\/wp-json\/wp\/v2\/users\/3"}],"replies":[{"embeddable":true,"href":"https:\/\/www3.unicentro.br\/santacruz\/wp-json\/wp\/v2\/comments?post=49"}],"version-history":[{"count":2,"href":"https:\/\/www3.unicentro.br\/santacruz\/wp-json\/wp\/v2\/pages\/49\/revisions"}],"predecessor-version":[{"id":3155,"href":"https:\/\/www3.unicentro.br\/santacruz\/wp-json\/wp\/v2\/pages\/49\/revisions\/3155"}],"up":[{"embeddable":true,"href":"https:\/\/www3.unicentro.br\/santacruz\/wp-json\/wp\/v2\/pages\/39"}],"wp:attachment":[{"href":"https:\/\/www3.unicentro.br\/santacruz\/wp-json\/wp\/v2\/media?parent=49"}],"curies":[{"name":"wp","href":"https:\/\/api.w.org\/{rel}","templated":true}]}}