{"id":45,"date":"2020-06-17T15:39:56","date_gmt":"2020-06-17T18:39:56","guid":{"rendered":"https:\/\/www3.unicentro.br\/santacruz\/?page_id=45"},"modified":"2021-10-15T14:00:38","modified_gmt":"2021-10-15T17:00:38","slug":"historia","status":"publish","type":"page","link":"https:\/\/www3.unicentro.br\/santacruz\/cursos\/sehla\/historia\/","title":{"rendered":"Hist\u00f3ria"},"content":{"rendered":"<div class=\"wpb-content-wrapper\"><p>[vc_row][vc_column][vc_single_image image=&#8221;291&#8243; img_size=&#8221;750&#215;410&#8243; css_animation=&#8221;fadeInUp&#8221;][vc_column_text css_animation=&#8221;fadeInDown&#8221;]Ci\u00eancia que estuda a a\u00e7\u00e3o dos homens no tempo. Pesquisa, estuda e interpreta os fatos de acordo com suas causas, significados e consequ\u00eancias, avaliando acontecimentos passados e presentes, assim como as condi\u00e7\u00f5es econ\u00f4micas, culturais e sociais que os originaram. Pela cr\u00edtica e interpreta\u00e7\u00e3o dos acontecimentos, amplia a compreens\u00e3o sobre o desenvolvimento da humanidade.<\/p>\n<p><strong>DURA\u00c7\u00c3O:<\/strong>\u00a04 anos<\/p>\n<p><strong>Coordena\u00e7\u00e3o do curso:\u00a0<\/strong>Prof. Carlos Eduardo Schipanski<\/p>\n<p><strong>Ramal:\u00a0<\/strong>1061<\/p>\n<p><strong>E-mail:<\/strong>schipanski@unicentro.br[\/vc_column_text][vc_btn title=&#8221;Matrizes e Ementas&#8221; style=&#8221;3d&#8221; color=&#8221;purple&#8221; align=&#8221;left&#8221; i_type=&#8221;entypo&#8221; i_icon_entypo=&#8221;entypo-icon entypo-icon-doc-text&#8221; css_animation=&#8221;none&#8221; add_icon=&#8221;true&#8221; link=&#8221;url:https%3A%2F%2Fwww3.unicentro.br%2Fproen%2Fcursos%2Fmatrizes-curriculares%2F%231536184286536-2cb039d3-fc63|title:Matrizes%20e%20Ementas|target:%20_blank|&#8221; css=&#8221;.vc_custom_1595859398770{background-color: #ffffff !important;}&#8221;][vc_btn title=&#8221;Hor\u00e1rios DEHIS &#8211; Manh\u00e3&#8221; style=&#8221;3d&#8221; color=&#8221;purple&#8221; align=&#8221;left&#8221; i_type=&#8221;entypo&#8221; i_icon_entypo=&#8221;entypo-icon entypo-icon-doc-text&#8221; css_animation=&#8221;none&#8221; add_icon=&#8221;true&#8221; link=&#8221;url:https%3A%2F%2Fwww3.unicentro.br%2Fsantacruz%2Fwp-content%2Fuploads%2Fsites%2F90%2F2021%2F10%2FDEHIS-Manha.pdf|title:Hor%C3%A1rios%20DEHIS%20-%20Manh%C3%A3|target:_blank&#8221; css=&#8221;.vc_custom_1634317111467{background-color: #ffffff !important;}&#8221;][vc_btn title=&#8221;Hor\u00e1rios DEHIS &#8211; Noite&#8221; style=&#8221;3d&#8221; color=&#8221;purple&#8221; align=&#8221;left&#8221; i_type=&#8221;entypo&#8221; i_icon_entypo=&#8221;entypo-icon entypo-icon-doc-text&#8221; css_animation=&#8221;none&#8221; add_icon=&#8221;true&#8221; link=&#8221;url:https%3A%2F%2Fwww3.unicentro.br%2Fsantacruz%2Fwp-content%2Fuploads%2Fsites%2F90%2F2021%2F10%2FDEHIS-Noite.pdf|title:Hor%C3%A1rios%20DEHIS%20-%20Noite|target:_blank&#8221; css=&#8221;.vc_custom_1634317150442{background-color: #ffffff !important;}&#8221;][\/vc_column][\/vc_row]<\/p>\n<\/div>","protected":false},"excerpt":{"rendered":"<p>[vc_row][vc_column][vc_single_image image=&#8221;291&#8243; img_size=&#8221;750&#215;410&#8243; css_animation=&#8221;fadeInUp&#8221;][vc_column_text css_animation=&#8221;fadeInDown&#8221;]Ci\u00eancia que estuda a a\u00e7\u00e3o dos homens no tempo. Pesquisa, estuda e interpreta os fatos de acordo com suas causas, significados e consequ\u00eancias, avaliando acontecimentos passados e presentes, assim como as condi\u00e7\u00f5es econ\u00f4micas, culturais e sociais que os originaram. Pela cr\u00edtica e interpreta\u00e7\u00e3o dos acontecimentos, amplia a compreens\u00e3o sobre o desenvolvimento [&hellip;]<\/p>\n","protected":false},"author":3,"featured_media":0,"parent":39,"menu_order":0,"comment_status":"closed","ping_status":"closed","template":"","meta":{"_exactmetrics_skip_tracking":false,"_exactmetrics_sitenote_active":false,"_exactmetrics_sitenote_note":"","_exactmetrics_sitenote_category":0,"footnotes":"","_links_to":"","_links_to_target":""},"class_list":["post-45","page","type-page","status-publish","hentry"],"publishpress_future_action":{"enabled":false,"date":"2026-04-17 02:54:21","action":"change-status","newStatus":"draft","terms":[],"taxonomy":"","extraData":[]},"publishpress_future_workflow_manual_trigger":{"enabledWorkflows":[]},"_links":{"self":[{"href":"https:\/\/www3.unicentro.br\/santacruz\/wp-json\/wp\/v2\/pages\/45","targetHints":{"allow":["GET"]}}],"collection":[{"href":"https:\/\/www3.unicentro.br\/santacruz\/wp-json\/wp\/v2\/pages"}],"about":[{"href":"https:\/\/www3.unicentro.br\/santacruz\/wp-json\/wp\/v2\/types\/page"}],"author":[{"embeddable":true,"href":"https:\/\/www3.unicentro.br\/santacruz\/wp-json\/wp\/v2\/users\/3"}],"replies":[{"embeddable":true,"href":"https:\/\/www3.unicentro.br\/santacruz\/wp-json\/wp\/v2\/comments?post=45"}],"version-history":[{"count":0,"href":"https:\/\/www3.unicentro.br\/santacruz\/wp-json\/wp\/v2\/pages\/45\/revisions"}],"up":[{"embeddable":true,"href":"https:\/\/www3.unicentro.br\/santacruz\/wp-json\/wp\/v2\/pages\/39"}],"wp:attachment":[{"href":"https:\/\/www3.unicentro.br\/santacruz\/wp-json\/wp\/v2\/media?parent=45"}],"curies":[{"name":"wp","href":"https:\/\/api.w.org\/{rel}","templated":true}]}}