{"id":1446,"date":"2024-09-10T16:43:46","date_gmt":"2024-09-10T19:43:46","guid":{"rendered":"https:\/\/www3.unicentro.br\/santacruz\/?page_id=1446"},"modified":"2024-10-29T13:17:52","modified_gmt":"2024-10-29T16:17:52","slug":"cadcam-sc","status":"publish","type":"page","link":"https:\/\/www3.unicentro.br\/santacruz\/campus\/cadcam-sc\/","title":{"rendered":"Cadcam\/SC"},"content":{"rendered":"<p align=\"justify\"><span style=\"font-family: Arial, sans-serif\"><span style=\"font-size: medium\">O<span style=\"color: #000000\"> Conselho Administrativo do C\u00e2mpus Santa Cruz, CADCAM\/SC \u00e9 \u00f3rg\u00e3o do Campus Universit\u00e1rio, de car\u00e1ter deliberativo e consultivo em mat\u00e9ria administrativa. Sua composi\u00e7\u00e3o inclui o Diretor e Vice-Diretor do Campus; Diretores de Setores <\/span><span style=\"color: #000000\">do respectivo <\/span><span style=\"color: #000000\">C\u00e2<\/span><span style=\"color: #000000\">mpus;<\/span><span style=\"color: #000000\"> um representante docente de cada Setor do respectivo C<\/span><span style=\"color: #000000\">\u00e2<\/span><span style=\"color: #000000\">mpus; um representante dos agentes universit\u00e1rios do C<\/span><span style=\"color: #000000\">\u00e2<\/span><span style=\"color: #000000\">mpus; <\/span><span style=\"color: #000000\">e <\/span><span style=\"color: #000000\">um representante discente do C<\/span><span style=\"color: #000000\">\u00e2<\/span><span style=\"color: #000000\">mpus. Suas compet\u00eancias s\u00e3o determinadas por um regulamento pr\u00f3prio, aprovado pelo COU (Conselho Universit\u00e1rio). <\/span><\/span><\/span><\/p>\n<p><span style=\"color: #000000\">\u00a0<\/span><\/p>\n<p><strong><span style=\"color: #000000\"><span style=\"font-family: Arial, sans-serif\"><span style=\"font-size: medium\">Composi\u00e7\u00e3o do Conselho Administrativo do C\u00e2mpus Santa Cruz \u2013 CADCAM\/SC<\/span><\/span><\/span><\/strong><\/p>\n<p><span style=\"color: #000000\">\u00a0<\/span><\/p>\n<p><span style=\"color: #000000\"><span style=\"font-family: Arial, sans-serif\"><span style=\"font-size: medium\"><strong><b>Membros natos:<\/b><\/strong><\/span><\/span><\/span><\/p>\n<p><span style=\"color: #000000\"><span style=\"font-family: Arial, sans-serif\"><span style=\"font-size: medium\">Presidenta: Roseli de Oliveira Machado (Diretora do C\u00e2mpus)<\/span><\/span><\/span><\/p>\n<p><span style=\"color: #000000\"><span style=\"font-family: Arial, sans-serif\"><span style=\"font-size: medium\">Gilmar Evandro Szczepanik <\/span><\/span><\/span><span style=\"color: #000000\"><span style=\"font-family: Arial, sans-serif\"><span style=\"font-size: medium\">(Vice-Diretor do C\u00e2mpus)<br \/>\n<\/span><\/span><\/span><span style=\"color: #000000\"><span style=\"font-family: Arial, sans-serif\"><span style=\"font-size: medium\">Marcos de Castro<\/span><\/span><\/span><span style=\"color: #000000\"><span style=\"font-family: Arial, sans-serif\"><span style=\"font-size: medium\"> (Diretor do SE<\/span><\/span><\/span><span style=\"color: #000000\"><span style=\"font-family: Arial, sans-serif\"><span style=\"font-size: medium\">S<\/span><\/span><\/span><span style=\"color: #000000\"><span style=\"font-family: Arial, sans-serif\"><span style=\"font-size: medium\">A\/G)<br \/>\n<\/span><\/span><\/span><span style=\"color: #000000\"><span style=\"font-family: Arial, sans-serif\"><span style=\"font-size: medium\">Odinei Fabiano Ramos<\/span><\/span><\/span><span style=\"color: #000000\"><span style=\"font-family: Arial, sans-serif\"><span style=\"font-size: medium\"> (Diretor do SE<\/span><\/span><\/span><span style=\"color: #000000\"><span style=\"font-family: Arial, sans-serif\"><span style=\"font-size: medium\">HLA<\/span><\/span><\/span><span style=\"color: #000000\"><span style=\"font-family: Arial, sans-serif\"><span style=\"font-size: medium\">\/G)<br \/>\n<\/span><\/span><\/span><\/p>\n<p><strong><span style=\"color: #000000\"><span style=\"font-family: Arial, sans-serif\"><span style=\"font-size: medium\"><b>Membros eleitos:<\/b><\/span><\/span><\/span><\/strong><span style=\"color: #000000\"><span style=\"font-family: Arial, sans-serif\"><span style=\"font-size: medium\"><br \/>\n<\/span><\/span><\/span><span style=\"color: #000000\"><span style=\"font-family: Arial, sans-serif\"><span style=\"font-size: medium\"><span lang=\"zxx\">Zoraide da <\/span><\/span><\/span><\/span><span style=\"color: #000000\"><span style=\"font-family: Arial, sans-serif\"><span style=\"font-size: medium\"><span lang=\"zxx\">F<\/span><\/span><\/span><\/span><span style=\"color: #000000\"><span style=\"font-family: Arial, sans-serif\"><span style=\"font-size: medium\"><span lang=\"zxx\">onseca <\/span><\/span><\/span><\/span><span style=\"color: #000000\"><span style=\"font-family: Arial, sans-serif\"><span style=\"font-size: medium\"><span lang=\"zxx\">C<\/span><\/span><\/span><\/span><span style=\"color: #000000\"><span style=\"font-family: Arial, sans-serif\"><span style=\"font-size: medium\"><span lang=\"zxx\">osta<\/span><\/span><\/span><\/span><span style=\"color: #000000\"><span style=\"font-family: Arial, sans-serif\"><span style=\"font-size: medium\"> (Representante docente do SE<\/span><\/span><\/span><span style=\"color: #000000\"><span style=\"font-family: Arial, sans-serif\"><span style=\"font-size: medium\">S<\/span><\/span><\/span><span style=\"color: #000000\"><span style=\"font-family: Arial, sans-serif\"><span style=\"font-size: medium\">A\/G)<br \/>\n<\/span><\/span><\/span><span style=\"color: #000000\"><span style=\"font-family: Arial, sans-serif\"><span style=\"font-size: medium\">Rosangela Abreu do Prado Wolf<\/span><\/span><\/span><span style=\"color: #000000\"><span style=\"font-family: Arial, sans-serif\"><span style=\"font-size: medium\"> (Representante docente do SE<\/span><\/span><\/span><span style=\"color: #000000\"><span style=\"font-family: Arial, sans-serif\"><span style=\"font-size: medium\">HLA<\/span><\/span><\/span><span style=\"color: #000000\"><span style=\"font-family: Arial, sans-serif\"><span style=\"font-size: medium\">\/G)<br \/>\n<\/span><\/span><\/span><span style=\"color: #000000\"><span style=\"font-family: Arial, sans-serif\"><span style=\"font-size: medium\">Joanice Mores Stroski<\/span><\/span><\/span><span style=\"color: #000000\"><span style=\"font-family: Arial, sans-serif\"><span style=\"font-size: medium\"> (Representante dos agentes universit\u00e1rios)<\/span><\/span><\/span><\/p>\n<p><strong><span style=\"color: #000000\"><span style=\"font-family: Arial, sans-serif\"><span style=\"font-size: medium\"><b>Membro indicado:<\/b><\/span><\/span><\/span><\/strong><\/p>\n<p><span style=\"color: #000000\"><span style=\"font-family: Arial, sans-serif\"><span style=\"font-size: medium\">Representante discente (no aguardo da indica\u00e7\u00e3o pelo DCE)<\/span><\/span><\/span><\/p>\n<p>&nbsp;<\/p>\n<p>&nbsp;<\/p>\n","protected":false},"excerpt":{"rendered":"<p>O Conselho Administrativo do C\u00e2mpus Santa Cruz, CADCAM\/SC \u00e9 \u00f3rg\u00e3o do Campus Universit\u00e1rio, de car\u00e1ter deliberativo e consultivo em mat\u00e9ria administrativa. Sua composi\u00e7\u00e3o inclui o Diretor e Vice-Diretor do Campus; Diretores de Setores do respectivo C\u00e2mpus; um representante docente de cada Setor do respectivo C\u00e2mpus; um representante dos agentes universit\u00e1rios do C\u00e2mpus; e um representante [&hellip;]<\/p>\n","protected":false},"author":3,"featured_media":0,"parent":23,"menu_order":0,"comment_status":"closed","ping_status":"closed","template":"","meta":{"_exactmetrics_skip_tracking":false,"_exactmetrics_sitenote_active":false,"_exactmetrics_sitenote_note":"","_exactmetrics_sitenote_category":0,"footnotes":"","_links_to":"","_links_to_target":""},"class_list":["post-1446","page","type-page","status-publish","hentry"],"publishpress_future_action":{"enabled":false,"date":"2026-04-17 01:25:59","action":"change-status","newStatus":"draft","terms":[],"taxonomy":"","extraData":[]},"publishpress_future_workflow_manual_trigger":{"enabledWorkflows":[]},"_links":{"self":[{"href":"https:\/\/www3.unicentro.br\/santacruz\/wp-json\/wp\/v2\/pages\/1446","targetHints":{"allow":["GET"]}}],"collection":[{"href":"https:\/\/www3.unicentro.br\/santacruz\/wp-json\/wp\/v2\/pages"}],"about":[{"href":"https:\/\/www3.unicentro.br\/santacruz\/wp-json\/wp\/v2\/types\/page"}],"author":[{"embeddable":true,"href":"https:\/\/www3.unicentro.br\/santacruz\/wp-json\/wp\/v2\/users\/3"}],"replies":[{"embeddable":true,"href":"https:\/\/www3.unicentro.br\/santacruz\/wp-json\/wp\/v2\/comments?post=1446"}],"version-history":[{"count":2,"href":"https:\/\/www3.unicentro.br\/santacruz\/wp-json\/wp\/v2\/pages\/1446\/revisions"}],"predecessor-version":[{"id":2011,"href":"https:\/\/www3.unicentro.br\/santacruz\/wp-json\/wp\/v2\/pages\/1446\/revisions\/2011"}],"up":[{"embeddable":true,"href":"https:\/\/www3.unicentro.br\/santacruz\/wp-json\/wp\/v2\/pages\/23"}],"wp:attachment":[{"href":"https:\/\/www3.unicentro.br\/santacruz\/wp-json\/wp\/v2\/media?parent=1446"}],"curies":[{"name":"wp","href":"https:\/\/api.w.org\/{rel}","templated":true}]}}