{"id":1254,"date":"2024-07-22T10:28:52","date_gmt":"2024-07-22T13:28:52","guid":{"rendered":"https:\/\/www3.unicentro.br\/santacruz\/?page_id=1254"},"modified":"2025-04-23T18:31:49","modified_gmt":"2025-04-23T21:31:49","slug":"contato","status":"publish","type":"page","link":"https:\/\/www3.unicentro.br\/santacruz\/contato\/","title":{"rendered":"Contato"},"content":{"rendered":"<h2><span style=\"font-family: arial, helvetica, sans-serif;font-size: 16px\"><strong>Atendimento da Dire\u00e7\u00e3o-Geral do C\u00e2mpus Santa Cruz<\/strong><\/span><\/h2>\n<p><span style=\"font-family: arial, helvetica, sans-serif;font-size: 16px\"><strong>Hor\u00e1rios:<\/strong><\/span><\/p>\n<p><span style=\"font-family: arial, helvetica, sans-serif;font-size: 16px\">Manh\u00e3: 8h \u00e0s 12h<\/span><\/p>\n<p><span style=\"font-family: arial, helvetica, sans-serif;font-size: 16px\">Tarde: 13h \u00e0s 17h<\/span><\/p>\n<p><span style=\"font-family: arial, helvetica, sans-serif;font-size: 16px\">Noite: 18h \u00e0s 22h<\/span><\/p>\n<p><span style=\"font-size: 16px;font-family: arial, helvetica, sans-serif\"><b>Telefone:\u00a0 <\/b>(42) 3621-1458<\/span><\/p>\n<p><span style=\"font-size: 16px;font-family: arial, helvetica, sans-serif\"><b>E-mail<\/b><b>:<\/b> <a href=\"mailto:dircampsc@unicentro.br\">dircampsc@unicentro.br<\/a><\/span><\/p>\n<p>&nbsp;<\/p>\n<h2 align=\"justify\"><span style=\"font-size: 16px;font-family: arial, helvetica, sans-serif\"><b><strong>Junte-se a N\u00f3s no Instagram!<\/strong><\/b><\/span><\/h2>\n<p>&nbsp;<\/p>\n<p align=\"justify\"><span style=\"font-family: arial, helvetica, sans-serif;font-size: 16px\">Estamos comprometidos em fortalecer os la\u00e7os com nossa comunidade acad\u00eamica e facilitar a troca de informa\u00e7\u00f5es <\/span><\/p>\n<p align=\"justify\"><span style=\"font-family: arial, helvetica, sans-serif;font-size: 16px\">e esclarecimento de d\u00favidas. <\/span><\/p>\n<p align=\"justify\"><span style=\"font-family: arial, helvetica, sans-serif;font-size: 16px\">Conecte-se conosco para estar sempre atualizado sobre eventos, oportunidades e recursos importantes. <\/span><\/p>\n<p align=\"justify\"><span style=\"font-family: arial, helvetica, sans-serif;font-size: 16px\">Estamos aqui para ouvir, apoiar e colaborar. <\/span><\/p>\n<p align=\"justify\"><span style=\"font-family: arial, helvetica, sans-serif;font-size: 16px\">Junte-se a n\u00f3s nessa jornada de aprendizado e descoberta!<\/span><\/p>\n<p><span style=\"font-family: arial, helvetica, sans-serif;font-size: 16px\"><a href=\"https:\/\/www.instagram.com\/unicentro_santacruz\"><img loading=\"lazy\" decoding=\"async\" class=\"wpa-warning wpa-image-missing-alt alignnone wp-image-1475\" src=\"https:\/\/www3.unicentro.br\/santacruz\/wp-content\/uploads\/sites\/90\/2024\/09\/instagram.png\" alt=\"\" width=\"44\" height=\"25\" data-warning=\"Missing alt text\" srcset=\"https:\/\/www3.unicentro.br\/santacruz\/wp-content\/uploads\/sites\/90\/2024\/09\/instagram.png 300w, https:\/\/www3.unicentro.br\/santacruz\/wp-content\/uploads\/sites\/90\/2024\/09\/instagram-255x143.png 255w\" sizes=\"auto, (max-width: 44px) 100vw, 44px\" \/><\/a>\u00a0 \u00a0 <b>\u00a0<a href=\"https:\/\/www.instagram.com\/unicentro_santacruz\">Instagram<\/a><\/b><\/span><\/p>\n<p>&nbsp;<\/p>\n<p>&nbsp;<\/p>\n<p>&nbsp;<\/p>\n<p>&nbsp;<\/p>\n","protected":false},"excerpt":{"rendered":"<p>Atendimento da Dire\u00e7\u00e3o-Geral do C\u00e2mpus Santa Cruz Hor\u00e1rios: Manh\u00e3: 8h \u00e0s 12h Tarde: 13h \u00e0s 17h Noite: 18h \u00e0s 22h Telefone:\u00a0 (42) 3621-1458 E-mail: dircampsc@unicentro.br &nbsp; Junte-se a N\u00f3s no Instagram! &nbsp; Estamos comprometidos em fortalecer os la\u00e7os com nossa comunidade acad\u00eamica e facilitar a troca de informa\u00e7\u00f5es e esclarecimento de d\u00favidas. Conecte-se conosco para [&hellip;]<\/p>\n","protected":false},"author":3,"featured_media":0,"parent":0,"menu_order":0,"comment_status":"closed","ping_status":"closed","template":"","meta":{"_exactmetrics_skip_tracking":false,"_exactmetrics_sitenote_active":false,"_exactmetrics_sitenote_note":"","_exactmetrics_sitenote_category":0,"footnotes":"","_links_to":"","_links_to_target":""},"class_list":["post-1254","page","type-page","status-publish","hentry"],"publishpress_future_action":{"enabled":false,"date":"2026-04-17 01:25:58","action":"change-status","newStatus":"draft","terms":[],"taxonomy":"","extraData":[]},"publishpress_future_workflow_manual_trigger":{"enabledWorkflows":[]},"_links":{"self":[{"href":"https:\/\/www3.unicentro.br\/santacruz\/wp-json\/wp\/v2\/pages\/1254","targetHints":{"allow":["GET"]}}],"collection":[{"href":"https:\/\/www3.unicentro.br\/santacruz\/wp-json\/wp\/v2\/pages"}],"about":[{"href":"https:\/\/www3.unicentro.br\/santacruz\/wp-json\/wp\/v2\/types\/page"}],"author":[{"embeddable":true,"href":"https:\/\/www3.unicentro.br\/santacruz\/wp-json\/wp\/v2\/users\/3"}],"replies":[{"embeddable":true,"href":"https:\/\/www3.unicentro.br\/santacruz\/wp-json\/wp\/v2\/comments?post=1254"}],"version-history":[{"count":2,"href":"https:\/\/www3.unicentro.br\/santacruz\/wp-json\/wp\/v2\/pages\/1254\/revisions"}],"predecessor-version":[{"id":2603,"href":"https:\/\/www3.unicentro.br\/santacruz\/wp-json\/wp\/v2\/pages\/1254\/revisions\/2603"}],"wp:attachment":[{"href":"https:\/\/www3.unicentro.br\/santacruz\/wp-json\/wp\/v2\/media?parent=1254"}],"curies":[{"name":"wp","href":"https:\/\/api.w.org\/{rel}","templated":true}]}}