{"id":1025,"date":"2023-07-13T11:29:26","date_gmt":"2023-07-13T14:29:26","guid":{"rendered":"https:\/\/www3.unicentro.br\/santacruz\/?page_id=1025"},"modified":"2023-07-13T11:30:07","modified_gmt":"2023-07-13T14:30:07","slug":"direito","status":"publish","type":"page","link":"https:\/\/www3.unicentro.br\/santacruz\/cursos\/sesa\/direito\/","title":{"rendered":"Direito"},"content":{"rendered":"<div class=\"wpb-content-wrapper\"><p>[vc_row][vc_column][vc_single_image image=&#8221;1026&#8243; img_size=&#8221;750&#215;410&#8243; css_animation=&#8221;fadeInUp&#8221;][\/vc_column][\/vc_row][vc_row][vc_column][vc_column_text]Curso pertencente ao Setor de Ci\u00eancias Sociais Aplicadas. O bacharel em direito tem a possibilidade de atuar tanto na esfera p\u00fablica como na esfera privada. Este diferencial \u00e9 um dos grandes atrativos do curso, que \u00e9 requisito para uma s\u00e9rie de carreiras p\u00fablicas (Magistratura federal, trabalhista e estadual, Minist\u00e9rio P\u00fablico federal, estadual e especializado, Defensoria P\u00fablica, Procuradorias federais, estaduais, aut\u00e1rquicas e especializadas, Delegado federal e estadual) al\u00e9m de ser forma\u00e7\u00e3o essencial para qualquer carreira p\u00fablica. No setor privado, al\u00e9m da especialidade e exclusividade principal, que \u00e9 o exerc\u00edcio da Advocacia, o curso de direito tamb\u00e9m prepara o profissional para atua\u00e7\u00f5es relevantes em negocia\u00e7\u00f5es nacionais e internacionais, concilia\u00e7\u00e3o e arbitragem, consultorias e assessorias.<\/p>\n<p><strong>Dura\u00e7\u00e3o: 5<\/strong>\u00a0anos<\/p>\n<p><strong>Coordena\u00e7\u00e3o de curso:<\/strong> <a href=\"https:\/\/www3.unicentro.br\/docentes\/luiz-vergilio-dalla-rosa\/\">Luiz Verg\u00edlio Dalla Rosa<\/a><\/p>\n<p><strong>Ramal:<\/strong><\/p>\n<p><strong>E-mail:<\/strong> lvergilio@unicentro.br[\/vc_column_text][vc_btn title=&#8221;Matrizes e Ementas&#8221; style=&#8221;3d&#8221; color=&#8221;purple&#8221; align=&#8221;left&#8221; i_type=&#8221;entypo&#8221; i_icon_entypo=&#8221;entypo-icon entypo-icon-doc-text&#8221; css_animation=&#8221;none&#8221; add_icon=&#8221;true&#8221; link=&#8221;url:https%3A%2F%2Fwww3.unicentro.br%2Fproen%2Fcursos%2Fmatrizes-curriculares%2F%231667829072104-2e4380ff-0152|title:Matrizes%20e%20Ementas|target:_blank&#8221; css=&#8221;.vc_custom_1689258259308{background-color: #ffffff !important;}&#8221;][\/vc_column][\/vc_row][vc_row][vc_column][vc_btn title=&#8221;Hor\u00e1rios DEDIR&#8221; style=&#8221;3d&#8221; color=&#8221;purple&#8221; align=&#8221;left&#8221; i_type=&#8221;entypo&#8221; i_icon_entypo=&#8221;entypo-icon entypo-icon-doc-text&#8221; css_animation=&#8221;none&#8221; add_icon=&#8221;true&#8221; link=&#8221;url:https%3A%2F%2Fwww3.unicentro.br%2Fwp-content%2Fuploads%2F2023%2F05%2FHOR_RIO_GERAL_FINAL_2023_645a4efc2e6df.pdf|title:Hor%C3%A1rios%20DEDIR|target:_blank&#8221; css=&#8221;.vc_custom_1689258552214{background-color: #ffffff !important;}&#8221;][\/vc_column][\/vc_row]<\/p>\n<\/div>","protected":false},"excerpt":{"rendered":"<p>[vc_row][vc_column][vc_single_image image=&#8221;1026&#8243; img_size=&#8221;750&#215;410&#8243; css_animation=&#8221;fadeInUp&#8221;][\/vc_column][\/vc_row][vc_row][vc_column][vc_column_text]Curso pertencente ao Setor de Ci\u00eancias Sociais Aplicadas. O bacharel em direito tem a possibilidade de atuar tanto na esfera p\u00fablica como na esfera privada. Este diferencial \u00e9 um dos grandes atrativos do curso, que \u00e9 requisito para uma s\u00e9rie de carreiras p\u00fablicas (Magistratura federal, trabalhista e estadual, Minist\u00e9rio P\u00fablico federal, estadual [&hellip;]<\/p>\n","protected":false},"author":248,"featured_media":0,"parent":57,"menu_order":0,"comment_status":"closed","ping_status":"closed","template":"","meta":{"_exactmetrics_skip_tracking":false,"_exactmetrics_sitenote_active":false,"_exactmetrics_sitenote_note":"","_exactmetrics_sitenote_category":0,"footnotes":"","_links_to":"","_links_to_target":""},"class_list":["post-1025","page","type-page","status-publish","hentry"],"publishpress_future_action":{"enabled":false,"date":"2026-04-17 01:25:59","action":"change-status","newStatus":"draft","terms":[],"taxonomy":"","extraData":[]},"publishpress_future_workflow_manual_trigger":{"enabledWorkflows":[]},"_links":{"self":[{"href":"https:\/\/www3.unicentro.br\/santacruz\/wp-json\/wp\/v2\/pages\/1025","targetHints":{"allow":["GET"]}}],"collection":[{"href":"https:\/\/www3.unicentro.br\/santacruz\/wp-json\/wp\/v2\/pages"}],"about":[{"href":"https:\/\/www3.unicentro.br\/santacruz\/wp-json\/wp\/v2\/types\/page"}],"author":[{"embeddable":true,"href":"https:\/\/www3.unicentro.br\/santacruz\/wp-json\/wp\/v2\/users\/248"}],"replies":[{"embeddable":true,"href":"https:\/\/www3.unicentro.br\/santacruz\/wp-json\/wp\/v2\/comments?post=1025"}],"version-history":[{"count":0,"href":"https:\/\/www3.unicentro.br\/santacruz\/wp-json\/wp\/v2\/pages\/1025\/revisions"}],"up":[{"embeddable":true,"href":"https:\/\/www3.unicentro.br\/santacruz\/wp-json\/wp\/v2\/pages\/57"}],"wp:attachment":[{"href":"https:\/\/www3.unicentro.br\/santacruz\/wp-json\/wp\/v2\/media?parent=1025"}],"curies":[{"name":"wp","href":"https:\/\/api.w.org\/{rel}","templated":true}]}}