{"id":635,"date":"2017-06-23T10:50:22","date_gmt":"2017-06-23T13:50:22","guid":{"rendered":"https:\/\/www3.unicentro.br\/proplan\/?page_id=635"},"modified":"2018-08-24T14:45:33","modified_gmt":"2018-08-24T17:45:33","slug":"projeto-integracao","status":"publish","type":"page","link":"https:\/\/www3.unicentro.br\/proplan\/projeto-integracao\/","title":{"rendered":"Projeto Integra\u00e7\u00e3o"},"content":{"rendered":"<div class=\"wpb-content-wrapper\"><p>[vc_row][vc_column width=&#8221;1\/2&#8243;][vc_column_text]<\/p>\n<p style=\"text-align: center\"><strong><span style=\"font-family: arial, helvetica, sans-serif\">PROJETO INTEGRA\u00c7\u00c3O:<\/span><\/strong><br \/>\n<strong><span style=\"font-family: arial, helvetica, sans-serif\">Conhecendo a Unicentro<\/span><\/strong><\/p>\n<p style=\"text-align: justify\"><span style=\"font-family: arial, helvetica, sans-serif\">O Projeto Integra\u00e7\u00e3o: conhecendo a Unicentro tem o objetivo de proporcionar aos novos docentes, conhecimentos sobre a universidade enquanto uma institui\u00e7\u00e3o de ensino superior que se situa num tempo-espa\u00e7o concreto. Nesse sentido, entende que se trata de uma a\u00e7\u00e3o estrat\u00e9gica que visa \u00e0 compreens\u00e3o sobre a estrutura e o funcionamento institucional, dom\u00ednio da legisla\u00e7\u00e3o que rege as mat\u00e9rias atinentes \u00e0 vida docente e outras quest\u00f5es que se apresentarem como demanda. Destarte, os cursos\/oficinas deste projeto integram um trabalho mais amplo de a\u00e7\u00e3o que constitui o Programa Institucional de Forma\u00e7\u00e3o Continuada de Professores da Unicentro &#8211; ENTREDOCENTES, e que compreende os f\u00f3runs para discuss\u00e3o de assuntos referentes \u00e0 organiza\u00e7\u00e3o pedag\u00f3gica e administrativa desta IES (Institui\u00e7\u00e3o de Ensino Superior), ou seja, espa\u00e7os de interlocu\u00e7\u00e3o de dimens\u00f5es fundamentais referentes ao ensino superior.<\/span><\/p>\n<p>[\/vc_column_text][\/vc_column][vc_column width=&#8221;1\/2&#8243;][vc_single_image image=&#8221;1413&#8243; img_size=&#8221;300&#215;400&#8243; alignment=&#8221;center&#8221; style=&#8221;vc_box_shadow_border&#8221;][vc_btn title=&#8221;Confira a Programa\u00e7\u00e3o Completa&#8221; style=&#8221;custom&#8221; custom_background=&#8221;#dd1a1a&#8221; custom_text=&#8221;#ffffff&#8221; align=&#8221;center&#8221; link=&#8221;url:https%3A%2F%2Fwww3.unicentro.br%2Fproplan%2Fwp-content%2Fuploads%2Fsites%2F17%2F2018%2F02%2FProgramacao_Integracao_2018-2.pdf||target:%20_blank|&#8221;][\/vc_column][\/vc_row][vc_row][vc_column][vc_tta_accordion style=&#8221;flat&#8221; shape=&#8221;round&#8221; active_section=&#8221;10&#8243; collapsible_all=&#8221;true&#8221; title=&#8221;Oficinas&#8221;][vc_tta_section title=&#8221;Oficina PROPLAN\/COORTI&#8221; tab_id=&#8221;1512662980483-c213cac6-7944&#8243;][vc_column_text]<\/p>\n<h5>Descri\u00e7\u00e3o<\/h5>\n<p class=\"push-20-l push-20-r\">1\u00aa Oficina do Projeto Integra\u00e7\u00e3o: conhecendo a UNICENTRO. Parte 1 &#8211; 13h30 \u00e0s 15h30 &#8211; Pr\u00f3-Reitoria de Planejamento, PROPALN. Parte 2 &#8211; 15h30 \u00e0s 17h30 &#8211; Coordenadoria de Tecnologia da Informa\u00e7\u00e3o, COORTI. Miniaudit\u00f3rio do Campus Santa Cruz com transmiss\u00e3o por web confer\u00eancia para o Campus Irati.<\/p>\n<h5><i class=\"si si-pointer push-5-r\"><\/i>Local de realiza\u00e7\u00e3o<\/h5>\n<p class=\"push-20-l\">Campus Santa Cruz &#8211; Miniaudit\u00f3rio -Bloco D<\/p>\n<h5><i class=\"si si-clock push-5-r\"><\/i>Datas e hor\u00e1rios<\/h5>\n<table class=\"table table-vcenter push-10-r push-10-l\">\n<thead>\n<tr>\n<th class=\"text-left\">APRESENTADORES<\/th>\n<th class=\"text-center\">DATA<\/th>\n<th class=\"text-center\">IN\u00cdCIO<\/th>\n<th class=\"text-center\">T\u00c9RMINO<\/th>\n<\/tr>\n<\/thead>\n<tbody>\n<tr>\n<td><label class=\"text-info\">Oficina PROPLAN\/COORTI<\/label><br \/>\nGILBERTO FRANCO DE SOUZA<br \/>\n<label class=\"text-city\">Ministrante<\/label><br \/>\nMARCOS ALEXANDRE BRONOSKY<br \/>\n<label class=\"text-city\">Ministrante<\/label><\/td>\n<td class=\"text-center\">15\/03\/2018<\/td>\n<td class=\"text-center\">13:30:00<\/td>\n<td class=\"text-center\">17:30:00<\/td>\n<\/tr>\n<\/tbody>\n<\/table>\n<p>[\/vc_column_text][\/vc_tta_section][vc_tta_section title=&#8221;Oficina PROEN&#8221; tab_id=&#8221;1512662889424-9fbfc939-2ce4&#8243;][vc_column_text]<\/p>\n<h5>Descri\u00e7\u00e3o<\/h5>\n<p class=\"push-20-l push-20-r\">2\u00aa Oficina do Projeto Integra\u00e7\u00e3o: conhecendo a UNICENTRO. Pr\u00f3-Reitoria de Ensino, PROEN. Miniaudit\u00f3rio do Campus Santa Cruz com transmiss\u00e3o por web confer\u00eancia para o Campus Irati.<\/p>\n<h5><i class=\"si si-pointer push-5-r\"><\/i>Local de realiza\u00e7\u00e3o<\/h5>\n<p class=\"push-20-l\">Campus Santa Cruz &#8211; Miniaudit\u00f3rio &#8211; Bloco D<\/p>\n<h5><i class=\"si si-clock push-5-r\"><\/i>Datas e hor\u00e1rios<\/h5>\n<table class=\"table table-vcenter push-10-r push-10-l\">\n<thead>\n<tr>\n<th class=\"text-left\">APRESENTADORES<\/th>\n<th class=\"text-center\">DATA<\/th>\n<th class=\"text-center\">IN\u00cdCIO<\/th>\n<th class=\"text-center\">T\u00c9RMINO<\/th>\n<\/tr>\n<\/thead>\n<tbody>\n<tr>\n<td><label class=\"text-info\">Oficina PROEN<\/label><br \/>\nREGINA C\u00c9LIA HABIB WIPIESKI PADILHA<br \/>\n<label class=\"text-city\">Ministrante<\/label><\/td>\n<td class=\"text-center\">17\/04\/2018<\/td>\n<td class=\"text-center\">13:30:00<\/td>\n<td class=\"text-center\">17:30:00<\/td>\n<\/tr>\n<\/tbody>\n<\/table>\n<p>[\/vc_column_text][\/vc_tta_section][vc_tta_section title=&#8221;Oficina PRORH&#8221; tab_id=&#8221;1512663042422-4d70fa77-05a1&#8243;][vc_column_text]<\/p>\n<h5>Descri\u00e7\u00e3o<\/h5>\n<p class=\"push-20-l push-20-r\">3\u00aa Oficina do Projeto Integra\u00e7\u00e3o: conhecendo a UNICENTRO Pr\u00f3-Reitoria de Recursos Humanos, PRORH. Miniaudit\u00f3rio do Campus Santa Cruz com transmiss\u00e3o por web confer\u00eancia para o Campus Irati.<\/p>\n<h5><i class=\"si si-pointer push-5-r\"><\/i>Local de realiza\u00e7\u00e3o<\/h5>\n<p class=\"push-20-l\">Campus Santa Cruz &#8211; Miniaudit\u00f3rio &#8211; Bloco D<\/p>\n<h5><i class=\"si si-clock push-5-r\"><\/i>Datas e hor\u00e1rios<\/h5>\n<table class=\"table table-vcenter push-10-r push-10-l\">\n<thead>\n<tr>\n<th class=\"text-left\">APRESENTADORES<\/th>\n<th class=\"text-center\">DATA<\/th>\n<th class=\"text-center\">IN\u00cdCIO<\/th>\n<th class=\"text-center\">T\u00c9RMINO<\/th>\n<\/tr>\n<\/thead>\n<tbody>\n<tr>\n<td><label class=\"text-info\">Oficina PRORH<\/label><br \/>\nROBSON PAULO RIBEIRO FERRAS<br \/>\n<label class=\"text-city\">Ministrante<\/label><\/td>\n<td class=\"text-center\">23\/05\/2018<\/td>\n<td class=\"text-center\">13:30:00<\/td>\n<td class=\"text-center\">17:30:00<\/td>\n<\/tr>\n<\/tbody>\n<\/table>\n<p>[\/vc_column_text][\/vc_tta_section][vc_tta_section title=&#8221;Oficina PROAF\/COORCAP&#8221; tab_id=&#8221;1512662590134-c09785b1-866c&#8221;][vc_column_text]<\/p>\n<h5>Descri\u00e7\u00e3o<\/h5>\n<p class=\"push-20-l push-20-r\">4\u00aa Oficina do Projeto Integra\u00e7\u00e3o: conhecendo a UNICENTRO. Parte 1 &#8211; 13h30 \u00e1s 15h30 &#8211; Pr\u00f3-Reitoria de Administra\u00e7\u00e3o e Finan\u00e7as, PROAF. Parte 2 &#8211; 15h30 \u00e1s 17h30 &#8211; Coordenadoria de Conv\u00eanios e Capta\u00e7\u00e3o de Recursos, COORCAP. Miniaudit\u00f3rio do Campus Santa Cruz com transmiss\u00e3o por web confer\u00eancia para o Campus Irati.<\/p>\n<h5><i class=\"si si-pointer push-5-r\"><\/i>Local de realiza\u00e7\u00e3o<\/h5>\n<p class=\"push-20-l\">Campus Santa Cruz &#8211; Miniaudit\u00f3rio &#8211; Bloco D<\/p>\n<h5><i class=\"si si-clock push-5-r\"><\/i>Datas e hor\u00e1rios<\/h5>\n<table class=\"table table-vcenter push-10-r push-10-l\">\n<thead>\n<tr>\n<th class=\"text-left\">APRESENTADORES<\/th>\n<th class=\"text-center\">DATA<\/th>\n<th class=\"text-center\">IN\u00cdCIO<\/th>\n<th class=\"text-center\">T\u00c9RMINO<\/th>\n<\/tr>\n<\/thead>\n<tbody>\n<tr>\n<td><label class=\"text-info\">Oficina PROAF\/COORCAP<\/label><br \/>\nELIANE HORBUS<br \/>\n<label class=\"text-city\">Ministrante<\/label><br \/>\nF\u00c1BIO HORST<br \/>\n<label class=\"text-city\">Ministrante<\/label><\/td>\n<td class=\"text-center\">18\/06\/2018<\/td>\n<td class=\"text-center\">13:30:00<\/td>\n<td class=\"text-center\">17:30:00<\/td>\n<\/tr>\n<\/tbody>\n<\/table>\n<p>[\/vc_column_text][\/vc_tta_section][vc_tta_section title=&#8221;Oficina PROEC\/NEAD&#8221; tab_id=&#8221;1512662590135-f4321bcd-0aec&#8221;][vc_column_text]<\/p>\n<h5>Descri\u00e7\u00e3o<\/h5>\n<p class=\"push-20-l push-20-r\">5\u00aa Oficina do Projeto Integra\u00e7\u00e3o: conhecendo a UNICENTRO. Parte 1 &#8211; 13h30 \u00e0s 15h30 &#8211; Pr\u00f3-Reitoria de Extens\u00e3o e Cultura, PROEC. Parte 2 &#8211; 15h30 \u00e1s 17h30 &#8211; N\u00facleo de Educa\u00e7\u00e3o \u00e1 Dist\u00e2ncia, NEAD. Miniaudit\u00f3rio do Campus Santa Cruz com transmiss\u00e3o por web confer\u00eancia para o Campus Irati.<\/p>\n<h5><i class=\"si si-pointer push-5-r\"><\/i>Local de realiza\u00e7\u00e3o<\/h5>\n<p class=\"push-20-l\">Campus Santa Cruz &#8211; Miniaudit\u00f3rio &#8211; Bloco D<\/p>\n<h5><i class=\"si si-clock push-5-r\"><\/i>Datas e hor\u00e1rios<\/h5>\n<table class=\"table table-vcenter push-10-r push-10-l\">\n<thead>\n<tr>\n<th class=\"text-left\">APRESENTADORES<\/th>\n<th class=\"text-center\">DATA<\/th>\n<th class=\"text-center\">IN\u00cdCIO<\/th>\n<th class=\"text-center\">T\u00c9RMINO<\/th>\n<\/tr>\n<\/thead>\n<tbody>\n<tr>\n<td><label class=\"text-info\">Oficina PROEC\/NEAD<\/label><br \/>\nELAINE MARIA DOS SANTOS<br \/>\n<label class=\"text-city\">Ministrante<\/label><br \/>\nMARIA APARECIDA CRISSI KNUPPEL<br \/>\n<label class=\"text-city\">Ministrante<\/label><\/td>\n<td class=\"text-center\">09\/08\/2018<\/td>\n<td class=\"text-center\">13:30:00<\/td>\n<td class=\"text-center\">17:30:00<\/td>\n<\/tr>\n<\/tbody>\n<\/table>\n<p>[\/vc_column_text][\/vc_tta_section][vc_tta_section title=&#8221;Oficina PROPESP&#8221; tab_id=&#8221;1512662941234-da8c0349-d093&#8243;][vc_column_text]<\/p>\n<h5>Descri\u00e7\u00e3o<\/h5>\n<p class=\"push-20-l push-20-r\">6\u00aa Oficina do Projeto Integra\u00e7\u00e3o: conhecendo a UNICENTRO Pr\u00f3-Reitoria de Pesquisa e P\u00f3s-Gradua\u00e7\u00e3o, PROPESP. Miniaudit\u00f3rio do Campus Santa Cruz com transmiss\u00e3o por web confer\u00eancia para o Campus Irati.<\/p>\n<h5><i class=\"si si-pointer push-5-r\"><\/i>Local de realiza\u00e7\u00e3o<\/h5>\n<p class=\"push-20-l\">Campus Santa Cruz &#8211; Miniaudit\u00f3rio &#8211; Bloco D<\/p>\n<h5><i class=\"si si-clock push-5-r\"><\/i>Datas e hor\u00e1rios<\/h5>\n<table class=\"table table-vcenter push-10-r push-10-l\">\n<thead>\n<tr>\n<th class=\"text-left\">APRESENTADORES<\/th>\n<th class=\"text-center\">DATA<\/th>\n<th class=\"text-center\">IN\u00cdCIO<\/th>\n<th class=\"text-center\">T\u00c9RMINO<\/th>\n<\/tr>\n<\/thead>\n<tbody>\n<tr>\n<td><label class=\"text-info\">Oficina PROPESP<\/label><br \/>\nMARCOS VENTURA FARIA<br \/>\n<label class=\"text-city\">Ministrante<\/label><\/td>\n<td class=\"text-center\">18\/09\/2018<\/td>\n<td class=\"text-center\">13:30:00<\/td>\n<td class=\"text-center\">17:30:00<\/td>\n<\/tr>\n<\/tbody>\n<\/table>\n<p>[\/vc_column_text][\/vc_tta_section][\/vc_tta_accordion][\/vc_column][\/vc_row][vc_row][vc_column][vc_btn title=&#8221;Voltar&#8221; style=&#8221;custom&#8221; custom_background=&#8221;#dd1a1a&#8221; custom_text=&#8221;#ffffff&#8221; align=&#8221;center&#8221; i_icon_fontawesome=&#8221;fa fa-arrow-left&#8221; button_block=&#8221;true&#8221; add_icon=&#8221;true&#8221; link=&#8221;url:https%3A%2F%2Fwww3.unicentro.br%2Fproplan%2Fplanejamento%2Farea-de-atuacao%2F|||&#8221;][\/vc_column][\/vc_row]<\/p>\n<\/div>","protected":false},"excerpt":{"rendered":"<p>[vc_row][vc_column width=&#8221;1\/2&#8243;][vc_column_text] PROJETO INTEGRA\u00c7\u00c3O: Conhecendo a Unicentro O Projeto Integra\u00e7\u00e3o: conhecendo a Unicentro tem o objetivo de proporcionar aos novos docentes, conhecimentos sobre a universidade enquanto uma institui\u00e7\u00e3o de ensino superior que se situa num tempo-espa\u00e7o concreto. Nesse sentido, entende que se trata de uma a\u00e7\u00e3o estrat\u00e9gica que visa \u00e0 compreens\u00e3o sobre a estrutura e [&hellip;]<\/p>\n","protected":false},"author":11,"featured_media":0,"parent":0,"menu_order":0,"comment_status":"closed","ping_status":"closed","template":"","meta":{"_exactmetrics_skip_tracking":false,"_exactmetrics_sitenote_active":false,"_exactmetrics_sitenote_note":"","_exactmetrics_sitenote_category":0,"footnotes":"","_links_to":"","_links_to_target":""},"class_list":["post-635","page","type-page","status-publish","hentry"],"publishpress_future_action":{"enabled":false,"date":"2026-04-18 03:22:48","action":"change-status","newStatus":"draft","terms":[],"taxonomy":"","extraData":[]},"publishpress_future_workflow_manual_trigger":{"enabledWorkflows":[]},"_links":{"self":[{"href":"https:\/\/www3.unicentro.br\/proplan\/wp-json\/wp\/v2\/pages\/635","targetHints":{"allow":["GET"]}}],"collection":[{"href":"https:\/\/www3.unicentro.br\/proplan\/wp-json\/wp\/v2\/pages"}],"about":[{"href":"https:\/\/www3.unicentro.br\/proplan\/wp-json\/wp\/v2\/types\/page"}],"author":[{"embeddable":true,"href":"https:\/\/www3.unicentro.br\/proplan\/wp-json\/wp\/v2\/users\/11"}],"replies":[{"embeddable":true,"href":"https:\/\/www3.unicentro.br\/proplan\/wp-json\/wp\/v2\/comments?post=635"}],"version-history":[{"count":0,"href":"https:\/\/www3.unicentro.br\/proplan\/wp-json\/wp\/v2\/pages\/635\/revisions"}],"wp:attachment":[{"href":"https:\/\/www3.unicentro.br\/proplan\/wp-json\/wp\/v2\/media?parent=635"}],"curies":[{"name":"wp","href":"https:\/\/api.w.org\/{rel}","templated":true}]}}