{"id":48,"date":"2017-06-02T13:19:28","date_gmt":"2017-06-02T16:19:28","guid":{"rendered":"https:\/\/www3.unicentro.br\/proplan\/?page_id=48"},"modified":"2024-06-27T11:33:49","modified_gmt":"2024-06-27T14:33:49","slug":"planejamento-sustentabilidade","status":"publish","type":"page","link":"https:\/\/www3.unicentro.br\/proplan\/planejamento-sustentabilidade\/","title":{"rendered":"Diretoria de Planejamento e Sustentabilidade"},"content":{"rendered":"<div class=\"wpb-content-wrapper\"><p>[vc_row][vc_column][vc_column_text]<\/p>\n<p align=\"JUSTIFY\"><span style=\"color: #333333;font-size: 18pt\">Sobre a Diretoria<\/span><\/p>\n<p align=\"JUSTIFY\"><span style=\"color: #333333\">Vinculada administrativamente \u00e0 Pr\u00f3-Reitoria de Planejamento, PROPLAN, a Diretoria de Planejamento, DIRPLAN, \u00e9 o \u00f3rg\u00e3o respons\u00e1vel pela coordena\u00e7\u00e3o e acompanhamento do planejamento institucional e pela gest\u00e3o e divulga\u00e7\u00e3o das informa\u00e7\u00f5es did\u00e1tico-cient\u00edficas e t\u00e9cnico-administrativas da Universidade. Adicionalmente, em colabora\u00e7\u00e3o com as demais esferas organizacionais, participa da elabora\u00e7\u00e3o e gest\u00e3o de planos e projetos destinados \u00e0 capta\u00e7\u00e3o de recursos junto a \u00f3rg\u00e3os de fomento.<\/span><\/p>\n<p align=\"JUSTIFY\"><span style=\"color: #333333;font-size: 18pt\">Miss\u00e3o<\/span><\/p>\n<p align=\"JUSTIFY\"><span style=\"color: #333333\">A DIRPLAN tem como miss\u00e3o \u201cCoordenar e acompanhar os processos de planejamento, desenvolvimento, regula\u00e7\u00e3o, gest\u00e3o da informa\u00e7\u00e3o, com vistas ao alcance dos objetivos institucionais, e conduzir a elabora\u00e7\u00e3o e revis\u00e3o, de forma participativa, do Plano de Desenvolvimento Institucional, PDI\u201d.<\/span><\/p>\n<p align=\"JUSTIFY\"><span style=\"color: #333333;font-size: 18pt\">Atividades Espec\u00edficas<\/span><\/p>\n<ul>\n<li>\n<p align=\"JUSTIFY\"><span style=\"color: #333333\">Elabora\u00e7\u00e3o e acompanhamento do Plano de Desenvolvimento Institucional, PDI;<\/span><\/p>\n<\/li>\n<li>\n<p align=\"JUSTIFY\"><span style=\"color: #333333\">Participa\u00e7\u00e3o na elabora\u00e7\u00e3o e gest\u00e3o de planos e projetos destinados \u00e0 capta\u00e7\u00e3o de recursos junto a \u00f3rg\u00e3os de fomento;<\/span><\/p>\n<\/li>\n<li>\n<p align=\"JUSTIFY\"><span style=\"color: #333333\">Coordena\u00e7\u00e3o do Projeto Integra\u00e7\u00e3o \u2013 Conhecendo a Unicentro, destinado a apresentar toda a estrutura da Universidade aos professores ingressantes;<\/span><\/p>\n<\/li>\n<li>\n<p align=\"JUSTIFY\"><span style=\"color: #333333\">Representa\u00e7\u00e3o da Pr\u00f3-Reitoria e da Universidade em comiss\u00f5es e eventos internos e externos, correlatos \u00e0s atividades da Diretoria.<\/span><\/p>\n<\/li>\n<\/ul>\n<p align=\"JUSTIFY\"><strong><span style=\"color: #333333\">Entre em contato com a DIRPLAN pelo:<\/span><\/strong><br \/>\n<span style=\"color: #333333\">e-mail: proplan@unicentro.br<\/span><br \/>\n<span style=\"color: #333333\">Telefone: 3621-1463<\/span>[\/vc_column_text][\/vc_column][\/vc_row]<\/p>\n<\/div>","protected":false},"excerpt":{"rendered":"<p>[vc_row][vc_column][vc_column_text] Sobre a Diretoria Vinculada administrativamente \u00e0 Pr\u00f3-Reitoria de Planejamento, PROPLAN, a Diretoria de Planejamento, DIRPLAN, \u00e9 o \u00f3rg\u00e3o respons\u00e1vel pela coordena\u00e7\u00e3o e acompanhamento do planejamento institucional e pela gest\u00e3o e divulga\u00e7\u00e3o das informa\u00e7\u00f5es did\u00e1tico-cient\u00edficas e t\u00e9cnico-administrativas da Universidade. Adicionalmente, em colabora\u00e7\u00e3o com as demais esferas organizacionais, participa da elabora\u00e7\u00e3o e gest\u00e3o de planos e [&hellip;]<\/p>\n","protected":false},"author":3,"featured_media":0,"parent":0,"menu_order":0,"comment_status":"closed","ping_status":"closed","template":"","meta":{"_exactmetrics_skip_tracking":false,"_exactmetrics_sitenote_active":false,"_exactmetrics_sitenote_note":"","_exactmetrics_sitenote_category":0,"footnotes":"","_links_to":"","_links_to_target":""},"class_list":["post-48","page","type-page","status-publish","hentry"],"publishpress_future_action":{"enabled":false,"date":"2026-04-14 15:19:04","action":"change-status","newStatus":"draft","terms":[],"taxonomy":"","extraData":[]},"publishpress_future_workflow_manual_trigger":{"enabledWorkflows":[]},"_links":{"self":[{"href":"https:\/\/www3.unicentro.br\/proplan\/wp-json\/wp\/v2\/pages\/48","targetHints":{"allow":["GET"]}}],"collection":[{"href":"https:\/\/www3.unicentro.br\/proplan\/wp-json\/wp\/v2\/pages"}],"about":[{"href":"https:\/\/www3.unicentro.br\/proplan\/wp-json\/wp\/v2\/types\/page"}],"author":[{"embeddable":true,"href":"https:\/\/www3.unicentro.br\/proplan\/wp-json\/wp\/v2\/users\/3"}],"replies":[{"embeddable":true,"href":"https:\/\/www3.unicentro.br\/proplan\/wp-json\/wp\/v2\/comments?post=48"}],"version-history":[{"count":1,"href":"https:\/\/www3.unicentro.br\/proplan\/wp-json\/wp\/v2\/pages\/48\/revisions"}],"predecessor-version":[{"id":3811,"href":"https:\/\/www3.unicentro.br\/proplan\/wp-json\/wp\/v2\/pages\/48\/revisions\/3811"}],"wp:attachment":[{"href":"https:\/\/www3.unicentro.br\/proplan\/wp-json\/wp\/v2\/media?parent=48"}],"curies":[{"name":"wp","href":"https:\/\/api.w.org\/{rel}","templated":true}]}}