{"id":4258,"date":"2025-06-18T09:21:36","date_gmt":"2025-06-18T12:21:36","guid":{"rendered":"https:\/\/www3.unicentro.br\/proplan\/?page_id=4258"},"modified":"2025-06-27T16:13:34","modified_gmt":"2025-06-27T19:13:34","slug":"apresentacao","status":"publish","type":"page","link":"https:\/\/www3.unicentro.br\/proplan\/ods-info\/apresentacao\/","title":{"rendered":"Apresenta\u00e7\u00e3o"},"content":{"rendered":"<div class=\"wpb-content-wrapper\"><p>[vc_row][vc_column][vc_single_image image=&#8221;4275&#8243; img_size=&#8221;full&#8221; alignment=&#8221;center&#8221; css=&#8221;&#8221;][vc_column_text css=&#8221;&#8221;]Na perspectiva de ampliar a socializa\u00e7\u00e3o do conhecimento cient\u00edfico e de seus impactos, o \u24d8nformativo de Promo\u00e7\u00e3o dos Objetivos de Desenvolvimento Sustent\u00e1vel da Unicentro (IODS) tem como objetivo a publica\u00e7\u00e3o de a\u00e7\u00f5es alinhadas aos Objetivos de Desenvolvimento Sustent\u00e1vel (ODS) da Organiza\u00e7\u00e3o das Na\u00e7\u00f5es Unidas (ONU). Por meio de iniciativas da universidade voltadas ao atendimento de sua comunidade e ao desenvolvimento de atividades que adotam uma vis\u00e3o sist\u00eamica, acompanhando as conex\u00f5es entre as dimens\u00f5es social, ambiental, econ\u00f4mica e institucional da sustentabilidade.<\/p>\n<p>Al\u00e9m de contribuir para o fortalecimento da divulga\u00e7\u00e3o da produ\u00e7\u00e3o de saberes nas diferentes \u00e1reas de conhecimento, com foco na implementa\u00e7\u00e3o dos ODS e na ades\u00e3o da Unicentro \u00e0 Agenda 2030 da ONU, os conte\u00fados publicados enfatizam a concretiza\u00e7\u00e3o de iniciativas no \u00e2mbito do ensino, da pesquisa, da extens\u00e3o universit\u00e1ria, da inova\u00e7\u00e3o e da presta\u00e7\u00e3o de servi\u00e7os, no conjunto das \u00e1reas de conhecimento cient\u00edfico e tecnol\u00f3gico da Institui\u00e7\u00e3o, voltados, primordialmente, ao compromisso social e \u00e0s contribui\u00e7\u00f5es para a comunidade.<\/p>\n<p>Os conte\u00fados s\u00e3o de inteira responsabilidade dos(as) coordenadores(as), devendo ser originais e submetidos \u00e0 aprecia\u00e7\u00e3o do editor-chefe e da Comiss\u00e3o Editorial do Informativo de Promo\u00e7\u00e3o dos Objetivos de Desenvolvimento Sustent\u00e1vel da Unicentro.<\/p>\n<p>A publica\u00e7\u00e3o dos conte\u00fados dever\u00e1 atender \u00e0s Normas Editoriais. Os pareceres, s\u00e3o de car\u00e1ter sigiloso e imparcial. A periodicidade da publica\u00e7\u00e3o \u00e9 anual.<\/p>\n<p>O material deve ser encaminhado para o e-mail: <a href=\"mailto:pdi2023-2027@unicentro.br\">pdi2023-2027@unicentro.br<\/a>.[\/vc_column_text][\/vc_column][\/vc_row]<\/p>\n<\/div>","protected":false},"excerpt":{"rendered":"<p>[vc_row][vc_column][vc_single_image image=&#8221;4275&#8243; img_size=&#8221;full&#8221; alignment=&#8221;center&#8221; css=&#8221;&#8221;][vc_column_text css=&#8221;&#8221;]Na perspectiva de ampliar a socializa\u00e7\u00e3o do conhecimento cient\u00edfico e de seus impactos, o \u24d8nformativo de Promo\u00e7\u00e3o dos Objetivos de Desenvolvimento Sustent\u00e1vel da Unicentro (IODS) tem como objetivo a publica\u00e7\u00e3o de a\u00e7\u00f5es alinhadas aos Objetivos de Desenvolvimento Sustent\u00e1vel (ODS) da Organiza\u00e7\u00e3o das Na\u00e7\u00f5es Unidas (ONU). Por meio de iniciativas da [&hellip;]<\/p>\n","protected":false},"author":3,"featured_media":0,"parent":4243,"menu_order":0,"comment_status":"closed","ping_status":"closed","template":"","meta":{"_exactmetrics_skip_tracking":false,"_exactmetrics_sitenote_active":false,"_exactmetrics_sitenote_note":"","_exactmetrics_sitenote_category":0,"footnotes":"","_links_to":"","_links_to_target":""},"class_list":["post-4258","page","type-page","status-publish","hentry"],"publishpress_future_action":{"enabled":false,"date":"2026-04-14 09:40:04","action":"change-status","newStatus":"draft","terms":[],"taxonomy":"","extraData":[]},"publishpress_future_workflow_manual_trigger":{"enabledWorkflows":[]},"_links":{"self":[{"href":"https:\/\/www3.unicentro.br\/proplan\/wp-json\/wp\/v2\/pages\/4258","targetHints":{"allow":["GET"]}}],"collection":[{"href":"https:\/\/www3.unicentro.br\/proplan\/wp-json\/wp\/v2\/pages"}],"about":[{"href":"https:\/\/www3.unicentro.br\/proplan\/wp-json\/wp\/v2\/types\/page"}],"author":[{"embeddable":true,"href":"https:\/\/www3.unicentro.br\/proplan\/wp-json\/wp\/v2\/users\/3"}],"replies":[{"embeddable":true,"href":"https:\/\/www3.unicentro.br\/proplan\/wp-json\/wp\/v2\/comments?post=4258"}],"version-history":[{"count":2,"href":"https:\/\/www3.unicentro.br\/proplan\/wp-json\/wp\/v2\/pages\/4258\/revisions"}],"predecessor-version":[{"id":4291,"href":"https:\/\/www3.unicentro.br\/proplan\/wp-json\/wp\/v2\/pages\/4258\/revisions\/4291"}],"up":[{"embeddable":true,"href":"https:\/\/www3.unicentro.br\/proplan\/wp-json\/wp\/v2\/pages\/4243"}],"wp:attachment":[{"href":"https:\/\/www3.unicentro.br\/proplan\/wp-json\/wp\/v2\/media?parent=4258"}],"curies":[{"name":"wp","href":"https:\/\/api.w.org\/{rel}","templated":true}]}}