{"id":2398,"date":"2018-08-24T14:38:24","date_gmt":"2018-08-24T17:38:24","guid":{"rendered":"https:\/\/www3.unicentro.br\/proplan\/?page_id=2398"},"modified":"2018-08-24T15:38:52","modified_gmt":"2018-08-24T18:38:52","slug":"engenharia-civil","status":"publish","type":"page","link":"https:\/\/www3.unicentro.br\/proplan\/desenvolvimento-estrategico-universitario\/engenharia-civil\/","title":{"rendered":"Engenharia Civil"},"content":{"rendered":"<div class=\"wpb-content-wrapper\"><p>[vc_row][vc_column][vc_single_image image=&#8221;2413&#8243; img_size=&#8221;full&#8221; alignment=&#8221;center&#8221;][\/vc_column][\/vc_row][vc_row][vc_column width=&#8221;1\/2&#8243;][vc_tta_accordion c_align=&#8221;center&#8221; c_icon=&#8221;&#8221; active_section=&#8221;1&#8243;][vc_tta_section title=&#8221;Sobre o Curso&#8221; tab_id=&#8221;1535133789027-07ea61fb-2b32&#8243;][vc_column_text]<\/p>\n<p style=\"text-align: justify\" align=\"JUSTIFY\">Com previs\u00e3o de oferta no <em>Campus<\/em> de Irati, o curso de Engenharia Civil &#8211; Bacharelado, aguarda a autoriza\u00e7\u00e3o do Governo do Estado para implanta\u00e7\u00e3o. Ser\u00e3o 40 vagas anuais para o per\u00edodo integral, com integraliza\u00e7\u00e3o m\u00ednima de cinco anos e m\u00e1xima de nove anos. O objetivo do curso consiste em formar profissionais na \u00e1rea da Engenharia Civil, com conhecimentos t\u00e9cnico-cient\u00edficos que abranjam a concep\u00e7\u00e3o, o planejamento, o projeto, a execu\u00e7\u00e3o ou implanta\u00e7\u00e3o, a opera\u00e7\u00e3o, a manuten\u00e7\u00e3o e o controle das edifica\u00e7\u00f5es em geral e das infraestruturas e sistemas de transportes e saneamento, considerando seus aspectos pol\u00edticos, econ\u00f4micos, sociais, ambientais e culturais, com vis\u00e3o generalista, \u00e9tica e human\u00edstica, em atendimento \u00e0s demandas da sociedade. As informa\u00e7\u00f5es do Projeto Pedag\u00f3gico do Curso est\u00e3o contidas no protocolo 11.077\/2014.<\/p>\n<p>[\/vc_column_text][\/vc_tta_section][\/vc_tta_accordion][\/vc_column][vc_column width=&#8221;1\/2&#8243;][vc_empty_space height=&#8221;80px&#8221;][vc_single_image image=&#8221;2419&#8243; img_size=&#8221;large&#8221; alignment=&#8221;center&#8221; style=&#8221;vc_box_shadow_border&#8221;][\/vc_column][\/vc_row][vc_row][vc_column][vc_btn title=&#8221;Voltar&#8221; style=&#8221;custom&#8221; custom_background=&#8221;#dd1a1a&#8221; custom_text=&#8221;#ffffff&#8221; align=&#8221;center&#8221; i_icon_fontawesome=&#8221;fa fa-arrow-left&#8221; button_block=&#8221;true&#8221; add_icon=&#8221;true&#8221; link=&#8221;url:https%3A%2F%2Fwww3.unicentro.br%2Fproplan%2Fdesenvolvimento-universitario%2Fplano-de-expansao%2F|||&#8221;][\/vc_column][\/vc_row]<\/p>\n<\/div>","protected":false},"excerpt":{"rendered":"<p>[vc_row][vc_column][vc_single_image image=&#8221;2413&#8243; img_size=&#8221;full&#8221; alignment=&#8221;center&#8221;][\/vc_column][\/vc_row][vc_row][vc_column width=&#8221;1\/2&#8243;][vc_tta_accordion c_align=&#8221;center&#8221; c_icon=&#8221;&#8221; active_section=&#8221;1&#8243;][vc_tta_section title=&#8221;Sobre o Curso&#8221; tab_id=&#8221;1535133789027-07ea61fb-2b32&#8243;][vc_column_text] Com previs\u00e3o de oferta no Campus de Irati, o curso de Engenharia Civil &#8211; Bacharelado, aguarda a autoriza\u00e7\u00e3o do Governo do Estado para implanta\u00e7\u00e3o. Ser\u00e3o 40 vagas anuais para o per\u00edodo integral, com integraliza\u00e7\u00e3o m\u00ednima de cinco anos e m\u00e1xima de nove anos. [&hellip;]<\/p>\n","protected":false},"author":12,"featured_media":0,"parent":51,"menu_order":0,"comment_status":"closed","ping_status":"closed","template":"","meta":{"_exactmetrics_skip_tracking":false,"_exactmetrics_sitenote_active":false,"_exactmetrics_sitenote_note":"","_exactmetrics_sitenote_category":0,"footnotes":"","_links_to":"","_links_to_target":""},"class_list":["post-2398","page","type-page","status-publish","hentry"],"publishpress_future_action":{"enabled":false,"date":"2026-04-20 07:25:07","action":"change-status","newStatus":"draft","terms":[],"taxonomy":"","extraData":[]},"publishpress_future_workflow_manual_trigger":{"enabledWorkflows":[]},"_links":{"self":[{"href":"https:\/\/www3.unicentro.br\/proplan\/wp-json\/wp\/v2\/pages\/2398","targetHints":{"allow":["GET"]}}],"collection":[{"href":"https:\/\/www3.unicentro.br\/proplan\/wp-json\/wp\/v2\/pages"}],"about":[{"href":"https:\/\/www3.unicentro.br\/proplan\/wp-json\/wp\/v2\/types\/page"}],"author":[{"embeddable":true,"href":"https:\/\/www3.unicentro.br\/proplan\/wp-json\/wp\/v2\/users\/12"}],"replies":[{"embeddable":true,"href":"https:\/\/www3.unicentro.br\/proplan\/wp-json\/wp\/v2\/comments?post=2398"}],"version-history":[{"count":0,"href":"https:\/\/www3.unicentro.br\/proplan\/wp-json\/wp\/v2\/pages\/2398\/revisions"}],"up":[{"embeddable":true,"href":"https:\/\/www3.unicentro.br\/proplan\/wp-json\/wp\/v2\/pages\/51"}],"wp:attachment":[{"href":"https:\/\/www3.unicentro.br\/proplan\/wp-json\/wp\/v2\/media?parent=2398"}],"curies":[{"name":"wp","href":"https:\/\/api.w.org\/{rel}","templated":true}]}}