{"id":93,"date":"2021-01-21T16:17:19","date_gmt":"2021-01-21T19:17:19","guid":{"rendered":"https:\/\/www3.unicentro.br\/propesp\/?page_id=93"},"modified":"2021-01-28T14:59:00","modified_gmt":"2021-01-28T17:59:00","slug":"programas","status":"publish","type":"page","link":"https:\/\/www3.unicentro.br\/propesp\/ic\/programas\/","title":{"rendered":"Programas"},"content":{"rendered":"<div class=\"wpb-content-wrapper\"><p>[vc_row][vc_column][vc_column_text]<\/p>\n<p class=\"p1\">A Unicentro mant\u00e9m, juntamente com o CNPq e a Funda\u00e7\u00e3o Arauc\u00e1ria, nove programas de bolsas e 1 programa volunt\u00e1rio de Inicia\u00e7\u00e3o Cient\u00edfica voltado a alunos de gradua\u00e7\u00e3o e do ensino m\u00e9dio e fundamental. Tamb\u00e9m mant\u00e9m, juntamente com CNPq e Capes, um programa de gradua\u00e7\u00e3o sanduiche no exterior voltado para alunos de gradua\u00e7\u00e3o. Ao total s\u00e3o disponibilizadas anualmente cerca de 334 bolsas. Abaixo se encontra a descri\u00e7\u00e3o de cada um destes programas:<\/p>\n<p class=\"p1\">Programa Institucional de Bolsas de Inicia\u00e7\u00e3o Cient\u00edfica, PibicC CNPq: Trata-se de um programa desenvolvido em parceria com o CNPq, \u00f3rg\u00e3o financiador, que oferece bolsas para acad\u00eamicos que est\u00e3o envolvidos em projetos de pesquisa sob a responsabilidade de um professor pesquisador (orientador). O objetivo \u00e9 ampliar o contato do aluno com as bases da metodologia cient\u00edfica, aprimorando assim, a sua forma\u00e7\u00e3o acad\u00eamica. S\u00e3o concedidas bolsas comdura\u00e7\u00e3o de doze meses.<\/p>\n<p class=\"p1\">Programa Institucional de Bolsas de Inicia\u00e7\u00e3o em Desenvolvimento Tecnol\u00f3gico e Inova\u00e7\u00e3o, Pibiti CNPq: Trata-se de um programa desenvolvido em parceria com o CNPq, \u00f3rg\u00e3o financiador, que oferece bolsas para acad\u00eamicos que estejam envolvidos em projetos de pesquisa sob a responsabilidade de professor pesquisador. O objetivo \u00e9 estimular os jovens do ensino superior nas atividades, metodologias, conhecimentos e pr\u00e1ticas pr\u00f3prias ao desenvolvimento tecnol\u00f3gico e processos de inova\u00e7\u00e3o. S\u00e3o concedidas bolsas comdura\u00e7\u00e3o de doze meses.<\/p>\n<p class=\"p1\">Programa Institucional de Bolsas de Inicia\u00e7\u00e3o Cient\u00edfica \u2013 A\u00e7\u00f5es Afirmativas CNPq, Pibic-AF: Este Programa \u00e9 resultado de uma parceria entre Conselho Nacional de Desenvolvimento Cient\u00edfico e Tecnol\u00f3gico do Minist\u00e9rio da Ci\u00eancia e Tecnologia \u2013 CNPq \/ MCT e a Subsecretaria de Pol\u00edticas de A\u00e7\u00f5es Afirmativas da Secretaria Especial de Promo\u00e7\u00e3o da Igualdade Racial da Presid\u00eancia da Rep\u00fablica \u2013 Subpaa \/ Seppir-PR. O objetivo \u00e9 ampliar a oportunidade de forma\u00e7\u00e3o t\u00e9cnico-cient\u00edfica pela concess\u00e3o de bolsas de IC para os alunos do ensino superior, cuja inser\u00e7\u00e3o no ambiente acad\u00eamico ocorreu por uma a\u00e7\u00e3o afirmativa no vestibular.<\/p>\n<p class=\"p1\">Programa de Apoio a Inicia\u00e7\u00e3o Cient\u00edfica, Paic Funda\u00e7\u00e3o Arauc\u00e1ria: Trata-se de um programa de apoio ao desenvolvimento cient\u00edfico e tecnol\u00f3gico para alunos de gradua\u00e7\u00e3o, envolvidos em projetos de pesquisa de em professor pesquisador (orientador), com o objetivo de despertar o interesse para a pesquisa cient\u00edfica e tecnol\u00f3gica e maior envolvimento acad\u00eamico profissionalizante. S\u00e3o concedidas bolsas conforme demanda estadual comdura\u00e7\u00e3o de doze meses.<\/p>\n<p class=\"p1\">Programa Institucional de Bolsas de Inicia\u00e7\u00e3o Cient\u00edfica \u2013 A\u00e7\u00f5es Afirmativas Funda\u00e7\u00e3o Arauc\u00e1ria, Paic AF: O Programa busca incentivar a\u00e7\u00f5es de mobiliza\u00e7\u00e3o e sensibiliza\u00e7\u00e3o de Institui\u00e7\u00f5es P\u00fablicas de Ensino Superior e privadas sem fins lucrativos, de utilidade p\u00fablica, sediadas e com CNPJ do Estado do Paran\u00e1. Com vistas \u00e0 implementa\u00e7\u00e3o de pol\u00edticas de inclus\u00e3o social e articula\u00e7\u00e3o da produ\u00e7\u00e3o e difus\u00e3o do conhecimento com o acesso e perman\u00eancia de estudantes oriundos de escolas p\u00fablicas e estudantes afrodescendentes, para as Institui\u00e7\u00f5es que adotam sistema de reserva de vagas no vestibular.<\/p>\n<p class=\"p1\">Programa de Bolsa de Inicia\u00e7\u00e3o Cient\u00edfica da Unicentro, BIC: Trata-se de um programa mantido com recursos pr\u00f3prios da Unicentro. Este \u00e9 destinado a propiciar condi\u00e7\u00f5es favor\u00e1veis ao desenvolvimento e ao desempenho de atividades de pesquisa, por estudantes da gradua\u00e7\u00e3o, como parte da Inicia\u00e7\u00e3o Cient\u00edfica na Institui\u00e7\u00e3o, com os mesmos objetivos dos programas anteriores. S\u00e3o concedidas bolsas com dura\u00e7\u00e3o de doze meses.<\/p>\n<p class=\"p1\">Programa Institucional de Bolsas de Inicia\u00e7\u00e3o em Desenvolvimento Tecnol\u00f3gico e Inova\u00e7\u00e3o, Biti Unicentro: Trata-se de um programa mantido com recursos pr\u00f3prios da Unicentro, que oferece bolsas para acad\u00eamicos que estejam envolvidos em projetos de pesquisa sob a responsabilidade de professor pesquisador. O objetivo \u00e9 estimular os jovens do ensino superior nas atividades, metodologias, conhecimentos e pr\u00e1ticas pr\u00f3prias ao desenvolvimento tecnol\u00f3gico e processos de inova\u00e7\u00e3o. S\u00e3o concedidas bolsas comdura\u00e7\u00e3o de doze meses.<\/p>\n<p class=\"p1\">Programa Ci\u00eancia semFronteiras \u2013 Gradua\u00e7\u00e3o Sandu\u00edche no Exterior, CNPq\/Capes: O Programa Ci\u00eancia sem Fronteiras visa a forma\u00e7\u00e3o de recursos humanos altamente qualificados nas melhores universidades e institui\u00e7\u00f5es de pesquisa estrangeiras, com vistas a promover a internacionaliza\u00e7\u00e3o da ci\u00eancia e tecnologia nacional, estimulando estudos e pesquisas de brasileiros no exterior, inclusive coma expans\u00e3o significativa do interc\u00e2mbio e da mobilidade de graduandos e graduados.<\/p>\n<p class=\"p1\">Programa de Inicia\u00e7\u00e3o Cient\u00edfica Volunt\u00e1ria, ICV : Este programa destina-se \u00e0 acad\u00eamicos interessados em desenvolver atividades de Inicia\u00e7\u00e3o Cient\u00edfica, Tecnol\u00f3gica e Educacional, mas sem a concess\u00e3o de bolsas. Caracteriza-se pelos mesmos objetivos dos programas anteriores e com a dura\u00e7\u00e3o de doze meses, expedindo ao aluno um certificado de desenvolvimento das atividades, de acordo comregulamenta\u00e7\u00e3o pr\u00f3pria.<\/p>\n<p class=\"p1\">Programa Institucional de Bolsas de Inicia\u00e7\u00e3o Cient\u00edfica para o Ensino M\u00e9dio, Pibic-EM CNPq: \u00c9 um programa desenvolvido em associa\u00e7\u00e3o como CNPq. Oferece bolsas aos estudantes do ensino m\u00e9dio e profissional coma finalidade de contribuir para a forma\u00e7\u00e3o de cidad\u00e3os plenos, conscientes e participativos, al\u00e9m de despertar voca\u00e7\u00e3o cient\u00edfica e de incentivar talentos potenciais, mediante sua participa\u00e7\u00e3o em atividades de educa\u00e7\u00e3o cient\u00edfica e\/ou tecnol\u00f3gica, orientadas por pesquisador qualificado. Possui dura\u00e7\u00e3o de doze meses.<\/p>\n<p class=\"p1\">Programa Institucional de Bolsas de Inicia\u00e7\u00e3o Cient\u00edfica, Pibic-JR Funda\u00e7\u00e3o Arauc\u00e1ria: \u00c9 um programa desenvolvido em associa\u00e7\u00e3o com o CNPq, Funda\u00e7\u00e3o Arauc\u00e1ria e Unicentro. O Programa destina-se a concess\u00e3o de bolsas a alunos da 6\u00ba ao 8\u00ba s\u00e9rie\/ano do Ensino Fundamental II, do 2\u00ba e\/ou 3\u00ba ano do Ensino M\u00e9dio ou de Educa\u00e7\u00e3o Profissional, regularmente matriculados em Escola P\u00fablica ou Privada, sem fins lucrativos e de utilidade p\u00fablica, localizada no Estado do Paran\u00e1, para desenvolvimento de atividades vinculadas a inicia\u00e7\u00e3o cient\u00edfica ou tecnol\u00f3gica. Desta forma, tem como meta ampliar a articula\u00e7\u00e3o existente entre o Ensino Superior, o Ensino Fundamental e o Ensino M\u00e9dio, oportunizando uma parceria eficaz para a melhoria da qualidade do ensino em seus diferentes n\u00edveis e na forma\u00e7\u00e3o de futuros profissionais.<\/p>\n<p>[\/vc_column_text][vc_row_inner][vc_column_inner width=&#8221;1\/3&#8243;][vc_btn title=&#8221;Legisla\u00e7\u00e3o&#8221; style=&#8221;flat&#8221; shape=&#8221;square&#8221; color=&#8221;danger&#8221; align=&#8221;center&#8221; css_animation=&#8221;fadeIn&#8221; button_block=&#8221;true&#8221; link=&#8221;url:https%3A%2F%2Fwww3.unicentro.br%2Fpropesp%2Fic%2Fprogramas%2Flegislacao%2F|title:Legisla%C3%A7%C3%A3o&#8221;][\/vc_column_inner][vc_column_inner width=&#8221;1\/3&#8243;][vc_btn title=&#8221;Instru\u00e7\u00f5es Normativas&#8221; style=&#8221;flat&#8221; shape=&#8221;square&#8221; color=&#8221;danger&#8221; align=&#8221;center&#8221; css_animation=&#8221;fadeIn&#8221; button_block=&#8221;true&#8221; link=&#8221;url:https%3A%2F%2Fwww3.unicentro.br%2Fpropesp%2Fic%2Fprogramas%2Finstrucoes-normativas%2F|title:Legisla%C3%A7%C3%A3o&#8221;][\/vc_column_inner][vc_column_inner width=&#8221;1\/3&#8243;][vc_btn title=&#8221;Formul\u00e1rios&#8221; style=&#8221;flat&#8221; shape=&#8221;square&#8221; color=&#8221;danger&#8221; align=&#8221;center&#8221; css_animation=&#8221;fadeIn&#8221; button_block=&#8221;true&#8221; link=&#8221;url:https%3A%2F%2Fwww3.unicentro.br%2Fpropesp%2Fic%2Fprogramas%2Fformularios%2F|title:Legisla%C3%A7%C3%A3o&#8221;][\/vc_column_inner][\/vc_row_inner][\/vc_column][\/vc_row]<\/p>\n<\/div>","protected":false},"excerpt":{"rendered":"<p>[vc_row][vc_column][vc_column_text] A Unicentro mant\u00e9m, juntamente com o CNPq e a Funda\u00e7\u00e3o Arauc\u00e1ria, nove programas de bolsas e 1 programa volunt\u00e1rio de Inicia\u00e7\u00e3o Cient\u00edfica voltado a alunos de gradua\u00e7\u00e3o e do ensino m\u00e9dio e fundamental. Tamb\u00e9m mant\u00e9m, juntamente com CNPq e Capes, um programa de gradua\u00e7\u00e3o sanduiche no exterior voltado para alunos de gradua\u00e7\u00e3o. Ao total [&hellip;]<\/p>\n","protected":false},"author":3,"featured_media":0,"parent":91,"menu_order":0,"comment_status":"closed","ping_status":"closed","template":"","meta":{"_exactmetrics_skip_tracking":false,"_exactmetrics_sitenote_active":false,"_exactmetrics_sitenote_note":"","_exactmetrics_sitenote_category":0,"footnotes":"","_links_to":"","_links_to_target":""},"class_list":["post-93","page","type-page","status-publish","hentry"],"publishpress_future_action":{"enabled":false,"date":"2026-04-27 19:31:38","action":"change-status","newStatus":"draft","terms":[],"taxonomy":"","extraData":[]},"publishpress_future_workflow_manual_trigger":{"enabledWorkflows":[]},"_links":{"self":[{"href":"https:\/\/www3.unicentro.br\/propesp\/wp-json\/wp\/v2\/pages\/93","targetHints":{"allow":["GET"]}}],"collection":[{"href":"https:\/\/www3.unicentro.br\/propesp\/wp-json\/wp\/v2\/pages"}],"about":[{"href":"https:\/\/www3.unicentro.br\/propesp\/wp-json\/wp\/v2\/types\/page"}],"author":[{"embeddable":true,"href":"https:\/\/www3.unicentro.br\/propesp\/wp-json\/wp\/v2\/users\/3"}],"replies":[{"embeddable":true,"href":"https:\/\/www3.unicentro.br\/propesp\/wp-json\/wp\/v2\/comments?post=93"}],"version-history":[{"count":0,"href":"https:\/\/www3.unicentro.br\/propesp\/wp-json\/wp\/v2\/pages\/93\/revisions"}],"up":[{"embeddable":true,"href":"https:\/\/www3.unicentro.br\/propesp\/wp-json\/wp\/v2\/pages\/91"}],"wp:attachment":[{"href":"https:\/\/www3.unicentro.br\/propesp\/wp-json\/wp\/v2\/media?parent=93"}],"curies":[{"name":"wp","href":"https:\/\/api.w.org\/{rel}","templated":true}]}}