{"id":72,"date":"2020-11-13T10:24:34","date_gmt":"2020-11-13T13:24:34","guid":{"rendered":"https:\/\/www3.unicentro.br\/propesp\/?page_id=72"},"modified":"2021-02-23T18:16:53","modified_gmt":"2021-02-23T21:16:53","slug":"centros-multiusuarios","status":"publish","type":"page","link":"https:\/\/www3.unicentro.br\/propesp\/pesquisa\/infraestrutura-de-pesquisa\/centros-multiusuarios\/","title":{"rendered":"Centros Multiusu\u00e1rios"},"content":{"rendered":"<div class=\"wpb-content-wrapper\"><p>[vc_row disable_element=&#8221;yes&#8221; u_row_style=&#8221;0&#8243; u_row_paralax=&#8221;0&#8243; u_row_scheme=&#8221;0&#8243;][vc_column][vc_column_text]<\/p>\n<p class=\"p1\">A Unicentro possui 03 Centro Multiusu\u00e1rios de Pesquisa, constru\u00eddos e equipados com recursos de chamadas governamentais da Finep e da Capes:<\/p>\n<ul>\n<li class=\"p1\">Centro de Pesquisas Avan\u00e7adas Ambientais, Bioenerg\u00e9ticas e Biotecnol\u00f3gicas, AMBIOTEC, no campus Cedeteg.<\/li>\n<li class=\"p1\">Centro de Ci\u00eancias Moleculares e Nanotecnologia, CCMN, no campus Cedeteg;<\/li>\n<li class=\"p1\">considerando o Centro Integrado de Pesquisas de Biomassa, Biotecnologia e Bioenergia &#8211; BIO-3, no campus de Irati.<\/li>\n<\/ul>\n<p>O funcionamento dos Centros Multiusu\u00e1rios \u00e9 regulamentado conforme segue:<\/p>\n<ul>\n<li class=\"p1\"><a href=\"https:\/\/sgu.unicentro.br\/pcatooficiais\/imprimir\/020C3B94\">Portaria n\u00ba 35-Propesp, de 20 de julho de 2020. Designa o Subcomit\u00ea Gestor do Centro de Ci\u00eancias Moleculares e Nanotecnologia, CCMN, do Campus Cedeteg, e d\u00e1 outras provid\u00eancias<\/a><\/li>\n<li><a href=\"https:\/\/sgu.unicentro.br\/pcatooficiais\/imprimir\/9D0BA095\">Portaria n\u00ba 34-PROPESP, de 20 de julho de 2020. Designa o Subcomit\u00ea Gestor do Centro de Pesquisas Avan\u00e7adas Ambientais, Bioenerg\u00e9ticas e Biotecnol\u00f3gicas, Ambiotec, do Campus Cedeteg, e d\u00e1 outras provid\u00eancias<\/a><\/li>\n<li>Instru\u00e7\u00e3o Normativa n\u00ba 02-Propesp, de 18 de junho de 2020. Cria os Subcomit\u00eas Gestores dos Centros Multiusu\u00e1rios de Pesquisa da Unicentro, e define crit\u00e9rios e procedimentos para as suas composi\u00e7\u00f5es e d\u00e1 outras provid\u00eancias<\/li>\n<li><a href=\"https:\/\/sgu.unicentro.br\/pcatooficiais\/imprimir\/5982C4CB\">Portaria n\u00ba 1126-GR\/Unicentro, de 11 de dezembro de 2018. Designa, em substitui\u00e7\u00e3o, membro para compor o Comit\u00ea Gestor da Infraestrutura Multiusu\u00e1ria de Pesquisa da Unicentro, e d\u00e1 outras provid\u00eancias<\/a><\/li>\n<li><a href=\"https:\/\/sgu.unicentro.br\/pcatooficiais\/imprimir\/1408FD7F\">Portaria n\u00ba 710-GR\/Unicentro, de 19 de julho de 2018. Designa o Comit\u00ea Gestor da Infraestrutura Multiusu\u00e1ria de Pesquisa da Unicentro, e d\u00e1 outras provid\u00eancias<\/a><\/li>\n<li><a href=\"https:\/\/sgu.unicentro.br\/pcatooficiais\/imprimir\/5BE132E0\">Resolu\u00e7\u00e3o n\u00ba 4-Cepe\/Unicentro, de 21 de mar\u00e7o de 2018. Aprova o Regulamento da Infraestrutura Multiusu\u00e1ria de Pesquisa da Universidade Estadual do Centro-Oeste, Unicentro<\/a><\/li>\n<\/ul>\n<p>[\/vc_column_text][\/vc_column][\/vc_row]<\/p>\n<\/div>","protected":false},"excerpt":{"rendered":"<p>[vc_row disable_element=&#8221;yes&#8221; u_row_style=&#8221;0&#8243; u_row_paralax=&#8221;0&#8243; u_row_scheme=&#8221;0&#8243;][vc_column][vc_column_text] A Unicentro possui 03 Centro Multiusu\u00e1rios de Pesquisa, constru\u00eddos e equipados com recursos de chamadas governamentais da Finep e da Capes: Centro de Pesquisas Avan\u00e7adas Ambientais, Bioenerg\u00e9ticas e Biotecnol\u00f3gicas, AMBIOTEC, no campus Cedeteg. Centro de Ci\u00eancias Moleculares e Nanotecnologia, CCMN, no campus Cedeteg; considerando o Centro Integrado de Pesquisas de [&hellip;]<\/p>\n","protected":false},"author":3,"featured_media":0,"parent":70,"menu_order":0,"comment_status":"closed","ping_status":"closed","template":"","meta":{"_exactmetrics_skip_tracking":false,"_exactmetrics_sitenote_active":false,"_exactmetrics_sitenote_note":"","_exactmetrics_sitenote_category":0,"footnotes":"","_links_to":"","_links_to_target":""},"class_list":["post-72","page","type-page","status-publish","hentry"],"publishpress_future_action":{"enabled":false,"date":"2026-04-28 14:53:10","action":"change-status","newStatus":"draft","terms":[],"taxonomy":"","extraData":[]},"publishpress_future_workflow_manual_trigger":{"enabledWorkflows":[]},"_links":{"self":[{"href":"https:\/\/www3.unicentro.br\/propesp\/wp-json\/wp\/v2\/pages\/72","targetHints":{"allow":["GET"]}}],"collection":[{"href":"https:\/\/www3.unicentro.br\/propesp\/wp-json\/wp\/v2\/pages"}],"about":[{"href":"https:\/\/www3.unicentro.br\/propesp\/wp-json\/wp\/v2\/types\/page"}],"author":[{"embeddable":true,"href":"https:\/\/www3.unicentro.br\/propesp\/wp-json\/wp\/v2\/users\/3"}],"replies":[{"embeddable":true,"href":"https:\/\/www3.unicentro.br\/propesp\/wp-json\/wp\/v2\/comments?post=72"}],"version-history":[{"count":0,"href":"https:\/\/www3.unicentro.br\/propesp\/wp-json\/wp\/v2\/pages\/72\/revisions"}],"up":[{"embeddable":true,"href":"https:\/\/www3.unicentro.br\/propesp\/wp-json\/wp\/v2\/pages\/70"}],"wp:attachment":[{"href":"https:\/\/www3.unicentro.br\/propesp\/wp-json\/wp\/v2\/media?parent=72"}],"curies":[{"name":"wp","href":"https:\/\/api.w.org\/{rel}","templated":true}]}}