{"id":56,"date":"2020-11-13T10:16:50","date_gmt":"2020-11-13T13:16:50","guid":{"rendered":"https:\/\/www3.unicentro.br\/propesp\/?page_id=56"},"modified":"2025-07-17T17:10:31","modified_gmt":"2025-07-17T20:10:31","slug":"legislacao-institucional","status":"publish","type":"page","link":"https:\/\/www3.unicentro.br\/propesp\/pesquisa\/legislacao-institucional\/","title":{"rendered":"Legisla\u00e7\u00e3o Institucional"},"content":{"rendered":"<div class=\"wpb-content-wrapper\"><p>[vc_row][vc_column][vc_column_text]<\/p>\n<p class=\"p1\">As atividades institucionais de pesquisa s\u00e3o desenvolvidas em conson\u00e2ncia \u00e0s linhas de pesquisa dos grupos cadastrados no Diret\u00f3rio de Grupos de Pesquisa do Conselho Nacional de Desenvolvimento Cient\u00edfico e Tecnol\u00f3gico (CNPq) e certificados pela Unicentro, conforme as normas estabelecidas em sua legisla\u00e7\u00e3o.<\/p>\n<p class=\"p1\">A atual legisla\u00e7\u00e3o institucional de Pesquisa foi aprovada pela Resolu\u00e7\u00e3o n\u00ba 59-Cepe\/Unicentro, de 16 de setembro de 2011.<\/p>\n<p>[\/vc_column_text][vc_row_inner][vc_column_inner width=&#8221;1\/4&#8243;][vc_btn title=&#8221;Regulamento&#8221; style=&#8221;flat&#8221; shape=&#8221;square&#8221; color=&#8221;danger&#8221; align=&#8221;center&#8221; button_block=&#8221;true&#8221; link=&#8221;url:https%3A%2F%2Fwww3.unicentro.br%2Fpropesp%2Fpesquisa%2Flegislacao-institucional%2Fregulamentos%2F|title:Regulamentos&#8221;][\/vc_column_inner][vc_column_inner width=&#8221;1\/4&#8243;][vc_btn title=&#8221;Formul\u00e1rios&#8221; style=&#8221;flat&#8221; shape=&#8221;square&#8221; color=&#8221;danger&#8221; align=&#8221;center&#8221; button_block=&#8221;true&#8221; link=&#8221;url:https%3A%2F%2Fwww3.unicentro.br%2Fpropesp%2Fpesquisa%2Flegislacao-institucional%2Fformularios%2F|title:Formul%C3%A1rios&#8221;][\/vc_column_inner][vc_column_inner width=&#8221;1\/4&#8243;][vc_btn title=&#8221;\u00c1reas CNPq&#8221; style=&#8221;flat&#8221; shape=&#8221;square&#8221; color=&#8221;danger&#8221; align=&#8221;center&#8221; button_block=&#8221;true&#8221; link=&#8221;url:http%3A%2F%2Fwww.cnpq.br%2Fweb%2Fguest%2Fapresentacao1|title:%C3%81reas%20CNPq|target:_blank&#8221;][\/vc_column_inner][vc_column_inner width=&#8221;1\/4&#8243;][vc_btn title=&#8221;Diretrizes&#8221; style=&#8221;flat&#8221; shape=&#8221;square&#8221; color=&#8221;danger&#8221; align=&#8221;center&#8221; css=&#8221;&#8221; button_block=&#8221;true&#8221; link=&#8221;url:https%3A%2F%2Fwww3.unicentro.br%2Fpropesp%2Fpesquisa%2Flegislacao-institucional%2Fdiretrizes%2F|title:%C3%81reas%20CNPq|target:_blank&#8221;][\/vc_column_inner][\/vc_row_inner][\/vc_column][\/vc_row]<\/p>\n<\/div>","protected":false},"excerpt":{"rendered":"<p>[vc_row][vc_column][vc_column_text] As atividades institucionais de pesquisa s\u00e3o desenvolvidas em conson\u00e2ncia \u00e0s linhas de pesquisa dos grupos cadastrados no Diret\u00f3rio de Grupos de Pesquisa do Conselho Nacional de Desenvolvimento Cient\u00edfico e Tecnol\u00f3gico (CNPq) e certificados pela Unicentro, conforme as normas estabelecidas em sua legisla\u00e7\u00e3o. A atual legisla\u00e7\u00e3o institucional de Pesquisa foi aprovada pela Resolu\u00e7\u00e3o n\u00ba 59-Cepe\/Unicentro, [&hellip;]<\/p>\n","protected":false},"author":3,"featured_media":0,"parent":38,"menu_order":0,"comment_status":"closed","ping_status":"closed","template":"","meta":{"_exactmetrics_skip_tracking":false,"_exactmetrics_sitenote_active":false,"_exactmetrics_sitenote_note":"","_exactmetrics_sitenote_category":0,"footnotes":"","_links_to":"","_links_to_target":""},"class_list":["post-56","page","type-page","status-publish","hentry"],"publishpress_future_action":{"enabled":false,"date":"2026-04-28 18:21:05","action":"change-status","newStatus":"draft","terms":[],"taxonomy":"","extraData":[]},"publishpress_future_workflow_manual_trigger":{"enabledWorkflows":[]},"_links":{"self":[{"href":"https:\/\/www3.unicentro.br\/propesp\/wp-json\/wp\/v2\/pages\/56","targetHints":{"allow":["GET"]}}],"collection":[{"href":"https:\/\/www3.unicentro.br\/propesp\/wp-json\/wp\/v2\/pages"}],"about":[{"href":"https:\/\/www3.unicentro.br\/propesp\/wp-json\/wp\/v2\/types\/page"}],"author":[{"embeddable":true,"href":"https:\/\/www3.unicentro.br\/propesp\/wp-json\/wp\/v2\/users\/3"}],"replies":[{"embeddable":true,"href":"https:\/\/www3.unicentro.br\/propesp\/wp-json\/wp\/v2\/comments?post=56"}],"version-history":[{"count":2,"href":"https:\/\/www3.unicentro.br\/propesp\/wp-json\/wp\/v2\/pages\/56\/revisions"}],"predecessor-version":[{"id":5321,"href":"https:\/\/www3.unicentro.br\/propesp\/wp-json\/wp\/v2\/pages\/56\/revisions\/5321"}],"up":[{"embeddable":true,"href":"https:\/\/www3.unicentro.br\/propesp\/wp-json\/wp\/v2\/pages\/38"}],"wp:attachment":[{"href":"https:\/\/www3.unicentro.br\/propesp\/wp-json\/wp\/v2\/media?parent=56"}],"curies":[{"name":"wp","href":"https:\/\/api.w.org\/{rel}","templated":true}]}}