{"id":4161,"date":"2024-11-11T09:50:27","date_gmt":"2024-11-11T12:50:27","guid":{"rendered":"https:\/\/www3.unicentro.br\/propesp\/?page_id=4161"},"modified":"2025-03-25T09:17:39","modified_gmt":"2025-03-25T12:17:39","slug":"programa-institucional-de-apoio-a-pesquisa-basica-e-aplicada-2024","status":"publish","type":"page","link":"https:\/\/www3.unicentro.br\/propesp\/pesquisa\/pesquisa-basica-e-aplicada\/programa-institucional-de-apoio-a-pesquisa-basica-e-aplicada-2024\/","title":{"rendered":"Programa Institucional de Apoio \u00e0 Pesquisa B\u00e1sica e Aplicada 2024"},"content":{"rendered":"<p>Em meio \u00e0 proposta submetida na Chamada P\u00fablica n\u00ba 23\/2024 &#8211; Programa Institucional de Pesquisa Universal (B\u00e1sica e Aplicada), da Funda\u00e7\u00e3o Arauc\u00e1ria, a edi\u00e7\u00e3o 2024 do Programa Institucional de Pesquisa B\u00e1sica e Aplicada da Unicentro pretende financiar projetos de pesquisa das \u00e1reas de conhecimento Ci\u00eancias Exatas e da Terra; Ci\u00eancias Humanas; Ci\u00eancias Agr\u00e1rias; Ci\u00eancias Biol\u00f3gicas; Ci\u00eancias da Sa\u00fade; Ci\u00eancias Sociais Aplicadas; Engenharias; e Lingu\u00edstica, Letras e Artes; que apresentem ader\u00eancia \u00e0s prioridades multissetoriais e tem\u00e1ticas do \u201cParan\u00e1 2040\u201d \u2013 Rotas Estrat\u00e9gicas de Ci\u00eancia, Tecnologia &amp; Inova\u00e7\u00e3o (CT&amp;I). Tamb\u00e9m ser\u00e3o considerados projetos que podem contribuir com os Objetivos de Desenvolvimento Sustent\u00e1vel (ODS), direcionando a produ\u00e7\u00e3o cient\u00edfica, tecnol\u00f3gica e de inova\u00e7\u00e3o institucional em a\u00e7\u00f5es\/interven\u00e7\u00f5es que contribuam para o desenvolvimento regional.<\/p>\n<p><strong>Processo seletivo institucional de projetos<\/strong><\/p>\n<ul>\n<li><a href=\"https:\/\/www3.unicentro.br\/propesp\/wp-content\/uploads\/sites\/99\/2025\/03\/Edital_07_PBA2025_Resultado_Final_67e1b8d81c3c2.pdf\"><strong>Edital n\u00ba 07\/2025-CPBA\/UNICENTRO:<\/strong> resultado final da 2\u00aa Etapa do Processo Seletivo do Programa Institucional de Apoio \u00e0 Pesquisa Universal (B\u00e1sica e Aplicada) da UNICENTRO<\/a><\/li>\n<li><a href=\"https:\/\/www3.unicentro.br\/propesp\/wp-content\/uploads\/sites\/99\/2025\/03\/Edital_06_PBA2025_Recursos_Resultado_Preliminar_67e1b8ca2ad11.pdf\"><strong>Edital n\u00ba 06\/2025-CPBA\/UNICENTRO<\/strong>: resultado da an\u00e1lise de recurso interposto em rela\u00e7\u00e3o ao resultado preliminar da 2\u00aa Etapa do Processo Seletivo do Programa Institucional de Apoio \u00e0 Pesquisa Universal (B\u00e1sica e Aplicada) da UNICENTRO<\/a><\/li>\n<li><a href=\"https:\/\/www3.unicentro.br\/propesp\/wp-content\/uploads\/sites\/99\/2025\/03\/Edital_05_PBA2025_Resultado_Preliminar_67daf5dd97ed7.pdf\"><strong>Edital n\u00ba 05\/2025-CPBA\/UNICENTRO:<\/strong> resultado preliminar da 2\u00aa Etapa do Processo Seletivo do Programa Institucional de Apoio \u00e0 Pesquisa Universal (B\u00e1sica e Aplicada) da UNICENTRO<\/a><\/li>\n<li><a href=\"https:\/\/www3.unicentro.br\/propesp\/wp-content\/uploads\/sites\/99\/2025\/03\/Edital_04_PBA2025_Altera_o_do_Cronograma_67d1e0fb9ca21.pdf\"><strong>Edital n\u00ba 04\/2025-CPBA\/UNICENTRO:<\/strong> altera\u00e7\u00e3o do cronograma do processo seletivo do Programa Institucional de Apoio \u00e0 Pesquisa Universal (B\u00e1sica e Aplicada) da UNICENTRO<\/a><\/li>\n<li><a href=\"https:\/\/www3.unicentro.br\/propesp\/wp-content\/uploads\/sites\/99\/2025\/02\/Edital_03_PBA2025_Retifica_o_Edital_2_25_CPBA_67aa01809b415.pdf\"><strong>Edital n\u00ba 03\/2025-CPBA\/UNICENTRO:<\/strong> retifica\u00e7\u00e3o do item 2.1 do Edital n\u00ba 02\/2025-CPBA\/UNICENTRO<\/a><\/li>\n<li><a href=\"https:\/\/www3.unicentro.br\/propesp\/wp-content\/uploads\/sites\/99\/2025\/02\/Edital_02_PBA2025_Delibera_es_CPBA_Projetos_67a634d50f90f.pdf\"><strong>Edital n\u00ba 02\/2025-CPBA\/UNICENTRO:<\/strong> delibera\u00e7\u00f5es da CPBA sobre os projetos submetidos na 2\u00aa etapa<\/a><\/li>\n<li><a href=\"https:\/\/www3.unicentro.br\/propesp\/wp-content\/uploads\/sites\/99\/2025\/01\/Edital_01_PBA2025_Retifica_o_de_Cronograma_67864df3ee4e5.pdf\"><strong>Edital n\u00ba 01\/2025-CPBA\/UNICENTRO:<\/strong> altera\u00e7\u00e3o de cronograma<\/a><\/li>\n<li><a href=\"https:\/\/www3.unicentro.br\/propesp\/wp-content\/uploads\/sites\/99\/2025\/03\/Edital_05_PBA2024_ResultadoFinal_retifica_o_67d865b3087eb.pdf\"><strong>Edital n\u00ba 05\/2024-CPBA\/UNICENTRO:<\/strong> retifica\u00e7\u00e3o do Edital n\u00ba 04\/2024-CPBA\/UNICENTRO<\/a><\/li>\n<li><a href=\"https:\/\/www3.unicentro.br\/propesp\/wp-content\/uploads\/sites\/99\/2024\/12\/Edital_04_PBA2024_ResultadoFinal_676478ca3a9cf.pdf\"><strong>Edital n\u00ba 04\/2024-CPBA\/UNICENTRO:<\/strong> divulga\u00e7\u00e3o do resultado final da Etapa I e convoca\u00e7\u00e3o dos coordenadores contemplados com recursos para a submiss\u00e3o da proposta na Etapa II do Programa Institucional de Apoio \u00e0 Pesquisa Universal (B\u00e1sica e Aplicada) da Unicentro<\/a><\/li>\n<li><a href=\"https:\/\/www3.unicentro.br\/propesp\/wp-content\/uploads\/sites\/99\/2024\/12\/Edital_03_PBA2024_An_liseRecursos_6764752d143c5.pdf\"><strong>Edital n\u00ba 03\/2024-CPBA\/UNICENTRO:<\/strong> resultado da an\u00e1lise de recursos apresentados em rela\u00e7\u00e3o ao Edital n\u00ba 02\/2024-CPBA\/UNICENTRO, do Programa Institucional de Apoio \u00e0 Pesquisa Universal (B\u00e1sica e Aplicada) da Unicentro<\/a><\/li>\n<li><a href=\"https:\/\/www3.unicentro.br\/propesp\/wp-content\/uploads\/sites\/99\/2024\/12\/Edital_PBA2024_Resultado_Pontua_o_67607e8ed6096.pdf\"><strong>Edital n\u00ba 02\/2024-CPBA\/UNICENTRO:<\/strong> homologa\u00e7\u00e3o de inscri\u00e7\u00f5es e divulga\u00e7\u00e3o da pontua\u00e7\u00e3o dos(as) pesquisadores(as) com inscri\u00e7\u00e3o homologada no Processo Seletivo do Programa Institucional de Apoio \u00e0 Pesquisa B\u00e1sica e Aplicada 2024<\/a><\/li>\n<li><a href=\"https:\/\/www3.unicentro.br\/propesp\/wp-content\/uploads\/sites\/99\/2024\/11\/Edital_PBA2024_final_atualizado_13_11_24_6734e965881e5.pdf\"><strong>Edital n\u00ba 01\/2024-CPBA\/UNICENTRO: <\/strong>abertura de inscri\u00e7\u00f5es para o Programa Institucional de Apoio \u00e0 Pesquisa B\u00e1sica e Aplicada da Unicentro<\/a>\n<ul>\n<li><a href=\"https:\/\/www3.unicentro.br\/propesp\/wp-content\/uploads\/sites\/99\/2024\/11\/Edital_PBA2024_final_ANEXOS_67325d66609f4.doc\"><strong>Anexo I a VI [.doc]<\/strong><\/a><\/li>\n<\/ul>\n<\/li>\n<\/ul>\n<p><strong>Plataforma SAAPI &#8211; Sistema de Acompanhamento e Avalia\u00e7\u00e3o de Projetos Institucionais<\/strong><\/p>\n<ul>\n<li>Para acessar a plataforma SAAPI, <a href=\"https:\/\/sguweb.unicentro.br\/spprocessos\/chamada\/618bd46b-e680-4e61-abd0-46d6c8c90a21\"><em><strong>clique aqui<\/strong><\/em><\/a><\/li>\n<\/ul>\n<p><strong>Comiss\u00e3o de Avalia\u00e7\u00e3o Institucional do Programa de Pesquisa B\u00e1sica e Aplicada, CPBA\/Unicentro<\/strong><\/p>\n<ul>\n<li>Comiss\u00e3o designada pela <strong><a href=\"https:\/\/www3.unicentro.br\/propesp\/wp-content\/uploads\/sites\/99\/2024\/11\/Portaria_1531_2024_GR_67335189dd10f.pdf\">Portaria n\u00ba 1.351-GR\/UNICENTRO, de 11 de novembro de 2024<\/a><\/strong>.<\/li>\n<\/ul>\n<p><strong>Contato:<\/strong><\/p>\n<p><a href=\"mailto:cpba@unicentro.br\"><strong>cpba@unicentro.br<\/strong><\/a><\/p>\n","protected":false},"excerpt":{"rendered":"<p>Em meio \u00e0 proposta submetida na Chamada P\u00fablica n\u00ba 23\/2024 &#8211; Programa Institucional de Pesquisa Universal (B\u00e1sica e Aplicada), da Funda\u00e7\u00e3o Arauc\u00e1ria, a edi\u00e7\u00e3o 2024 do Programa Institucional de Pesquisa B\u00e1sica e Aplicada da Unicentro pretende financiar projetos de pesquisa das \u00e1reas de conhecimento Ci\u00eancias Exatas e da Terra; Ci\u00eancias Humanas; Ci\u00eancias Agr\u00e1rias; Ci\u00eancias Biol\u00f3gicas; [&hellip;]<\/p>\n","protected":false},"author":3,"featured_media":0,"parent":4074,"menu_order":0,"comment_status":"closed","ping_status":"closed","template":"","meta":{"_exactmetrics_skip_tracking":false,"_exactmetrics_sitenote_active":false,"_exactmetrics_sitenote_note":"","_exactmetrics_sitenote_category":0,"footnotes":"","_links_to":"","_links_to_target":""},"class_list":["post-4161","page","type-page","status-publish","hentry"],"publishpress_future_action":{"enabled":false,"date":"2026-04-29 06:31:41","action":"change-status","newStatus":"draft","terms":[],"taxonomy":"","extraData":[]},"publishpress_future_workflow_manual_trigger":{"enabledWorkflows":[]},"_links":{"self":[{"href":"https:\/\/www3.unicentro.br\/propesp\/wp-json\/wp\/v2\/pages\/4161","targetHints":{"allow":["GET"]}}],"collection":[{"href":"https:\/\/www3.unicentro.br\/propesp\/wp-json\/wp\/v2\/pages"}],"about":[{"href":"https:\/\/www3.unicentro.br\/propesp\/wp-json\/wp\/v2\/types\/page"}],"author":[{"embeddable":true,"href":"https:\/\/www3.unicentro.br\/propesp\/wp-json\/wp\/v2\/users\/3"}],"replies":[{"embeddable":true,"href":"https:\/\/www3.unicentro.br\/propesp\/wp-json\/wp\/v2\/comments?post=4161"}],"version-history":[{"count":3,"href":"https:\/\/www3.unicentro.br\/propesp\/wp-json\/wp\/v2\/pages\/4161\/revisions"}],"predecessor-version":[{"id":4852,"href":"https:\/\/www3.unicentro.br\/propesp\/wp-json\/wp\/v2\/pages\/4161\/revisions\/4852"}],"up":[{"embeddable":true,"href":"https:\/\/www3.unicentro.br\/propesp\/wp-json\/wp\/v2\/pages\/4074"}],"wp:attachment":[{"href":"https:\/\/www3.unicentro.br\/propesp\/wp-json\/wp\/v2\/media?parent=4161"}],"curies":[{"name":"wp","href":"https:\/\/api.w.org\/{rel}","templated":true}]}}