{"id":4105,"date":"2024-10-25T16:44:03","date_gmt":"2024-10-25T19:44:03","guid":{"rendered":"https:\/\/www3.unicentro.br\/propesp\/?page_id=4105"},"modified":"2024-12-05T13:08:57","modified_gmt":"2024-12-05T16:08:57","slug":"pdse-2025","status":"publish","type":"page","link":"https:\/\/www3.unicentro.br\/propesp\/pos-graduacao\/stricto-sensu\/pdse-2025\/","title":{"rendered":"PDSE 2025"},"content":{"rendered":"<div class=\"wpb-content-wrapper\"><p>[vc_row][vc_column][vc_column_text css=&#8221;&#8221;]<strong>PDSE 2025<\/strong><\/p>\n<ul>\n<li><strong>Processo Seletivo da CAPES:<\/strong>\n<ul>\n<li><strong><a href=\"https:\/\/www.gov.br\/capes\/pt-br\/centrais-de-conteudo\/editais\/08102024_Edital_2474014_SEI_2472849_Edital_26_2024.pdf\" target=\"_blank\" rel=\"noopener\">Edital n\u00ba 26\/2024-PDSE\/CAPES<\/a><\/strong>\n<ul>\n<li><strong><a href=\"https:\/\/www.gov.br\/capes\/pt-br\/centrais-de-conteudo\/editais\/14102024_Edital_2477735_SEI_2477608_Edital_N__26_2024.pdf\" target=\"_blank\" rel=\"noopener\">Retifica\u00e7\u00e3o do Edital n\u00ba 26\/2024-PDSE\/CAPES<\/a><\/strong><\/li>\n<\/ul>\n<\/li>\n<\/ul>\n<\/li>\n<\/ul>\n<hr \/>\n<ul>\n<li><strong>Processo Seletivo Interno da Unicentro:<\/strong><\/li>\n<\/ul>\n<p>[\/vc_column_text][\/vc_column][\/vc_row][vc_row][vc_column][vc_tta_tabs style=&#8221;flat&#8221; shape=&#8221;square&#8221; active_section=&#8221;1&#8243;][vc_tta_section title=&#8221;PDSE\/Capes&#8221; tab_id=&#8221;1615582047628-430c66c5-d3d9&#8243;]<aside class=\"ul-custom-css-inline\">\t\t\t\t\t\t\t\t\t\t\r\n\t\t\t\t\t\t\t\t\t\t<link rel=\"stylesheet\" id=\"ul-google-fonts-css\" href=\"https:\/\/fonts.googleapis.com\/css?family=Open+Sans%7COpen+Sans%7COpen+Sans%7COpen+Sans%7COpen+Sans%7COpen+Sans\" type=\"text\/css\" media=\"all\" \/><style type=\"text\/css\">#ul11674.ultimate-layouts-container h3.ultimate-layouts-title, \r\n\t\t\t\t\t\t\t\t\t#ul11674.ultimate-layouts-container h3.ultimate-layouts-title a{font-family:\"Open Sans\" !important;font-size:13px !important;}.ul_quickview_p_ul11674.ul-quick-view-style h3.ultimate-layouts-title,\r\n\t\t\t\t\t\t\t\t\t\t.ul_quickview_p_ul11674.ul-quick-view-style h3.ultimate-layouts-title a{font-family:\"Open Sans\" !important;}#ul11674.ultimate-layouts-container .ul-cb-style-listing h3.ultimate-layouts-title, \r\n\t\t\t\t\t\t\t\t\t\t#ul11674.ultimate-layouts-container .ul-cb-style-listing h3.ultimate-layouts-title a{\r\n\t\t\t\t\t\t\t\t\t\t\tfont-size:calc(13px * 0.78) !important;\r\n\t\t\t\t\t\t\t\t\t\t\tfont-size:-webkit-calc(13px * 0.78) !important;\r\n\t\t\t\t\t\t\t\t\t\t\tfont-size:-moz-calc(13px * 0.78) !important;\r\n\t\t\t\t\t\t\t\t\t\t\tfont-size:-ms-calc(13px * 0.78) !important;\r\n\t\t\t\t\t\t\t\t\t\t\tfont-size:-o-calc(13px * 0.78) !important;\r\n\t\t\t\t\t\t\t\t\t\t}#ul11674.ultimate-layouts-container .ultimate-layouts-excerpt,#ul11674.ultimate-layouts-container .ultimate-layouts-excerpt p,\r\n\t\t\t\t\t\t\t\t\t.ul_quickview_p_ul11674.ul-quick-view-style .ul-quick-view-content .ul-quick-view-body .ul-single-post-content,\r\n\t\t\t\t\t\t\t\t\t.ul_quickview_p_ul11674.ul-quick-view-style .ul-quick-view-content .ul-quick-view-body .ul-single-post-content p{font-family:\"Open Sans\" !important;font-size:14px !important;}#ul11674.ultimate-layouts-container .ultimate-layouts-metas>.ultimate-layouts-metas-wrap>*, \r\n\t\t\t\t\t\t\t\t\t#ul11674.ultimate-layouts-container .ultimate-layouts-metas-st2>.ultimate-layouts-metas-wrap>*,\r\n\t\t\t\t\t\t\t\t\t#ul11674.ultimate-layouts-container .ultimate-layouts-metas a, \r\n\t\t\t\t\t\t\t\t\t#ul11674.ultimate-layouts-container .ultimate-layouts-metas-st2 a,\r\n\t\t\t\t\t\t\t\t\t#ul11674.ultimate-layouts-container .ultimate-layouts-categories>a,\r\n\t\t\t\t\t\t\t\t\t#ul11674.ultimate-layouts-container .ultimate-layouts-metas>.ultimate-layouts-metas-wrap>* .ldc-ul_cont span, \r\n\t\t\t\t\t\t\t\t\t#ul11674.ultimate-layouts-container .ultimate-layouts-metas-st2>.ultimate-layouts-metas-wrap>* .ldc-ul_cont span,\r\n\t\t\t\t\t\t\t\t\t.ul_quickview_p_ul11674.ul-quick-view-style .ultimate-layouts-metas>.ultimate-layouts-metas-wrap>*,\r\n\t\t\t\t\t\t\t\t\t.ul_quickview_p_ul11674.ul-quick-view-style .ultimate-layouts-metas a,\r\n\t\t\t\t\t\t\t\t\t.ul_quickview_p_ul11674.ul-quick-view-style .ultimate-layouts-categories>a,\r\n\t\t\t\t\t\t\t\t\t.ul_quickview_p_ul11674.ul-quick-view-style .ultimate-layouts-metas>.ultimate-layouts-metas-wrap>* .ldc-ul_cont span,\r\n\t\t\t\t\t\t\t\t\t.ul_quickview_p_ul11674.ul-quick-view-style .ultimate-layouts-metas-st2>.ultimate-layouts-metas-wrap>* .ldc-ul_cont span{font-family:\"Open Sans\" !important;font-size:10px !important;}#ul11674.ultimate-layouts-container .ultimate-layouts-metas-st2>.ultimate-layouts-metas-wrap>* i.fa,\r\n\t\t\t\t\t\t\t\t\t\t#ul11674.ultimate-layouts-container .ultimate-layouts-metas>.ultimate-layouts-metas-wrap>* .ldc-ul_cont span:before, \r\n\t\t\t\t\t\t\t\t\t\t#ul11674.ultimate-layouts-container .ultimate-layouts-metas-st2>.ultimate-layouts-metas-wrap>* .ldc-ul_cont span:before,\r\n\t\t\t\t\t\t\t\t\t\t.ul_quickview_p_ul11674.ul-quick-view-style .ultimate-layouts-metas-st2>.ultimate-layouts-metas-wrap>* i.fa,\r\n\t\t\t\t\t\t\t\t\t\t.ul_quickview_p_ul11674.ul-quick-view-style .ultimate-layouts-metas>.ultimate-layouts-metas-wrap>* .ldc-ul_cont span:before,\r\n\t\t\t\t\t\t\t\t\t\t.ul_quickview_p_ul11674.ul-quick-view-style .ultimate-layouts-metas-st2>.ultimate-layouts-metas-wrap>* .ldc-ul_cont span:before{\r\n\t\t\t\t\t\t\t\t\t\t\tfont-size:10px !important;\r\n\t\t\t\t\t\t\t\t\t\t}#ul11674.ultimate-layouts-container .ultimate-layouts-filter-container .ultimate-layouts-sc-filter-container .ultimate-layouts-filter-item{font-family:\"Open Sans\" !important;}#ul11674.ultimate-layouts-container .ultimate-layouts-filter-container .ul-smart-tab-filter .ul-smart-tab-title-wrap .ul-smart-tab-title{font-family:\"Open Sans\" !important;}#ul11674.ultimate-layouts-container .ul-pagination-wrap .ul-loadmore-style,\r\n\t\t\t\t\t\t\t\t\t\t#ul11674.ultimate-layouts-container .ul-pagination-wrap .ul-page-numbers .paginationjs .paginationjs-pages ul li>a {font-family:\"Open Sans\" !important;}<\/style><style type=\"text\/css\">#ul11674.ultimate-layouts-container .ultimate-layouts-metas > .ultimate-layouts-metas-wrap > *,#ul11674.ultimate-layouts-container .ultimate-layouts-metas > .ultimate-layouts-metas-wrap > * .kodex_like_button,#ul11674.ultimate-layouts-container .ultimate-layouts-metas a:not(:hover){color:#707070 !important;}#ul11674.ultimate-layouts-container .ultimate-layouts-metas .ultimate-layouts-social-share .ultimate-layouts-share-item a{color:#FFF !important;}#ul11674.ultimate-layouts-container .ultimate-layouts-excerpt,#ul11674.ultimate-layouts-container .ultimate-layouts-excerpt p,#ul11674.ultimate-layouts-container{color:#707070 !important;}#ul11674.ultimate-layouts-container .ultimate-layouts-item .ultimate-layouts-entry-wrapper{background-color:#e5e5e5 !important;}#ul11674.ultimate-layouts-container .ultimate-layouts-listing-wrap .ultimate-layouts-filter-overlay{background-color:rgba(46,135,17,0.09) !important;}#ul11674.ultimate-layouts-container .ultimate-layouts-filter-container .ul-s-dropdown-filter .ultimate-layouts-sc-filter-container .filter-dropdown-wrapper:not(.active-dropdown) .ul-default-dd-filter\r\n\t\t\t\t\t\t\t{background-color:#930e0e !important;}#ul11674.ultimate-layouts-container .ultimate-layouts-filter-container .ultimate-layouts-sc-filter-container:not([data-display-type=\"1\"]) .ul-filter-action:not(.active-elm):hover,#ul11674.ultimate-layouts-container .ultimate-layouts-filter-container .ul-smart-tab-filter .ul-filter-elements-wrap .ul-filter-action.active-elm\r\n\t\t\t\t\t\t\t{color:#930e0e !important;}#ul11674.ultimate-layouts-container .ultimate-layouts-filter-container .ultimate-layouts-sc-filter-container[data-display-type=\"2\"] .nav__dropdown .ul-filter-action:not(.active-elm):hover,#ul11674.ultimate-layouts-container .ultimate-layouts-filter-container .ul-smart-tab-filter .ul-filter-elements-wrap .nav__dropdown .ul-filter-action.active-elm\r\n\t\t\t\t\t\t\t{color:#FFFFFF !important;}#ul11674.ultimate-layouts-container .ultimate-layouts-filter-container .ul-smart-tab-filter{border-bottom-color:#8c1e0e !important;}#ul11674.ultimate-layouts-container .ultimate-layouts-filter-container .ul-smart-tab-filter .ul-smart-tab-title-wrap .ul-smart-tab-title{background-color:#8c1e0e !important;}<\/style>\r\n\t\t\t\t\t\t\t\t\t\t<h6>h6<\/h6>\r\n\t\t\t\t\t\t\t\t\t<\/aside><script>if(typeof(ultimate_layouts_ajax_url)==\"undefined\"){var ultimate_layouts_ajax_url=[]};ultimate_layouts_ajax_url[\"ul11674\"]=\"https:\/\/www3.unicentro.br\/propesp\/wp-admin\/admin-ajax.php\";if(typeof(ultimate_layouts_query_params)==\"undefined\"){var ultimate_layouts_query_params=[]};ultimate_layouts_query_params[\"ul11674\"]={\"post_types\":\"post\",\"i_attachment\":\"\",\"taxonomies\":\"category\",\"multi_post_types\":\"\",\"multi_taxonomies\":\"\",\"query_types\":\"0\",\"i_taxonomies\":\"110\",\"e_taxonomies\":\"\",\"i_ids\":\"\",\"cq_operator\":\"0\",\"e_ids\":\"\",\"query_author\":\"\",\"query_offset\":\"\",\"query_include_children\":\"0\",\"today_post\":\"0\",\"datetime_meta\":\"\",\"woo_query\":\"0\",\"post_count\":\"-1\",\"posts_per_page\":\"5\",\"d_i_filter\":\"\"};if(typeof(ultimate_layouts_filter)==\"undefined\"){var ultimate_layouts_filter=[]};ultimate_layouts_filter[\"ul11674\"]=\"\";if(typeof(ultimate_layouts_order)==\"undefined\"){var ultimate_layouts_order=[]};ultimate_layouts_order[\"ul11674\"]=\"DESC\";if(typeof(ultimate_layouts_orderby)==\"undefined\"){var ultimate_layouts_orderby=[]};ultimate_layouts_orderby[\"ul11674\"]=\"date\";if(typeof(ultimate_layouts_sub_opt_query)==\"undefined\"){var ultimate_layouts_sub_opt_query=[]};ultimate_layouts_sub_opt_query[\"ul11674\"]={\"meta_key_query\":\"\",\"paged\":1,\"first_query\":\"on\",\"total_pages\":3,\"items_last_page\":1};if(typeof(ultimate_layouts_options)==\"undefined\"){var ultimate_layouts_options=[]};ultimate_layouts_options[\"ul11674\"]={\"layout_style\":\"4\",\"button_gallery_name\":\"Gallery\",\"grid_style\":\"0\",\"list_style\":\"3\",\"carousel_t_style\":\"0\",\"carousel_f_style\":\"0\",\"creative_style\":\"0\",\"timeline_style\":\"0\",\"block_content_style\":\"0\",\"sync_slider_style\":\"0\",\"grid_masonry\":\"0\",\"show_arrows\":\"1\",\"arrows_outside\":\"0\",\"show_dots\":\"1\",\"infinite\":\"1\",\"autoplay\":\"1\",\"autoplayspeed\":5000,\"scrollperpage\":\"1\",\"speed\":500,\"centermode\":\"0\",\"sync_slider_height_d\":\"\",\"sync_slider_height_t\":\"\",\"sync_slider_height_m\":\"\",\"sync_slider_width_d\":\"\",\"sync_slider_width_t\":\"\",\"sync_slider_width_m\":\"\",\"show_elements\":\"0\",\"av_content\":\"0\",\"cc_mobile\":\"0\",\"cc_portrait_tablet\":\"0\",\"cc_landscape_tablet\":\"0\",\"cc_small_desktop\":\"0\",\"cc_medium_desktop\":\"0\",\"cc_large_desktop\":\"0\",\"cc_extra_large_desktop\":\"0\",\"image_size\":\"thumbnail\",\"image_size_s\":\"thumbnail\",\"s_image\":\"0\",\"s_image_link\":\"1\",\"s_image_link_target\":\"0\",\"s_icon_lightbox_video\":\"0\",\"video_url_meta\":\"0\",\"video_url_meta_key\":\"\",\"s_icon_lightbox_image\":\"1\",\"s_icon_link\":\"1\",\"s_icon_link_target\":\"0\",\"s_image_hover_effect\":\"0\",\"s_overlay_hover_effect\":\"\",\"s_overlay_settings\":\"0\",\"s_overlay_color\":\"\",\"s_image_post_format\":\"0\",\"s_image_post_format_pos\":\"ul-bottom-right\",\"s_image_avatar\":\"0\",\"s_title\":\"1\",\"s_title_limit\":\"0\",\"s_title_link\":\"1\",\"s_title_link_target\":\"0\",\"s_excerpt\":\"0\",\"s_excerpt_rbtn\":\"0\",\"s_excerpt_f\":\"get_the_excerpt\",\"s_excerpt_sc\":\"1\",\"s_excerpt_sh\":\"1\",\"s_excerpt_length\":0,\"s_categories\":\"1\",\"s_s_categories\":\"0\",\"s_s_categories_parent\":\"0\",\"ex_items_taxonomies\":\"\",\"s_c_categories\":\"0\",\"s_ct_categories\":\"\",\"s_cb_categories\":\"\",\"s_categories_target\":\"0\",\"s_metas_o\":\"0\",\"s_metas_o_author\":\"1\",\"s_metas_o_author_avatar\":\"0\",\"s_metas_o_time\":\"1\",\"time_format\":\"F j, Y\",\"s_metas_o_comment\":\"1\",\"s_metas_o_like\":\"0\",\"s_metas_o_share\":\"0\",\"custom_meta_o\":\"\",\"s_metas_t\":\"0\",\"s_metas_t_author\":\"0\",\"s_metas_t_author_avatar\":\"0\",\"s_metas_t_time\":\"0\",\"time_format_t\":\"F j, Y\",\"s_metas_t_comment\":\"0\",\"s_metas_t_like\":\"1\",\"s_metas_t_share\":\"1\",\"custom_meta_t\":\"\",\"s_metas_t_readmore\":\"1\",\"s_metas_t_readmore_link_target\":\"0\",\"share_text\":\"Compartilhar\",\"read_more_text\":\"\",\"before_author_text\":\"\",\"pagination\":\"1\",\"loadmore_text\":\"\",\"prev_text\":\"\",\"next_text\":\"\",\"animate\":\"default\",\"lazyload\":\"1\",\"lazyload_p\":\"\",\"geodirectory_rating\":\"0\",\"quick_view\":\"1\",\"quick_view_mode\":\"0\",\"extra_class\":\"\",\"rnd_id\":\"ul11674\",\"s_title_small\":\"1\",\"s_title_limit_small\":\"0\",\"s_title_link_small\":\"1\",\"s_title_link_target_small\":\"0\",\"s_categories_small\":\"1\",\"s_s_categories_small\":\"0\",\"s_s_categories_parent_small\":\"0\",\"ex_items_taxonomies_small\":\"\",\"s_c_categories_small\":\"0\",\"s_ct_categories_small\":\"\",\"s_cb_categories_small\":\"\",\"s_categories_target_small\":\"0\",\"s_metas_o_small\":\"1\",\"s_metas_o_author_small\":\"1\",\"s_metas_o_author_avatar_small\":\"0\",\"s_metas_o_time_small\":\"1\",\"time_format_small\":\"F j, Y\",\"s_metas_o_comment_small\":\"1\",\"s_metas_o_like_small\":\"0\",\"s_metas_o_share_small\":\"0\",\"custom_meta_o_small\":\"\",\"woo_show_price\":\"0\",\"woo_show_rating\":\"0\",\"woo_show_cart\":\"0\",\"qv_s_title\":\"1\",\"qv_s_categories\":\"0\",\"qv_s_s_categories\":\"0\",\"qv_s_s_categories_parent\":\"0\",\"qv_ex_items_taxonomies\":\"\",\"qv_s_c_categories\":\"0\",\"qv_s_ct_categories\":\"\",\"qv_s_cb_categories\":\"\",\"qv_s_categories_target\":\"0\",\"qv_s_metas_o\":\"1\",\"qv_s_metas_o_author\":\"0\",\"qv_s_metas_o_author_avatar\":\"0\",\"qv_s_metas_o_time\":\"0\",\"qv_time_format\":\"F j, Y\",\"qv_s_metas_o_comment\":\"0\",\"qv_s_metas_o_like\":\"0\",\"qv_custom_meta_o\":\"\",\"qv_show_content\":\"0\",\"qv_content_stripsc\":\"0\",\"qv_show_share\":\"1\",\"qv_woo_show_rating\":\"0\",\"qv_s_featured_image\":\"0\",\"goo_ads_client\":\"\",\"goo_ads_id\":\"\",\"goo_ads_offset\":\"1\",\"css_class\":\" vc_custom_1729528458152\"};<\/script><div id=\"ul11674\" class=\"ultimate-layouts-container ul-filter-gridlist-normal ultimate-layouts-wrapper-control   vc_custom_1729528458152\"><div class=\"ultimate-layouts-filter-container\" data-query-type=\"1\">\r\n\t\t\t\t\t\t\t\t\t\t\t\t\t\t<div class=\"ul-s-dropdown-filter\">\t\t\t\t\t\t\t\t\t\t\t\t\t\t\t\t\t\t\t\t\t\t\t\t\t\t\r\n\t\t\t\t\t\t\t\t\t\t\t\t\t\t\t<div class=\"ul-filter-elements-wrap\">\t\t\t\t\t\t\t\t\t\t\t\t\t\t\r\n\t\t\t\t\t\t\t\t\t\t\t\t                      <div class=\"ultimate-layouts-sc-filter-container \" data-display-type=\"1\" data-query-type=\"1\" data-query-operator=\"1\" data-query-relation=\"1\" data-query-child-tax=\"0\" data-secondary-cat=\"\" data-hash-filters=\"1\">\r\n                    \t                    <\/div>\r\n                    \r\n\t\t\t\t\t\t\t\t\t\t\t\t  \t\t\t<\/div>\r\n\t\t\t\t\t\t\t\t\t\t\t\t\t\t<\/div>\t\r\n\t\t\t\t\t\t\t\t\t\t\t\t  <\/div>\r\n\t\t\t\t\t\t\t\t\t\t\t\t  <div class=\"\r\n\t\t\t\t\t\t\t\t\t\t\t\tultimate-layouts-listing-wrap \r\n\t\t\t\t\t\t\t\t\t\t\t\tultimate-layouts-listing-list-4\r\n\t\t\t\t\t\t\t\t\t\t\t\t\r\n\t\t\t\t\t\t\t\t\t\t\t\tultimate-layouts-effect-icon\r\n\t\t\t\t\t\t\t\t\t\t\t\"><!--post item--> \r\n<article class=\"ultimate-layouts-item hentry\">\r\n    <!--entry content-->\r\n    <div class=\"ultimate-layouts-entry-wrapper entry-content\">    \r\n        <!--picture-->\r\n                <!--picture-->        \r\n        <!--content-->\r\n        <div class=\"ultimate-layouts-content entry\">            \r\n            <div class=\"ultimate-layouts-categories \"><a href=\"https:\/\/www3.unicentro.br\/propesp\/category\/editais\/stricto-sensu\/pdse-capes-2025\/\" title=\"PDSE\/Capes 2025\"   class=\"ul-taxonomy category pdse-capes-2025\">PDSE\/Capes 2025<\/a><\/div>            \r\n            <h3 class=\"ultimate-layouts-title font-size-24 entry-title  \"><a  data-post-id=\"4630\" href=\"https:\/\/www3.unicentro.br\/propesp\/wp-content\/uploads\/sites\/99\/2025\/01\/Edital_06_2025_PROPESP_Resultado_Final_PDSE_2025_679b900bf196c.pdf\" title=\"Edital n\u00ba 06\/2025-PROPESP\/UNICENTRO: resultado final do processo seletivo interno no \u00e2mbito do Programa Institucional de Doutorado Sandu\u00edche no Exterior, PDSE, 2025, da Coordena\u00e7\u00e3o de Aperfei\u00e7oamento de Pessoal de N\u00edvel Superior, CAPES\"   class=\"ultimate-layouts-title-link\">Edital n\u00ba 06\/2025-PROPESP\/UNICENTRO: resultado final do processo seletivo interno no \u00e2mbito do Programa Institucional de Doutorado Sandu\u00edche no Exterior, PDSE, 2025, da Coordena\u00e7\u00e3o de Aperfei\u00e7oamento de Pessoal de N\u00edvel Superior, CAPES<\/a><\/h3>            \r\n                                     \r\n                                                                \r\n                        \r\n        <\/div><!--content-->               \r\n    <\/div><!--entry content-->            \r\n<\/article><!--post item--><!--post item--> \r\n<article class=\"ultimate-layouts-item hentry\">\r\n    <!--entry content-->\r\n    <div class=\"ultimate-layouts-entry-wrapper entry-content\">    \r\n        <!--picture-->\r\n                <!--picture-->        \r\n        <!--content-->\r\n        <div class=\"ultimate-layouts-content entry\">            \r\n            <div class=\"ultimate-layouts-categories \"><a href=\"https:\/\/www3.unicentro.br\/propesp\/category\/editais\/stricto-sensu\/pdse-capes-2025\/\" title=\"PDSE\/Capes 2025\"   class=\"ul-taxonomy category pdse-capes-2025\">PDSE\/Capes 2025<\/a><\/div>            \r\n            <h3 class=\"ultimate-layouts-title font-size-24 entry-title  \"><a  data-post-id=\"4622\" href=\"https:\/\/www3.unicentro.br\/propesp\/wp-content\/uploads\/sites\/99\/2025\/01\/Edital_05_2025_PROPESP_Resultado_Preliminar_PPGBE_PDSE_2025_679792c526f9a.pdf\" title=\"EDITAL N\u00ba 05\/2025-PROPESP\/UNICENTRO &#8211; DIVULGA\u00c7\u00c3O DO RESULTADO PRELIMINAR DO PROCESSO SELETIVO INTERNO DO PROGRAMA DE P\u00d3S-GRADUA\u00c7\u00c3O EM BIOLOGIA EVOLUTIVA (PPGBE) NO \u00c2MBITO DO PROGRAMA INSTITUCIONAL DE DOUTORADO-SANDU\u00cdCHE NO EXTERIOR (PDSE) DA COORDENA\u00c7\u00c3O DE APERFEI\u00c7OAMENTO DE PESSOAL DE N\u00cdVEL SUPERIOR (CAPES)\"   class=\"ultimate-layouts-title-link\">EDITAL N\u00ba 05\/2025-PROPESP\/UNICENTRO &#8211; DIVULGA\u00c7\u00c3O DO RESULTADO PRELIMINAR DO PROCESSO SELETIVO INTERNO DO PROGRAMA DE P\u00d3S-GRADUA\u00c7\u00c3O EM BIOLOGIA EVOLUTIVA (PPGBE) NO \u00c2MBITO DO PROGRAMA INSTITUCIONAL DE DOUTORADO-SANDU\u00cdCHE NO EXTERIOR (PDSE) DA COORDENA\u00c7\u00c3O DE APERFEI\u00c7OAMENTO DE PESSOAL DE N\u00cdVEL SUPERIOR (CAPES)<\/a><\/h3>            \r\n                                     \r\n                                                                \r\n                        \r\n        <\/div><!--content-->               \r\n    <\/div><!--entry content-->            \r\n<\/article><!--post item--><!--post item--> \r\n<article class=\"ultimate-layouts-item hentry\">\r\n    <!--entry content-->\r\n    <div class=\"ultimate-layouts-entry-wrapper entry-content\">    \r\n        <!--picture-->\r\n                <!--picture-->        \r\n        <!--content-->\r\n        <div class=\"ultimate-layouts-content entry\">            \r\n            <div class=\"ultimate-layouts-categories \"><a href=\"https:\/\/www3.unicentro.br\/propesp\/category\/editais\/stricto-sensu\/pdse-capes-2025\/\" title=\"PDSE\/Capes 2025\"   class=\"ul-taxonomy category pdse-capes-2025\">PDSE\/Capes 2025<\/a><\/div>            \r\n            <h3 class=\"ultimate-layouts-title font-size-24 entry-title  \"><a  data-post-id=\"4597\" href=\"https:\/\/www3.unicentro.br\/propesp\/wp-content\/uploads\/sites\/99\/2025\/01\/Edital_03_2025_PROPESP_Bancas_e_Convoca_o_PPGBE_PDSE_2025_678a84c0581a8.pdf\" title=\"EDITAL N\u00ba 03\/2025-PROPESP\/UNICENTRO &#8211; DIVULGA\u00c7\u00c3O DA BANCA AVALIADORA DO PROGRAMA DE P\u00d3S-GRADUA\u00c7\u00c3O EM BIOLOGIA EVOLUTIVA (PPGBE) PARA O PROCESSO SELETIVO INTERNO NO \u00c2MBITO DO PROGRAMA INSTITUCIONAL DE DOUTORADO SANDU\u00cdCHE NO EXTERIOR (PDSE) DA CAPES\"   class=\"ultimate-layouts-title-link\">EDITAL N\u00ba 03\/2025-PROPESP\/UNICENTRO &#8211; DIVULGA\u00c7\u00c3O DA BANCA AVALIADORA DO PROGRAMA DE P\u00d3S-GRADUA\u00c7\u00c3O EM BIOLOGIA EVOLUTIVA (PPGBE) PARA O PROCESSO SELETIVO INTERNO NO \u00c2MBITO DO PROGRAMA INSTITUCIONAL DE DOUTORADO SANDU\u00cdCHE NO EXTERIOR (PDSE) DA CAPES<\/a><\/h3>            \r\n                                     \r\n                                                                \r\n                        \r\n        <\/div><!--content-->               \r\n    <\/div><!--entry content-->            \r\n<\/article><!--post item--><!--post item--> \r\n<article class=\"ultimate-layouts-item hentry\">\r\n    <!--entry content-->\r\n    <div class=\"ultimate-layouts-entry-wrapper entry-content\">    \r\n        <!--picture-->\r\n                <!--picture-->        \r\n        <!--content-->\r\n        <div class=\"ultimate-layouts-content entry\">            \r\n            <div class=\"ultimate-layouts-categories \"><a href=\"https:\/\/www3.unicentro.br\/propesp\/category\/editais\/stricto-sensu\/pdse-capes-2025\/\" title=\"PDSE\/Capes 2025\"   class=\"ul-taxonomy category pdse-capes-2025\">PDSE\/Capes 2025<\/a><\/div>            \r\n            <h3 class=\"ultimate-layouts-title font-size-24 entry-title  \"><a  data-post-id=\"4582\" href=\"https:\/\/www3.unicentro.br\/propesp\/wp-content\/uploads\/sites\/99\/2025\/01\/Edital_01_2025_PROPESP_Homologa_o_Inscri_es_PDSE_2025_67863e3ce5502.pdf\" title=\"EDITAL N\u00ba 01\/2025-PROPESP\/UNICENTRO &#8211; HOMOLOGA\u00c7\u00c3O DE INSCRI\u00c7\u00d5ES DE DISCENTES DE DOUTORADO DO PROGRAMA DE P\u00d3SGRADUA\u00c7\u00c3O EM BIOLOGIA EVOLUTIVA (PPGBE) NO PROCESSO SELETIVO INTERNO NO \u00c2MBITO DO PROGRAMA INSTITUCIONAL DE DOUTORADO-SANDU\u00cdCHE NO EXTERIOR (PDSE) DA COORDENA\u00c7\u00c3O DE APERFEI\u00c7OAMENTO DE PESSOAL DE N\u00cdVEL SUPERIOR (CAPES)\"   class=\"ultimate-layouts-title-link\">EDITAL N\u00ba 01\/2025-PROPESP\/UNICENTRO &#8211; HOMOLOGA\u00c7\u00c3O DE INSCRI\u00c7\u00d5ES DE DISCENTES DE DOUTORADO DO PROGRAMA DE P\u00d3SGRADUA\u00c7\u00c3O EM BIOLOGIA EVOLUTIVA (PPGBE) NO PROCESSO SELETIVO INTERNO NO \u00c2MBITO DO PROGRAMA INSTITUCIONAL DE DOUTORADO-SANDU\u00cdCHE NO EXTERIOR (PDSE) DA COORDENA\u00c7\u00c3O DE APERFEI\u00c7OAMENTO DE PESSOAL DE N\u00cdVEL SUPERIOR (CAPES)<\/a><\/h3>            \r\n                                     \r\n                                                                \r\n                        \r\n        <\/div><!--content-->               \r\n    <\/div><!--entry content-->            \r\n<\/article><!--post item--><!--post item--> \r\n<article class=\"ultimate-layouts-item hentry\">\r\n    <!--entry content-->\r\n    <div class=\"ultimate-layouts-entry-wrapper entry-content\">    \r\n        <!--picture-->\r\n                <!--picture-->        \r\n        <!--content-->\r\n        <div class=\"ultimate-layouts-content entry\">            \r\n            <div class=\"ultimate-layouts-categories \"><a href=\"https:\/\/www3.unicentro.br\/propesp\/category\/editais\/stricto-sensu\/pdse-capes-2025\/\" title=\"PDSE\/Capes 2025\"   class=\"ul-taxonomy category pdse-capes-2025\">PDSE\/Capes 2025<\/a><\/div>            \r\n            <h3 class=\"ultimate-layouts-title font-size-24 entry-title  \"><a  data-post-id=\"4550\" href=\"https:\/\/www3.unicentro.br\/propesp\/wp-content\/uploads\/sites\/99\/2024\/12\/Edital_52_2024_PROPESP_Recursos_ResultadoPreliminar_PDSE2025_6763183f4dfdd.pdf\" title=\"Edital n\u00ba 52\/2024-PROPESP\/UNICENTRO: Recursos interpostos em rela\u00e7\u00e3o ao resultado preliminar do Processo Seletivo Interno no \u00e2mbito do Programa Institucional de Doutorado Sandu\u00edche no Exterior, PDSE, 2025, da Coordena\u00e7\u00e3o de Aperfei\u00e7oamento de Pessoal de N\u00edvel Superior, CAPES\"   class=\"ultimate-layouts-title-link\">Edital n\u00ba 52\/2024-PROPESP\/UNICENTRO: Recursos interpostos em rela\u00e7\u00e3o ao resultado preliminar do Processo Seletivo Interno no \u00e2mbito do Programa Institucional de Doutorado Sandu\u00edche no Exterior, PDSE, 2025, da Coordena\u00e7\u00e3o de Aperfei\u00e7oamento de Pessoal de N\u00edvel Superior, CAPES<\/a><\/h3>            \r\n                                     \r\n                                                                \r\n                        \r\n        <\/div><!--content-->               \r\n    <\/div><!--entry content-->            \r\n<\/article><!--post item--><\/div><div class=\"ul-pagination-wrap\">\r\n\t\t\t\t\t\t\t\t\t\t\t\t<div class=\"ul-page-numbers\">\r\n\t\t\t\t\t\t\t\t\t\t\t\t<\/div>\r\n\t\t\t\t\t\t\t\t\t\t\t<\/div><\/div>[\/vc_tta_section][\/vc_tta_tabs][\/vc_column][\/vc_row][vc_column][\/vc_column]<\/p>\n<\/div>","protected":false},"excerpt":{"rendered":"<p>[vc_row][vc_column][vc_column_text css=&#8221;&#8221;]PDSE 2025 Processo Seletivo da CAPES: Edital n\u00ba 26\/2024-PDSE\/CAPES Retifica\u00e7\u00e3o do Edital n\u00ba 26\/2024-PDSE\/CAPES Processo Seletivo Interno da Unicentro: [\/vc_column_text][\/vc_column][\/vc_row][vc_row][vc_column][vc_tta_tabs style=&#8221;flat&#8221; shape=&#8221;square&#8221; active_section=&#8221;1&#8243;][vc_tta_section title=&#8221;PDSE\/Capes&#8221; tab_id=&#8221;1615582047628-430c66c5-d3d9&#8243;][\/vc_tta_section][\/vc_tta_tabs][\/vc_column][\/vc_row][vc_column][\/vc_column]<\/p>\n","protected":false},"author":6,"featured_media":0,"parent":125,"menu_order":0,"comment_status":"closed","ping_status":"closed","template":"","meta":{"_exactmetrics_skip_tracking":false,"_exactmetrics_sitenote_active":false,"_exactmetrics_sitenote_note":"","_exactmetrics_sitenote_category":0,"footnotes":"","_links_to":"","_links_to_target":""},"class_list":["post-4105","page","type-page","status-publish","hentry"],"publishpress_future_action":{"enabled":false,"date":"2026-04-26 00:24:43","action":"change-status","newStatus":"draft","terms":[],"taxonomy":"","extraData":[]},"publishpress_future_workflow_manual_trigger":{"enabledWorkflows":[]},"_links":{"self":[{"href":"https:\/\/www3.unicentro.br\/propesp\/wp-json\/wp\/v2\/pages\/4105","targetHints":{"allow":["GET"]}}],"collection":[{"href":"https:\/\/www3.unicentro.br\/propesp\/wp-json\/wp\/v2\/pages"}],"about":[{"href":"https:\/\/www3.unicentro.br\/propesp\/wp-json\/wp\/v2\/types\/page"}],"author":[{"embeddable":true,"href":"https:\/\/www3.unicentro.br\/propesp\/wp-json\/wp\/v2\/users\/6"}],"replies":[{"embeddable":true,"href":"https:\/\/www3.unicentro.br\/propesp\/wp-json\/wp\/v2\/comments?post=4105"}],"version-history":[{"count":2,"href":"https:\/\/www3.unicentro.br\/propesp\/wp-json\/wp\/v2\/pages\/4105\/revisions"}],"predecessor-version":[{"id":4509,"href":"https:\/\/www3.unicentro.br\/propesp\/wp-json\/wp\/v2\/pages\/4105\/revisions\/4509"}],"up":[{"embeddable":true,"href":"https:\/\/www3.unicentro.br\/propesp\/wp-json\/wp\/v2\/pages\/125"}],"wp:attachment":[{"href":"https:\/\/www3.unicentro.br\/propesp\/wp-json\/wp\/v2\/media?parent=4105"}],"curies":[{"name":"wp","href":"https:\/\/api.w.org\/{rel}","templated":true}]}}