{"id":4094,"date":"2024-10-25T16:31:08","date_gmt":"2024-10-25T19:31:08","guid":{"rendered":"https:\/\/www3.unicentro.br\/propesp\/?page_id=4094"},"modified":"2025-09-10T08:35:20","modified_gmt":"2025-09-10T11:35:20","slug":"pdse","status":"publish","type":"page","link":"https:\/\/www3.unicentro.br\/propesp\/pos-graduacao\/stricto-sensu\/pdse\/","title":{"rendered":"Programa Doutorado-Sandu\u00edche no Exterior (PDSE)"},"content":{"rendered":"<div class=\"wpb-content-wrapper\"><p>[vc_row][vc_column][vc_column_text css=&#8221;&#8221;]<strong>PROGRAMA INSTITUCIONAL DE DOUTORADO SANDU\u00cdCHE NO EXTERIOR (PDSE)<\/strong><\/p>\n<p>O PDSE \u00e9 um Programa da CAPES, que oferece bolsas de est\u00e1gio em pesquisa de doutorado no exterior, alinhadas com o Plano de Internacionaliza\u00e7\u00e3o das Institui\u00e7\u00f5es de Ensino Superior, de forma a complementar os esfor\u00e7os despendidos pelos programas de p\u00f3s-gradua\u00e7\u00e3o stricto sensu brasileiros de excel\u00eancia na forma\u00e7\u00e3o de recursos humanos de alto n\u00edvel para inser\u00e7\u00e3o nos meios acad\u00eamicos, de ensino e de pesquisa no pa\u00eds.<\/p>\n<p>Na modalidade doutorado sandu\u00edche no exterior, os discentes regularmente matriculados em cursos de doutorado no Brasil podem realizar parte do curso em institui\u00e7\u00e3o no exterior, com a obriga\u00e7\u00e3o de retornar ao Brasil ap\u00f3s a finaliza\u00e7\u00e3o da bolsa, para integraliza\u00e7\u00e3o de cr\u00e9ditos e a defesa da tese.<\/p>\n<p>A CAPES \u00e9 respons\u00e1vel pelo apoio financeiro aos bolsistas dos seguintes benef\u00edcios:<\/p>\n<p style=\"padding-left: 40px\">I) Mensalidade;<br \/>\nII) Aux\u00edlio deslocamento;<br \/>\nIII) Aux\u00edlio instala\u00e7\u00e3o;<br \/>\nIV) Aux\u00edlio seguro-sa\u00fade;<br \/>\nV) Adicional localidade, quando for o caso.<\/p>\n<p>A bolsa e seus benef\u00edcios s\u00e3o concedidos nos termos da Portaria CAPES n\u00ba 01, de 03 de janeiro de 2020, do Regulamento para Bolsas no Exterior da CAPES (Portaria CAPES n\u00ba 289, de 28 de dezembro de 2018), da Portaria CAPES n\u00ba 133, de 10 de julho de 2023, da Portaria CAPES n\u00ba 187 de 28 de setembro de 2023, da Portaria CAPES n\u00ba 46, de 5 de fevereiro de 2024 e suas altera\u00e7\u00f5es.<\/p>\n<p>Para mais informa\u00e7\u00f5es sobre o PDSE\/CAPES, <a href=\"https:\/\/www.gov.br\/capes\/pt-br\/acesso-a-informacao\/acoes-e-programas\/bolsas\/bolsas-e-auxilios-internacionais\/encontre-aqui\/paises\/multinacional\/programa-de-doutorado-sanduiche-no-exterior-pdse\"><strong><em>clique aqui<\/em><\/strong><\/a> .<\/p>\n<hr \/>\n<p><strong>PDSE na Unicentro: <\/strong>[\/vc_column_text][\/vc_column][\/vc_row][vc_row][vc_column width=&#8221;1\/2&#8243;][vc_btn title=&#8221;PDSE 2026&#8243; color=&#8221;danger&#8221; align=&#8221;center&#8221; css=&#8221;&#8221; link=&#8221;url:https%3A%2F%2Fwww3.unicentro.br%2Fpropesp%2Fpos-graduacao%2Fstricto-sensu%2Fpdse-2026%2F&#8221;][vc_btn title=&#8221;PDSE 2024&#8243; color=&#8221;danger&#8221; align=&#8221;center&#8221; css=&#8221;&#8221; link=&#8221;url:https%3A%2F%2Fwww3.unicentro.br%2Fpropesp%2Fpos-graduacao%2Fstricto-sensu%2Fpdse-2024%2F&#8221;][vc_btn title=&#8221;PDSE 2022&#8243; color=&#8221;danger&#8221; align=&#8221;center&#8221; css=&#8221;&#8221; link=&#8221;url:https%3A%2F%2Fwww3.unicentro.br%2Fpropesp%2Fpos-graduacao%2Fstricto-sensu%2Fpdse-2022%2F&#8221;][\/vc_column][vc_column width=&#8221;1\/2&#8243;][vc_btn title=&#8221;PDSE 2025&#8243; color=&#8221;danger&#8221; align=&#8221;center&#8221; css=&#8221;&#8221; link=&#8221;url:https%3A%2F%2Fwww3.unicentro.br%2Fpropesp%2Fpos-graduacao%2Fstricto-sensu%2Fpdse-2025%2F&#8221;][vc_btn title=&#8221;PDSE 2023&#8243; color=&#8221;danger&#8221; align=&#8221;center&#8221; css=&#8221;&#8221; link=&#8221;url:https%3A%2F%2Fwww3.unicentro.br%2Fpropesp%2Fpos-graduacao%2Fstricto-sensu%2Fpdse-2023%2F&#8221;][\/vc_column][\/vc_row]<\/p>\n<\/div>","protected":false},"excerpt":{"rendered":"<p>[vc_row][vc_column][vc_column_text css=&#8221;&#8221;]PROGRAMA INSTITUCIONAL DE DOUTORADO SANDU\u00cdCHE NO EXTERIOR (PDSE) O PDSE \u00e9 um Programa da CAPES, que oferece bolsas de est\u00e1gio em pesquisa de doutorado no exterior, alinhadas com o Plano de Internacionaliza\u00e7\u00e3o das Institui\u00e7\u00f5es de Ensino Superior, de forma a complementar os esfor\u00e7os despendidos pelos programas de p\u00f3s-gradua\u00e7\u00e3o stricto sensu brasileiros de excel\u00eancia na [&hellip;]<\/p>\n","protected":false},"author":6,"featured_media":0,"parent":125,"menu_order":0,"comment_status":"closed","ping_status":"closed","template":"","meta":{"_exactmetrics_skip_tracking":false,"_exactmetrics_sitenote_active":false,"_exactmetrics_sitenote_note":"","_exactmetrics_sitenote_category":0,"footnotes":"","_links_to":"","_links_to_target":""},"class_list":["post-4094","page","type-page","status-publish","hentry"],"publishpress_future_action":{"enabled":false,"date":"2026-04-23 14:42:19","action":"change-status","newStatus":"draft","terms":[],"taxonomy":"","extraData":[]},"publishpress_future_workflow_manual_trigger":{"enabledWorkflows":[]},"_links":{"self":[{"href":"https:\/\/www3.unicentro.br\/propesp\/wp-json\/wp\/v2\/pages\/4094","targetHints":{"allow":["GET"]}}],"collection":[{"href":"https:\/\/www3.unicentro.br\/propesp\/wp-json\/wp\/v2\/pages"}],"about":[{"href":"https:\/\/www3.unicentro.br\/propesp\/wp-json\/wp\/v2\/types\/page"}],"author":[{"embeddable":true,"href":"https:\/\/www3.unicentro.br\/propesp\/wp-json\/wp\/v2\/users\/6"}],"replies":[{"embeddable":true,"href":"https:\/\/www3.unicentro.br\/propesp\/wp-json\/wp\/v2\/comments?post=4094"}],"version-history":[{"count":2,"href":"https:\/\/www3.unicentro.br\/propesp\/wp-json\/wp\/v2\/pages\/4094\/revisions"}],"predecessor-version":[{"id":5600,"href":"https:\/\/www3.unicentro.br\/propesp\/wp-json\/wp\/v2\/pages\/4094\/revisions\/5600"}],"up":[{"embeddable":true,"href":"https:\/\/www3.unicentro.br\/propesp\/wp-json\/wp\/v2\/pages\/125"}],"wp:attachment":[{"href":"https:\/\/www3.unicentro.br\/propesp\/wp-json\/wp\/v2\/media?parent=4094"}],"curies":[{"name":"wp","href":"https:\/\/api.w.org\/{rel}","templated":true}]}}