{"id":4074,"date":"2024-10-24T15:28:00","date_gmt":"2024-10-24T18:28:00","guid":{"rendered":"https:\/\/www3.unicentro.br\/propesp\/?page_id=4074"},"modified":"2026-02-03T16:32:42","modified_gmt":"2026-02-03T19:32:42","slug":"pesquisa-basica-e-aplicada","status":"publish","type":"page","link":"https:\/\/www3.unicentro.br\/propesp\/pesquisa\/pesquisa-basica-e-aplicada\/","title":{"rendered":"Pesquisa B\u00e1sica e Aplicada"},"content":{"rendered":"<div class=\"wpb-content-wrapper\"><p>[vc_row][vc_column][vc_column_text css=&#8221;&#8221;]O Programa de Pesquisa B\u00e1sica e Aplicada da Unicentro, financiado com recursos da Funda\u00e7\u00e3o Arauc\u00e1ria, visa promover o fortalecimento da produ\u00e7\u00e3o cient\u00edfica, tecnol\u00f3gica e de inova\u00e7\u00e3o, por meio da concess\u00e3o de apoio financeiro para a execu\u00e7\u00e3o de projetos de pesquisa nas \u00e1reas do conhecimento que apresentem ader\u00eancia aos Novos Arranjos de Pesquisa e Inova\u00e7\u00e3o, NAPIs, que v\u00eam sendo fomentados pela Funda\u00e7\u00e3o Arauc\u00e1ria ou que apontam ader\u00eancia \u00e0s \u00e1reas priorit\u00e1rias identificadas pelo Conselho Paranaense de Ci\u00eancia.[\/vc_column_text][vc_separator css=&#8221;&#8221;][\/vc_column][\/vc_row][vc_row][vc_column width=&#8221;1\/4&#8243;][vc_btn title=&#8221;Pesquisa B\u00e1sica e Aplicada 2021&#8243; color=&#8221;warning&#8221; align=&#8221;center&#8221; css=&#8221;&#8221; link=&#8221;url:https%3A%2F%2Fwww3.unicentro.br%2Fpropesp%2Fpesquisa%2Fchamadas-de-fomento%2Fprograma-institucional-de-apoio-a-pesquisa-basica-e-aplicada%2F&#8221;][vc_separator css=&#8221;&#8221;][\/vc_column][vc_column width=&#8221;1\/4&#8243;][vc_btn title=&#8221;Pesquisa B\u00e1sica e Aplicada 2024&#8243; color=&#8221;warning&#8221; align=&#8221;center&#8221; css=&#8221;&#8221; link=&#8221;url:https%3A%2F%2Fwww3.unicentro.br%2Fpropesp%2Fpesquisa%2Fpesquisa-basica-e-aplicada%2Fprograma-institucional-de-apoio-a-pesquisa-basica-e-aplicada-2024%2F|title:Programa%20Institucional%20de%20Apoio%20%C3%A0%20Pesquisa%20B%C3%A1sica%20e%20Aplicada%202024&#8243;][vc_separator css=&#8221;&#8221;][\/vc_column][vc_column width=&#8221;1\/4&#8243;][vc_btn title=&#8221;Pesquisa B\u00e1sica e Aplicada 2025&#8243; color=&#8221;warning&#8221; align=&#8221;center&#8221; css=&#8221;&#8221; link=&#8221;url:https%3A%2F%2Fwww3.unicentro.br%2Fpropesp%2Fpesquisa%2Fpesquisa-basica-e-aplicada%2Fprograma-institucional-de-apoio-a-pesquisa-basica-e-aplicada-2025%2F|title:Programa%20Institucional%20de%20Apoio%20%C3%A0%20Pesquisa%20B%C3%A1sica%20e%20Aplicada%202024&#8243;][\/vc_column][vc_column width=&#8221;1\/4&#8243;][vc_btn title=&#8221;Pesquisa B\u00e1sica e Aplicada 2026&#8243; color=&#8221;warning&#8221; align=&#8221;center&#8221; css=&#8221;&#8221; link=&#8221;url:https%3A%2F%2Fwww3.unicentro.br%2Fpropesp%2Fpesquisa%2Fpesquisa-basica-e-aplicada%2Fprograma-institucional-de-apoio-a-pesquisa-basica-e-aplicada-2026%2F|title:Programa%20Institucional%20de%20Apoio%20%C3%A0%20Pesquisa%20B%C3%A1sica%20e%20Aplicada%202024&#8243;][\/vc_column][\/vc_row]<\/p>\n<\/div>","protected":false},"excerpt":{"rendered":"<p>[vc_row][vc_column][vc_column_text css=&#8221;&#8221;]O Programa de Pesquisa B\u00e1sica e Aplicada da Unicentro, financiado com recursos da Funda\u00e7\u00e3o Arauc\u00e1ria, visa promover o fortalecimento da produ\u00e7\u00e3o cient\u00edfica, tecnol\u00f3gica e de inova\u00e7\u00e3o, por meio da concess\u00e3o de apoio financeiro para a execu\u00e7\u00e3o de projetos de pesquisa nas \u00e1reas do conhecimento que apresentem ader\u00eancia aos Novos Arranjos de Pesquisa e Inova\u00e7\u00e3o, [&hellip;]<\/p>\n","protected":false},"author":6,"featured_media":0,"parent":38,"menu_order":0,"comment_status":"closed","ping_status":"closed","template":"","meta":{"_exactmetrics_skip_tracking":false,"_exactmetrics_sitenote_active":false,"_exactmetrics_sitenote_note":"","_exactmetrics_sitenote_category":0,"footnotes":"","_links_to":"","_links_to_target":""},"class_list":["post-4074","page","type-page","status-publish","hentry"],"publishpress_future_action":{"enabled":false,"date":"2026-04-28 12:54:25","action":"change-status","newStatus":"draft","terms":[],"taxonomy":"","extraData":[]},"publishpress_future_workflow_manual_trigger":{"enabledWorkflows":[]},"_links":{"self":[{"href":"https:\/\/www3.unicentro.br\/propesp\/wp-json\/wp\/v2\/pages\/4074","targetHints":{"allow":["GET"]}}],"collection":[{"href":"https:\/\/www3.unicentro.br\/propesp\/wp-json\/wp\/v2\/pages"}],"about":[{"href":"https:\/\/www3.unicentro.br\/propesp\/wp-json\/wp\/v2\/types\/page"}],"author":[{"embeddable":true,"href":"https:\/\/www3.unicentro.br\/propesp\/wp-json\/wp\/v2\/users\/6"}],"replies":[{"embeddable":true,"href":"https:\/\/www3.unicentro.br\/propesp\/wp-json\/wp\/v2\/comments?post=4074"}],"version-history":[{"count":2,"href":"https:\/\/www3.unicentro.br\/propesp\/wp-json\/wp\/v2\/pages\/4074\/revisions"}],"predecessor-version":[{"id":6276,"href":"https:\/\/www3.unicentro.br\/propesp\/wp-json\/wp\/v2\/pages\/4074\/revisions\/6276"}],"up":[{"embeddable":true,"href":"https:\/\/www3.unicentro.br\/propesp\/wp-json\/wp\/v2\/pages\/38"}],"wp:attachment":[{"href":"https:\/\/www3.unicentro.br\/propesp\/wp-json\/wp\/v2\/media?parent=4074"}],"curies":[{"name":"wp","href":"https:\/\/api.w.org\/{rel}","templated":true}]}}