{"id":26,"date":"2020-10-26T11:08:24","date_gmt":"2020-10-26T14:08:24","guid":{"rendered":"https:\/\/www3.unicentro.br\/propesp\/?page_id=26"},"modified":"2025-06-04T11:22:23","modified_gmt":"2025-06-04T14:22:23","slug":"gabinete-da-propesp","status":"publish","type":"page","link":"https:\/\/www3.unicentro.br\/propesp\/sobre-nos\/equipe-e-contatos\/gabinete-da-propesp\/","title":{"rendered":"Gabinete da Propesp"},"content":{"rendered":"<p>No Gabinete da Propesp atua o Pr\u00f3-Reitor de Pesquisa e P\u00f3s-Gradua\u00e7\u00e3o, que conta com o apoio de uma secretaria.<\/p>\n<p>Em funcionamento na Sala n\u00ba 304, Bloco A, 2\u00ba Piso, no Campus Santa Cruz, o hor\u00e1rio de atendimento ao p\u00fablico \u00e9 de segunda a sexta, no per\u00edodo das 8h \u00e0s 11h e das 13h30 \u00e0s 16h30min.<\/p>\n<p><strong>Equipe<\/strong>:<\/p>\n<p><strong>Prof. Dr. Paulo Roberto da Silva<\/strong><br \/>\n<em>Pr\u00f3-Reitor de Pesquisa e P\u00f3s-Gradua\u00e7\u00e3o<\/em><br \/>\nE-mail: <a href=\"mailto:prsilva@unicentro.br\"><em>prsilva@unicentro.br<\/em><\/a><br \/>\nFone: 3621-1079<\/p>\n<p><strong>Miguel Sidenei Bacheladenski<\/strong><br \/>\n<em>Assessor Administrativo da Pr\u00f3-Reitoria de Pesquisa e P\u00f3s-Gradua\u00e7\u00e3o<\/em><br \/>\nE-mail: <a href=\"mailto:miguel@unicentro.br\">miguel@unicentro.br<\/a><br \/>\nFone: 3621-1033<\/p>\n<p><strong>Ernando Brito Gon\u00e7alves Junior<\/strong><br \/>\n<em>Gest\u00e3o de Bolsas &#8211; Conv\u00eanios<\/em><br \/>\nE-mail: <a href=\"mailto:ernandobrito@unicentro.br\"><em>ernandobrito@unicentro.br<\/em><\/a><br \/>\nFone: 3621-1233<\/p>\n","protected":false},"excerpt":{"rendered":"<p>No Gabinete da Propesp atua o Pr\u00f3-Reitor de Pesquisa e P\u00f3s-Gradua\u00e7\u00e3o, que conta com o apoio de uma secretaria. Em funcionamento na Sala n\u00ba 304, Bloco A, 2\u00ba Piso, no Campus Santa Cruz, o hor\u00e1rio de atendimento ao p\u00fablico \u00e9 de segunda a sexta, no per\u00edodo das 8h \u00e0s 11h e das 13h30 \u00e0s 16h30min. [&hellip;]<\/p>\n","protected":false},"author":3,"featured_media":0,"parent":24,"menu_order":0,"comment_status":"closed","ping_status":"closed","template":"","meta":{"_exactmetrics_skip_tracking":false,"_exactmetrics_sitenote_active":false,"_exactmetrics_sitenote_note":"","_exactmetrics_sitenote_category":0,"footnotes":"","_links_to":"","_links_to_target":""},"class_list":["post-26","page","type-page","status-publish","hentry"],"publishpress_future_action":{"enabled":false,"date":"2026-04-17 18:20:27","action":"change-status","newStatus":"draft","terms":[],"taxonomy":"","extraData":[]},"publishpress_future_workflow_manual_trigger":{"enabledWorkflows":[]},"_links":{"self":[{"href":"https:\/\/www3.unicentro.br\/propesp\/wp-json\/wp\/v2\/pages\/26","targetHints":{"allow":["GET"]}}],"collection":[{"href":"https:\/\/www3.unicentro.br\/propesp\/wp-json\/wp\/v2\/pages"}],"about":[{"href":"https:\/\/www3.unicentro.br\/propesp\/wp-json\/wp\/v2\/types\/page"}],"author":[{"embeddable":true,"href":"https:\/\/www3.unicentro.br\/propesp\/wp-json\/wp\/v2\/users\/3"}],"replies":[{"embeddable":true,"href":"https:\/\/www3.unicentro.br\/propesp\/wp-json\/wp\/v2\/comments?post=26"}],"version-history":[{"count":2,"href":"https:\/\/www3.unicentro.br\/propesp\/wp-json\/wp\/v2\/pages\/26\/revisions"}],"predecessor-version":[{"id":5150,"href":"https:\/\/www3.unicentro.br\/propesp\/wp-json\/wp\/v2\/pages\/26\/revisions\/5150"}],"up":[{"embeddable":true,"href":"https:\/\/www3.unicentro.br\/propesp\/wp-json\/wp\/v2\/pages\/24"}],"wp:attachment":[{"href":"https:\/\/www3.unicentro.br\/propesp\/wp-json\/wp\/v2\/media?parent=26"}],"curies":[{"name":"wp","href":"https:\/\/api.w.org\/{rel}","templated":true}]}}