{"id":174,"date":"2021-01-21T16:42:13","date_gmt":"2021-01-21T19:42:13","guid":{"rendered":"https:\/\/www3.unicentro.br\/propesp\/?page_id=174"},"modified":"2025-09-11T13:06:06","modified_gmt":"2025-09-11T16:06:06","slug":"noticias-e-avisos","status":"publish","type":"page","link":"https:\/\/www3.unicentro.br\/propesp\/destaques\/noticias-e-avisos\/","title":{"rendered":"Not\u00edcias e Avisos"},"content":{"rendered":"<div class=\"wpb-content-wrapper\"><p>[vc_row][vc_column][vc_single_image image=&#8221;5625&#8243; img_size=&#8221;full&#8221; add_caption=&#8221;yes&#8221; alignment=&#8221;center&#8221; onclick=&#8221;custom_link&#8221; css=&#8221;&#8221; link=&#8221;https:\/\/evento.unicentro.br\/site\/comep2025\/2025\/1&#8243;][vc_single_image image=&#8221;5626&#8243; img_size=&#8221;full&#8221; add_caption=&#8221;yes&#8221; alignment=&#8221;center&#8221; onclick=&#8221;custom_link&#8221; css=&#8221;&#8221; link=&#8221;https:\/\/evento.unicentro.br\/site\/comep2025\/2025\/2&#8243;][vc_single_image image=&#8221;5631&#8243; img_size=&#8221;full&#8221; add_caption=&#8221;yes&#8221; alignment=&#8221;center&#8221; onclick=&#8221;custom_link&#8221; css=&#8221;&#8221; link=&#8221;https:\/\/evento.unicentro.br\/site\/xivsimposiopg\/2025\/1&#8243;][\/vc_column][\/vc_row][vc_row disable_element=&#8221;yes&#8221; u_row_style=&#8221;0&#8243; u_row_paralax=&#8221;0&#8243; u_row_scheme=&#8221;0&#8243;][vc_column][vc_column_text css=&#8221;&#8221;]<\/p>\n<ul>\n<li><a href=\"https:\/\/www3.unicentro.br\/propesp\/wp-content\/uploads\/sites\/99\/2024\/07\/TutorialLattes_669e6445e0303.pdf\"><strong>Tutorial Curr\u00edculo Lattes<\/strong><\/a><\/li>\n<li><a href=\"https:\/\/www3.unicentro.br\/propesp\/wp-content\/uploads\/sites\/99\/2024\/07\/TutorialGoogleAcad_mico_668eeeeab8e55.pdf\"><strong>Tutorial Google Acad\u00eamico<\/strong><\/a><\/li>\n<li><a href=\"https:\/\/www3.unicentro.br\/propesp\/wp-content\/uploads\/sites\/99\/2024\/06\/TutorialORCID_66796cdaa45a7.pdf\"><strong>Tutorial ORCID<\/strong><\/a><\/li>\n<\/ul>\n<p>[\/vc_column_text][\/vc_column][\/vc_row][vc_row disable_element=&#8221;yes&#8221; u_row_style=&#8221;0&#8243; u_row_paralax=&#8221;0&#8243; u_row_scheme=&#8221;0&#8243;][vc_column][vc_column_text]<\/p>\n<ul>\n<li><a href=\"https:\/\/www3.unicentro.br\/propesp\/wp-content\/uploads\/sites\/99\/2024\/06\/TutorialORCID_66796cdaa45a7.pdf\"><strong>Tutorial ORCID<\/strong><\/a><\/li>\n<li class=\"p1\"><a href=\"https:\/\/www2.unicentro.br\/propesp\/files\/2020\/03\/Nota-bolsas-Capes.pdf?x34191\"><strong>Manifesto quanto ao Corte de Bolsas da Capes<\/strong><\/a><\/li>\n<li><strong><a href=\"https:\/\/www2.unicentro.br\/propesp\/files\/2018\/10\/Informativo_SisGen_5bb75f7d7c750.pdf?x34191\">Informativo referente ao Cadastro para habilita\u00e7\u00e3o e prazo para adequa\u00e7\u00e3o \u00e0 plataforma SisGen<\/a><\/strong><\/li>\n<\/ul>\n<p>[\/vc_column_text][\/vc_column][\/vc_row]<\/p>\n<\/div>","protected":false},"excerpt":{"rendered":"<p>[vc_row][vc_column][vc_single_image image=&#8221;5625&#8243; img_size=&#8221;full&#8221; add_caption=&#8221;yes&#8221; alignment=&#8221;center&#8221; onclick=&#8221;custom_link&#8221; css=&#8221;&#8221; link=&#8221;https:\/\/evento.unicentro.br\/site\/comep2025\/2025\/1&#8243;][vc_single_image image=&#8221;5626&#8243; img_size=&#8221;full&#8221; add_caption=&#8221;yes&#8221; alignment=&#8221;center&#8221; onclick=&#8221;custom_link&#8221; css=&#8221;&#8221; link=&#8221;https:\/\/evento.unicentro.br\/site\/comep2025\/2025\/2&#8243;][vc_single_image image=&#8221;5631&#8243; img_size=&#8221;full&#8221; add_caption=&#8221;yes&#8221; alignment=&#8221;center&#8221; onclick=&#8221;custom_link&#8221; css=&#8221;&#8221; link=&#8221;https:\/\/evento.unicentro.br\/site\/xivsimposiopg\/2025\/1&#8243;][\/vc_column][\/vc_row][vc_row disable_element=&#8221;yes&#8221; u_row_style=&#8221;0&#8243; u_row_paralax=&#8221;0&#8243; u_row_scheme=&#8221;0&#8243;][vc_column][vc_column_text css=&#8221;&#8221;] Tutorial Curr\u00edculo Lattes Tutorial Google Acad\u00eamico Tutorial ORCID [\/vc_column_text][\/vc_column][\/vc_row][vc_row disable_element=&#8221;yes&#8221; u_row_style=&#8221;0&#8243; u_row_paralax=&#8221;0&#8243; u_row_scheme=&#8221;0&#8243;][vc_column][vc_column_text] Tutorial ORCID Manifesto quanto ao Corte de Bolsas da Capes Informativo referente ao Cadastro para [&hellip;]<\/p>\n","protected":false},"author":3,"featured_media":0,"parent":158,"menu_order":0,"comment_status":"closed","ping_status":"closed","template":"","meta":{"_exactmetrics_skip_tracking":false,"_exactmetrics_sitenote_active":false,"_exactmetrics_sitenote_note":"","_exactmetrics_sitenote_category":0,"footnotes":"","_links_to":"","_links_to_target":""},"class_list":["post-174","page","type-page","status-publish","hentry"],"publishpress_future_action":{"enabled":false,"date":"2026-04-12 19:40:28","action":"change-status","newStatus":"draft","terms":[],"taxonomy":"","extraData":[]},"publishpress_future_workflow_manual_trigger":{"enabledWorkflows":[]},"_links":{"self":[{"href":"https:\/\/www3.unicentro.br\/propesp\/wp-json\/wp\/v2\/pages\/174","targetHints":{"allow":["GET"]}}],"collection":[{"href":"https:\/\/www3.unicentro.br\/propesp\/wp-json\/wp\/v2\/pages"}],"about":[{"href":"https:\/\/www3.unicentro.br\/propesp\/wp-json\/wp\/v2\/types\/page"}],"author":[{"embeddable":true,"href":"https:\/\/www3.unicentro.br\/propesp\/wp-json\/wp\/v2\/users\/3"}],"replies":[{"embeddable":true,"href":"https:\/\/www3.unicentro.br\/propesp\/wp-json\/wp\/v2\/comments?post=174"}],"version-history":[{"count":2,"href":"https:\/\/www3.unicentro.br\/propesp\/wp-json\/wp\/v2\/pages\/174\/revisions"}],"predecessor-version":[{"id":5632,"href":"https:\/\/www3.unicentro.br\/propesp\/wp-json\/wp\/v2\/pages\/174\/revisions\/5632"}],"up":[{"embeddable":true,"href":"https:\/\/www3.unicentro.br\/propesp\/wp-json\/wp\/v2\/pages\/158"}],"wp:attachment":[{"href":"https:\/\/www3.unicentro.br\/propesp\/wp-json\/wp\/v2\/media?parent=174"}],"curies":[{"name":"wp","href":"https:\/\/api.w.org\/{rel}","templated":true}]}}