{"id":170,"date":"2021-01-21T16:41:36","date_gmt":"2021-01-21T19:41:36","guid":{"rendered":"https:\/\/www3.unicentro.br\/propesp\/?page_id=170"},"modified":"2021-02-01T15:38:05","modified_gmt":"2021-02-01T18:38:05","slug":"apoio-para-participacao-em-eventos","status":"publish","type":"page","link":"https:\/\/www3.unicentro.br\/propesp\/destaques\/apoio-para-participacao-em-eventos\/","title":{"rendered":"Apoio para Participa\u00e7\u00e3o em Eventos"},"content":{"rendered":"<div class=\"wpb-content-wrapper\"><p>[vc_row][vc_column][vc_column_text]<\/p>\n<p class=\"p1\">O Programa de Apoio Institucional para Participa\u00e7\u00e3o em Eventos T\u00e9cnico- Cient\u00edficos, financiado pela Funda\u00e7\u00e3o Arauc\u00e1ria, e visa a concess\u00e3o de apoio financeiro a pesquisadores da Unicentro, para participa\u00e7\u00e3o em eventos relacionados com ci\u00eancia, tecnologia e inova\u00e7\u00e3o, nas diversas \u00e1reas do conhecimento, destinados ao interc\u00e2mbio de experi\u00eancias entre pesquisadores e divulga\u00e7\u00e3o cient\u00edfica.<\/p>\n<p>[\/vc_column_text][vc_btn title=&#8221;Editais&#8221; style=&#8221;flat&#8221; shape=&#8221;square&#8221; color=&#8221;danger&#8221; align=&#8221;center&#8221; css_animation=&#8221;fadeIn&#8221; link=&#8221;url:https%3A%2F%2Fwww3.unicentro.br%2Fpropesp%2Fdestaques%2Fapoio-para-participacao-em-eventos%2Feditais%2F|title:Editais&#8221;][\/vc_column][\/vc_row]<\/p>\n<\/div>","protected":false},"excerpt":{"rendered":"<p>[vc_row][vc_column][vc_column_text] O Programa de Apoio Institucional para Participa\u00e7\u00e3o em Eventos T\u00e9cnico- Cient\u00edficos, financiado pela Funda\u00e7\u00e3o Arauc\u00e1ria, e visa a concess\u00e3o de apoio financeiro a pesquisadores da Unicentro, para participa\u00e7\u00e3o em eventos relacionados com ci\u00eancia, tecnologia e inova\u00e7\u00e3o, nas diversas \u00e1reas do conhecimento, destinados ao interc\u00e2mbio de experi\u00eancias entre pesquisadores e divulga\u00e7\u00e3o cient\u00edfica. [\/vc_column_text][vc_btn title=&#8221;Editais&#8221; style=&#8221;flat&#8221; [&hellip;]<\/p>\n","protected":false},"author":3,"featured_media":0,"parent":158,"menu_order":0,"comment_status":"closed","ping_status":"closed","template":"","meta":{"_exactmetrics_skip_tracking":false,"_exactmetrics_sitenote_active":false,"_exactmetrics_sitenote_note":"","_exactmetrics_sitenote_category":0,"footnotes":"","_links_to":"","_links_to_target":""},"class_list":["post-170","page","type-page","status-publish","hentry"],"publishpress_future_action":{"enabled":false,"date":"2026-04-22 01:55:08","action":"change-status","newStatus":"draft","terms":[],"taxonomy":"","extraData":[]},"publishpress_future_workflow_manual_trigger":{"enabledWorkflows":[]},"_links":{"self":[{"href":"https:\/\/www3.unicentro.br\/propesp\/wp-json\/wp\/v2\/pages\/170","targetHints":{"allow":["GET"]}}],"collection":[{"href":"https:\/\/www3.unicentro.br\/propesp\/wp-json\/wp\/v2\/pages"}],"about":[{"href":"https:\/\/www3.unicentro.br\/propesp\/wp-json\/wp\/v2\/types\/page"}],"author":[{"embeddable":true,"href":"https:\/\/www3.unicentro.br\/propesp\/wp-json\/wp\/v2\/users\/3"}],"replies":[{"embeddable":true,"href":"https:\/\/www3.unicentro.br\/propesp\/wp-json\/wp\/v2\/comments?post=170"}],"version-history":[{"count":0,"href":"https:\/\/www3.unicentro.br\/propesp\/wp-json\/wp\/v2\/pages\/170\/revisions"}],"up":[{"embeddable":true,"href":"https:\/\/www3.unicentro.br\/propesp\/wp-json\/wp\/v2\/pages\/158"}],"wp:attachment":[{"href":"https:\/\/www3.unicentro.br\/propesp\/wp-json\/wp\/v2\/media?parent=170"}],"curies":[{"name":"wp","href":"https:\/\/api.w.org\/{rel}","templated":true}]}}