{"id":149,"date":"2021-01-21T16:33:29","date_gmt":"2021-01-21T19:33:29","guid":{"rendered":"https:\/\/www3.unicentro.br\/propesp\/?page_id=149"},"modified":"2022-10-18T21:25:00","modified_gmt":"2022-10-19T00:25:00","slug":"projetos-estrategicos","status":"publish","type":"page","link":"https:\/\/www3.unicentro.br\/propesp\/pos-graduacao\/stricto-sensu\/projetos-estrategicos\/","title":{"rendered":"Projetos Estrat\u00e9gicos"},"content":{"rendered":"<ul>\n<li><a href=\"https:\/\/www3.unicentro.br\/propesp\/pos-graduacao\/stricto-sensu\/mestrado-e-doutorado-academico-para-inovacao\/\">Mestrado e Doutorado Acad\u00eamico para Inova\u00e7\u00e3o &#8211; MAI\/DAI (CNPq)<\/a><\/li>\n<li><a href=\"https:\/\/www3.unicentro.br\/propesp\/formacao-de-doutores-em-areas-estrategicas-cnpq\/\">Forma\u00e7\u00e3o de Doutores em \u00c1reas Estrat\u00e9gicas (CNPq)<\/a><\/li>\n<li><a href=\"https:\/\/www3.unicentro.br\/propesp\/pos-doutorado-estrategico-capes\/\">Doutorado-Sandu\u00edche no Exterior (Capes)<\/a><\/li>\n<li><a href=\"https:\/\/www3.unicentro.br\/propesp\/doutorado-sanduiche-no-exterior-capes\/\">P\u00f3s-Doutorado Estrat\u00e9gico (Capes)<\/a><\/li>\n<li><a href=\"https:\/\/www3.unicentro.br\/propesp\/pos-graduacao\/stricto-sensu\/temas-estrategicos-demanda-social-capes\/\">Temas Estrat\u00e9gicos-Demanda Social (Capes)<\/a><\/li>\n<li><a href=\"https:\/\/www3.unicentro.br\/propesp\/pos-graduacao\/stricto-sensu\/programa-fixacao-jovens-doutores\/\">Programa Institucional de Apoio \u00e0 Fixa\u00e7\u00e3o de Jovens Doutores<\/a><\/li>\n<\/ul>\n","protected":false},"excerpt":{"rendered":"<p>Mestrado e Doutorado Acad\u00eamico para Inova\u00e7\u00e3o &#8211; MAI\/DAI (CNPq) Forma\u00e7\u00e3o de Doutores em \u00c1reas Estrat\u00e9gicas (CNPq) Doutorado-Sandu\u00edche no Exterior (Capes) P\u00f3s-Doutorado Estrat\u00e9gico (Capes) Temas Estrat\u00e9gicos-Demanda Social (Capes) Programa Institucional de Apoio \u00e0 Fixa\u00e7\u00e3o de Jovens Doutores<\/p>\n","protected":false},"author":3,"featured_media":0,"parent":125,"menu_order":0,"comment_status":"closed","ping_status":"closed","template":"","meta":{"_exactmetrics_skip_tracking":false,"_exactmetrics_sitenote_active":false,"_exactmetrics_sitenote_note":"","_exactmetrics_sitenote_category":0,"footnotes":"","_links_to":"","_links_to_target":""},"class_list":["post-149","page","type-page","status-publish","hentry"],"publishpress_future_action":{"enabled":false,"date":"2026-04-27 18:02:43","action":"change-status","newStatus":"draft","terms":[],"taxonomy":"","extraData":[]},"publishpress_future_workflow_manual_trigger":{"enabledWorkflows":[]},"_links":{"self":[{"href":"https:\/\/www3.unicentro.br\/propesp\/wp-json\/wp\/v2\/pages\/149","targetHints":{"allow":["GET"]}}],"collection":[{"href":"https:\/\/www3.unicentro.br\/propesp\/wp-json\/wp\/v2\/pages"}],"about":[{"href":"https:\/\/www3.unicentro.br\/propesp\/wp-json\/wp\/v2\/types\/page"}],"author":[{"embeddable":true,"href":"https:\/\/www3.unicentro.br\/propesp\/wp-json\/wp\/v2\/users\/3"}],"replies":[{"embeddable":true,"href":"https:\/\/www3.unicentro.br\/propesp\/wp-json\/wp\/v2\/comments?post=149"}],"version-history":[{"count":0,"href":"https:\/\/www3.unicentro.br\/propesp\/wp-json\/wp\/v2\/pages\/149\/revisions"}],"up":[{"embeddable":true,"href":"https:\/\/www3.unicentro.br\/propesp\/wp-json\/wp\/v2\/pages\/125"}],"wp:attachment":[{"href":"https:\/\/www3.unicentro.br\/propesp\/wp-json\/wp\/v2\/media?parent=149"}],"curies":[{"name":"wp","href":"https:\/\/api.w.org\/{rel}","templated":true}]}}