{"id":145,"date":"2021-01-21T16:30:52","date_gmt":"2021-01-21T19:30:52","guid":{"rendered":"https:\/\/www3.unicentro.br\/propesp\/?page_id=145"},"modified":"2021-04-06T11:26:56","modified_gmt":"2021-04-06T14:26:56","slug":"quantitativo-de-alunos","status":"publish","type":"page","link":"https:\/\/www3.unicentro.br\/propesp\/pos-graduacao\/stricto-sensu\/doutorado\/quantitativo-de-alunos\/","title":{"rendered":"Quantitativo de Alunos"},"content":{"rendered":"<table style=\"border-collapse: collapse;width: 94.9084%;height: 456px\">\n<thead>\n<tr style=\"height: 48px\">\n<td style=\"width: 20%;text-align: center;height: 48px\"><strong>Curso<\/strong><\/td>\n<td style=\"width: 20%;text-align: center;height: 48px\"><strong>Matriculados<\/strong><\/td>\n<td style=\"width: 20%;text-align: center;height: 48px\"><strong>Bolsistas<\/strong><\/td>\n<td style=\"width: 20%;text-align: center;height: 48px\"><strong>Concluintes<\/strong><\/td>\n<\/tr>\n<\/thead>\n<tbody>\n<tr style=\"height: 24px\">\n<td style=\"width: 20%;height: 24px;text-align: center\"><strong><a href=\"http:\/\/unicentroagronomia.com\/\">Agronomia<\/a><\/strong><\/td>\n<td style=\"width: 20%;height: 24px;text-align: center\">47<\/td>\n<td style=\"width: 20%;height: 24px;text-align: center\">15<\/td>\n<td style=\"width: 20%;height: 24px;text-align: center\">34<\/td>\n<\/tr>\n<tr style=\"height: 24px\">\n<td style=\"width: 20%;height: 24px;text-align: center\"><strong><a href=\"https:\/\/www3.unicentro.br\/ppgcf\/\">Ci\u00eancias Farmac\u00eauticas<\/a><\/strong><\/td>\n<td style=\"width: 20%;height: 24px;text-align: center\">35<\/td>\n<td style=\"width: 20%;height: 24px;text-align: center\">07<\/td>\n<td style=\"width: 20%;height: 24px;text-align: center\">04<\/td>\n<\/tr>\n<tr>\n<td style=\"width: 20%;text-align: center\"><strong><a href=\"https:\/\/www2.unicentro.br\/ppgf\/\">Ci\u00eancias Florestais<\/a><\/strong><\/td>\n<td style=\"width: 20%;text-align: center\">16<\/td>\n<td style=\"width: 20%;text-align: center\">14<\/td>\n<td style=\"width: 20%;text-align: center\">27<\/td>\n<\/tr>\n<tr>\n<td style=\"width: 20%;text-align: center\"><strong><a href=\"https:\/\/www2.unicentro.br\/ppgdc\/\">Desenvolvimento Comunit\u00e1rio<\/a><\/strong><\/td>\n<td style=\"width: 20%;text-align: center\">17<\/td>\n<td style=\"width: 20%;text-align: center\">07<\/td>\n<td style=\"width: 20%;text-align: center\"><\/td>\n<\/tr>\n<tr style=\"height: 24px\">\n<td style=\"width: 20%;height: 24px;text-align: center\"><strong><a href=\"https:\/\/www2.unicentro.br\/ppge\/\">Educa\u00e7\u00e3o<\/a><\/strong><\/td>\n<td style=\"width: 20%;height: 24px;text-align: center\">14<\/td>\n<td style=\"width: 20%;height: 24px;text-align: center\">00<\/td>\n<td style=\"width: 20%;height: 24px;text-align: center\">00<\/td>\n<\/tr>\n<tr style=\"height: 24px\">\n<td style=\"width: 20%;height: 24px;text-align: center\"><strong><a href=\"https:\/\/www2.unicentro.br\/ppgg\">Geografia<\/a><\/strong><\/td>\n<td style=\"width: 20%;height: 24px;text-align: center\">31<\/td>\n<td style=\"width: 20%;height: 24px;text-align: center\">07<\/td>\n<td style=\"width: 20%;height: 24px;text-align: center\"><\/td>\n<\/tr>\n<tr style=\"height: 24px\">\n<td style=\"width: 20%;height: 24px;text-align: center\"><strong><a href=\"https:\/\/www3.unicentro.br\/ppgl\/\">Letras<\/a><\/strong><\/td>\n<td style=\"width: 20%;height: 24px;text-align: center\">12<\/td>\n<td style=\"width: 20%;height: 24px;text-align: center\">00<\/td>\n<td style=\"width: 20%;height: 24px;text-align: center\">00<\/td>\n<\/tr>\n<tr style=\"height: 24px\">\n<td style=\"width: 20%;height: 24px;text-align: center\"><strong><a href=\"https:\/\/www2.unicentro.br\/ppgq\/\">Qu\u00edmica<\/a><\/strong><\/td>\n<td style=\"width: 20%;height: 24px;text-align: center\">00<\/td>\n<td style=\"width: 20%;height: 24px;text-align: center\">00<\/td>\n<td style=\"width: 20%;height: 24px;text-align: center\">00<\/td>\n<\/tr>\n<tr>\n<td style=\"width: 20%;text-align: center\"><strong><a href=\"https:\/\/www2.unicentro.br\/ppgq\/\">Qu\u00edmica Aplicada<\/a>\u00a0<\/strong><\/td>\n<td style=\"width: 20%;text-align: center\">39<\/td>\n<td style=\"width: 20%;text-align: center\">14<\/td>\n<td style=\"width: 20%;text-align: center\">56<\/td>\n<\/tr>\n<\/tbody>\n<\/table>\n<p class=\"p1\"><strong>Matriculados:<\/strong> Quantitativo de alunos do programa de p\u00f3s-gradua\u00e7\u00e3o que inclui alunos \u201cregularmente matriculados\u201d, \u201cprorrogados\u201d, \u201ctrancados\u201d, \u201cafastados por motivo de doen\u00e7a\u201d, \u201cafastados por motivo de maternidade\u201d, \u201calunos conv\u00eanio\u201d e alunos com \u201cprazo expirado\u201d. O quantitativo de matriculados n\u00e3o inclui alunos matriculados em disciplina isolada.<\/p>\n<p class=\"p1\"><strong>Bolsistas:<\/strong> Quantitativo de alunos que possuem bolsa na data de emiss\u00e3o do relat\u00f3rio.<\/p>\n<p class=\"p1\"><strong>Concluintes:<\/strong> Quantitativo de alunos j\u00e1 titulados no programa de p\u00f3s-gradua\u00e7\u00e3o at\u00e9 28 de fevereiro de 2021.<\/p>\n","protected":false},"excerpt":{"rendered":"<p>Curso Matriculados Bolsistas Concluintes Agronomia 47 15 34 Ci\u00eancias Farmac\u00eauticas 35 07 04 Ci\u00eancias Florestais 16 14 27 Desenvolvimento Comunit\u00e1rio 17 07 Educa\u00e7\u00e3o 14 00 00 Geografia 31 07 Letras 12 00 00 Qu\u00edmica 00 00 00 Qu\u00edmica Aplicada\u00a0 39 14 56 Matriculados: Quantitativo de alunos do programa de p\u00f3s-gradua\u00e7\u00e3o que inclui alunos \u201cregularmente matriculados\u201d, [&hellip;]<\/p>\n","protected":false},"author":3,"featured_media":0,"parent":143,"menu_order":0,"comment_status":"closed","ping_status":"closed","template":"","meta":{"_exactmetrics_skip_tracking":false,"_exactmetrics_sitenote_active":false,"_exactmetrics_sitenote_note":"","_exactmetrics_sitenote_category":0,"footnotes":"","_links_to":"","_links_to_target":""},"class_list":["post-145","page","type-page","status-publish","hentry"],"publishpress_future_action":{"enabled":false,"date":"2026-05-18 03:22:44","action":"change-status","newStatus":"draft","terms":[],"taxonomy":"","extraData":[]},"publishpress_future_workflow_manual_trigger":{"enabledWorkflows":[]},"_links":{"self":[{"href":"https:\/\/www3.unicentro.br\/propesp\/wp-json\/wp\/v2\/pages\/145","targetHints":{"allow":["GET"]}}],"collection":[{"href":"https:\/\/www3.unicentro.br\/propesp\/wp-json\/wp\/v2\/pages"}],"about":[{"href":"https:\/\/www3.unicentro.br\/propesp\/wp-json\/wp\/v2\/types\/page"}],"author":[{"embeddable":true,"href":"https:\/\/www3.unicentro.br\/propesp\/wp-json\/wp\/v2\/users\/3"}],"replies":[{"embeddable":true,"href":"https:\/\/www3.unicentro.br\/propesp\/wp-json\/wp\/v2\/comments?post=145"}],"version-history":[{"count":0,"href":"https:\/\/www3.unicentro.br\/propesp\/wp-json\/wp\/v2\/pages\/145\/revisions"}],"up":[{"embeddable":true,"href":"https:\/\/www3.unicentro.br\/propesp\/wp-json\/wp\/v2\/pages\/143"}],"wp:attachment":[{"href":"https:\/\/www3.unicentro.br\/propesp\/wp-json\/wp\/v2\/media?parent=145"}],"curies":[{"name":"wp","href":"https:\/\/api.w.org\/{rel}","templated":true}]}}