{"id":137,"date":"2021-01-21T16:28:46","date_gmt":"2021-01-21T19:28:46","guid":{"rendered":"https:\/\/www3.unicentro.br\/propesp\/?page_id=137"},"modified":"2025-06-05T16:19:54","modified_gmt":"2025-06-05T19:19:54","slug":"mestrado","status":"publish","type":"page","link":"https:\/\/www3.unicentro.br\/propesp\/pos-graduacao\/stricto-sensu\/mestrado\/","title":{"rendered":"Cursos de Mestrado"},"content":{"rendered":"<p class=\"p1\">S\u00e3o ofertados 18 (dezoito) Cursos de Mestrado.<\/p>\n<table style=\"border-collapse: collapse;width: 100%;height: 456px\">\n<thead>\n<tr style=\"height: 48px\">\n<td style=\"width: 20%;text-align: center;height: 48px\"><strong>Curso<\/strong><\/td>\n<td style=\"width: 20%;text-align: center;height: 48px\"><strong>Campus<\/strong><\/td>\n<td style=\"width: 20%;text-align: center;height: 48px\"><strong>In\u00edcio<\/strong><\/td>\n<td style=\"width: 20%;text-align: center;height: 48px\"><strong>Nota Capes<\/strong><\/td>\n<\/tr>\n<\/thead>\n<tbody>\n<tr style=\"height: 24px\">\n<td style=\"width: 20%;height: 24px;text-align: center\"><strong><a href=\"https:\/\/www3.unicentro.br\/ppgadm\">Administra\u00e7\u00e3o<\/a><\/strong><\/td>\n<td style=\"width: 20%;height: 24px;text-align: center\">Santa Cruz<\/td>\n<td style=\"width: 20%;height: 24px;text-align: center\">2014<\/td>\n<td style=\"width: 20%;height: 24px;text-align: center\">4<\/td>\n<\/tr>\n<tr style=\"height: 24px\">\n<td style=\"width: 20%;height: 24px;text-align: center\"><strong><a href=\"http:\/\/unicentroagronomia.com\/\">Agronomia<\/a><\/strong><\/td>\n<td style=\"width: 20%;height: 24px;text-align: center\">Cedeteg<\/td>\n<td style=\"width: 20%;height: 24px;text-align: center\">2007<\/td>\n<td style=\"width: 20%;height: 24px;text-align: center\">4<\/td>\n<\/tr>\n<tr style=\"height: 24px\">\n<td style=\"width: 20%;height: 24px;text-align: center\"><strong><a href=\"https:\/\/www3.unicentro.br\/ppgb\/\">Bioenergia<\/a><\/strong><\/td>\n<td style=\"width: 20%;height: 24px;text-align: center\">Cedeteg<\/td>\n<td style=\"width: 20%;height: 24px;text-align: center\">2010<\/td>\n<td style=\"width: 20%;height: 24px;text-align: center\">4<\/td>\n<\/tr>\n<tr style=\"height: 24px\">\n<td style=\"width: 20%;height: 24px;text-align: center\"><strong><a href=\"https:\/\/www2.uepg.br\/ppgbioevol\/\">Biologia Evolutiva<\/a><\/strong><\/td>\n<td style=\"width: 20%;height: 24px;text-align: center\">Cedeteg<\/td>\n<td style=\"width: 20%;height: 24px;text-align: center\">2007<\/td>\n<td style=\"width: 20%;height: 24px;text-align: center\">4<\/td>\n<\/tr>\n<tr style=\"height: 24px\">\n<td style=\"width: 20%;height: 24px;text-align: center\"><strong><a href=\"https:\/\/www3.unicentro.br\/ppgcf\/\">Ci\u00eancias Farmac\u00eauticas<\/a><\/strong><\/td>\n<td style=\"width: 20%;height: 24px;text-align: center\">Cedeteg<\/td>\n<td style=\"width: 20%;height: 24px;text-align: center\">2010<\/td>\n<td style=\"width: 20%;height: 24px;text-align: center\">4<\/td>\n<\/tr>\n<tr>\n<td style=\"width: 20%;text-align: center\"><strong><a href=\"https:\/\/www2.unicentro.br\/ppgf\/\">Ci\u00eancias Florestais<\/a><\/strong><\/td>\n<td style=\"width: 20%;text-align: center\">Irati<\/td>\n<td style=\"width: 20%;text-align: center\">2007<\/td>\n<td style=\"width: 20%;text-align: center\">4<\/td>\n<\/tr>\n<tr style=\"height: 24px\">\n<td style=\"width: 20%;height: 24px;text-align: center\"><strong><a href=\"https:\/\/www2.unicentro.br\/ppgvet\/\">Ci\u00eancias Veterin\u00e1rias<\/a><\/strong><\/td>\n<td style=\"width: 20%;height: 24px;text-align: center\">Cedeteg<\/td>\n<td style=\"width: 20%;height: 24px;text-align: center\">2015<\/td>\n<td style=\"width: 20%;height: 24px;text-align: center\">4<\/td>\n<\/tr>\n<tr>\n<td style=\"width: 20%;text-align: center\"><a href=\"https:\/\/www2.unicentro.br\/ppgdc\/\"><strong>Desenvolvimento Comunit\u00e1rio<\/strong><\/a><\/td>\n<td style=\"width: 20%;text-align: center\">Irati<\/td>\n<td style=\"width: 20%;text-align: center\">2012<\/td>\n<td style=\"width: 20%;text-align: center\">4<\/td>\n<\/tr>\n<tr style=\"height: 24px\">\n<td style=\"width: 20%;height: 24px;text-align: center\"><strong><a href=\"https:\/\/www2.unicentro.br\/ppge\/\">Educa\u00e7\u00e3o<\/a><\/strong><\/td>\n<td style=\"width: 20%;height: 24px;text-align: center\">Santa Cruz e Irati<\/td>\n<td style=\"width: 20%;height: 24px;text-align: center\">2012<\/td>\n<td style=\"width: 20%;height: 24px;text-align: center\">4<\/td>\n<\/tr>\n<tr>\n<td style=\"width: 20%;text-align: center\"><a href=\"https:\/\/www3.unicentro.br\/ppgenf\/\"><strong>Enfermagem em Aten\u00e7\u00e3o Prim\u00e1ria \u00e0 Sa\u00fade<\/strong><\/a><\/td>\n<td style=\"width: 20%;text-align: center\">Cedeteg<\/td>\n<td style=\"width: 20%;text-align: center\">2024<\/td>\n<td style=\"width: 20%;text-align: center\">3<\/td>\n<\/tr>\n<tr style=\"height: 24px\">\n<td style=\"width: 20%;height: 24px;text-align: center\"><strong><a href=\"https:\/\/www3.unicentro.br\/ppgesa\/\">Engenharia Sanit\u00e1ria e Ambiental<\/a><\/strong><\/td>\n<td style=\"width: 20%;height: 24px;text-align: center\">Irati<\/td>\n<td style=\"width: 20%;height: 24px;text-align: center\">2013<\/td>\n<td style=\"width: 20%;height: 24px;text-align: center\">3<\/td>\n<\/tr>\n<tr style=\"height: 24px\">\n<td style=\"width: 20%;height: 24px;text-align: center\"><strong><a href=\"https:\/\/www3.unicentro.br\/ppgen\/\">Ensino de Ci\u00eancias Naturais e Matem\u00e1tica<\/a><\/strong><\/td>\n<td style=\"width: 20%;height: 24px;text-align: center\">Cedeteg<\/td>\n<td style=\"width: 20%;height: 24px;text-align: center\">2014<\/td>\n<td style=\"width: 20%;height: 24px;text-align: center\">4<\/td>\n<\/tr>\n<tr style=\"height: 24px\">\n<td style=\"width: 20%;height: 24px;text-align: center\"><strong><a href=\"https:\/\/www2.unicentro.br\/ppgg\">Geografia<\/a><\/strong><\/td>\n<td style=\"width: 20%;height: 24px;text-align: center\">Cedeteg<\/td>\n<td style=\"width: 20%;height: 24px;text-align: center\">2009<\/td>\n<td style=\"width: 20%;height: 24px;text-align: center\">4<\/td>\n<\/tr>\n<tr style=\"height: 24px\">\n<td style=\"width: 20%;height: 24px;text-align: center\"><strong><a href=\"https:\/\/www3.unicentro.br\/ppgh\">Hist\u00f3ria<\/a><\/strong><\/td>\n<td style=\"width: 20%;height: 24px;text-align: center\">Irati<\/td>\n<td style=\"width: 20%;height: 24px;text-align: center\">2012<\/td>\n<td style=\"width: 20%;height: 24px;text-align: center\">3<\/td>\n<\/tr>\n<tr style=\"height: 24px\">\n<td style=\"width: 20%;height: 24px;text-align: center\"><strong><a href=\"https:\/\/www3.unicentro.br\/ppgl\/\">Letras<\/a><\/strong><\/td>\n<td style=\"width: 20%;height: 24px;text-align: center\">Santa Cruz<\/td>\n<td style=\"width: 20%;height: 24px;text-align: center\">2011<\/td>\n<td style=\"width: 20%;height: 24px;text-align: center\">5<\/td>\n<\/tr>\n<tr style=\"height: 24px\">\n<td style=\"width: 20%;height: 24px;text-align: center\"><strong><a href=\"https:\/\/www3.unicentro.br\/ppgnb\/\">Nanoci\u00eancias e Bioci\u00eancias<\/a><\/strong><\/td>\n<td style=\"width: 20%;height: 24px;text-align: center\">Cedeteg<\/td>\n<td style=\"width: 20%;height: 24px;text-align: center\">2019<\/td>\n<td style=\"width: 20%;height: 24px;text-align: center\">3<\/td>\n<\/tr>\n<tr style=\"height: 24px\">\n<td style=\"width: 20%;height: 24px;text-align: center\"><strong><a href=\"https:\/\/www3.unicentro.br\/profnit\/\">Propriedade Intelectual e Transfer\u00eancia de Tecnologia para Inova\u00e7\u00e3o<\/a><\/strong><\/td>\n<td style=\"width: 20%;height: 24px;text-align: center\">Cedeteg<\/td>\n<td style=\"width: 20%;height: 24px;text-align: center\">2016<\/td>\n<td style=\"width: 20%;height: 24px;text-align: center\">4<\/td>\n<\/tr>\n<tr style=\"height: 24px\">\n<td style=\"width: 20%;height: 24px;text-align: center\"><strong><a href=\"https:\/\/www2.unicentro.br\/ppgq\/\">Qu\u00edmica Aplicada<\/a><\/strong><\/td>\n<td style=\"width: 20%;height: 24px;text-align: center\">Cedeteg<\/td>\n<td style=\"width: 20%;height: 24px;text-align: center\">2006<\/td>\n<td style=\"width: 20%;height: 24px;text-align: center\">4<\/td>\n<\/tr>\n<\/tbody>\n<\/table>\n<p>&nbsp;<\/p>\n","protected":false},"excerpt":{"rendered":"<p>S\u00e3o ofertados 18 (dezoito) Cursos de Mestrado. Curso Campus In\u00edcio Nota Capes Administra\u00e7\u00e3o Santa Cruz 2014 4 Agronomia Cedeteg 2007 4 Bioenergia Cedeteg 2010 4 Biologia Evolutiva Cedeteg 2007 4 Ci\u00eancias Farmac\u00eauticas Cedeteg 2010 4 Ci\u00eancias Florestais Irati 2007 4 Ci\u00eancias Veterin\u00e1rias Cedeteg 2015 4 Desenvolvimento Comunit\u00e1rio Irati 2012 4 Educa\u00e7\u00e3o Santa Cruz e Irati [&hellip;]<\/p>\n","protected":false},"author":3,"featured_media":0,"parent":125,"menu_order":0,"comment_status":"closed","ping_status":"closed","template":"","meta":{"_exactmetrics_skip_tracking":false,"_exactmetrics_sitenote_active":false,"_exactmetrics_sitenote_note":"","_exactmetrics_sitenote_category":0,"footnotes":"","_links_to":"","_links_to_target":""},"class_list":["post-137","page","type-page","status-publish","hentry"],"publishpress_future_action":{"enabled":false,"date":"2026-04-21 07:56:25","action":"change-status","newStatus":"draft","terms":[],"taxonomy":"","extraData":[]},"publishpress_future_workflow_manual_trigger":{"enabledWorkflows":[]},"_links":{"self":[{"href":"https:\/\/www3.unicentro.br\/propesp\/wp-json\/wp\/v2\/pages\/137","targetHints":{"allow":["GET"]}}],"collection":[{"href":"https:\/\/www3.unicentro.br\/propesp\/wp-json\/wp\/v2\/pages"}],"about":[{"href":"https:\/\/www3.unicentro.br\/propesp\/wp-json\/wp\/v2\/types\/page"}],"author":[{"embeddable":true,"href":"https:\/\/www3.unicentro.br\/propesp\/wp-json\/wp\/v2\/users\/3"}],"replies":[{"embeddable":true,"href":"https:\/\/www3.unicentro.br\/propesp\/wp-json\/wp\/v2\/comments?post=137"}],"version-history":[{"count":2,"href":"https:\/\/www3.unicentro.br\/propesp\/wp-json\/wp\/v2\/pages\/137\/revisions"}],"predecessor-version":[{"id":5152,"href":"https:\/\/www3.unicentro.br\/propesp\/wp-json\/wp\/v2\/pages\/137\/revisions\/5152"}],"up":[{"embeddable":true,"href":"https:\/\/www3.unicentro.br\/propesp\/wp-json\/wp\/v2\/pages\/125"}],"wp:attachment":[{"href":"https:\/\/www3.unicentro.br\/propesp\/wp-json\/wp\/v2\/media?parent=137"}],"curies":[{"name":"wp","href":"https:\/\/api.w.org\/{rel}","templated":true}]}}