{"id":133,"date":"2021-01-21T16:27:20","date_gmt":"2021-01-21T19:27:20","guid":{"rendered":"https:\/\/www3.unicentro.br\/propesp\/?page_id=133"},"modified":"2025-03-18T16:18:17","modified_gmt":"2025-03-18T19:18:17","slug":"cronograma-de-reunioes","status":"publish","type":"page","link":"https:\/\/www3.unicentro.br\/propesp\/pos-graduacao\/stricto-sensu\/comite-assessor\/cronograma-de-reunioes\/","title":{"rendered":"Cronograma de Reuni\u00f5es"},"content":{"rendered":"<div class=\"wpb-content-wrapper\"><p>[vc_row u_row_style=&#8221;0&#8243; u_row_paralax=&#8221;0&#8243; u_row_scheme=&#8221;0&#8243;][vc_column][vc_column_text css=&#8221;&#8221;]<\/p>\n<p class=\"p1\">Calend\u00e1rio de Reuni\u00f5es do Comit\u00ea de P\u00f3s-Gradua\u00e7\u00e3o Stricto Sensu \u2013 CPS\/2025:<\/p>\n<p>[\/vc_column_text][vc_column_text css=&#8221;&#8221;]<\/p>\n<table style=\"border-collapse: collapse;width: 100%;height: 312px\">\n<thead>\n<tr style=\"height: 24px;background-color: #d6d6d6\">\n<td style=\"width: 33.3333%;text-align: center;height: 24px\"><span style=\"color: #000000\"><strong>M\u00caS<\/strong><\/span><\/td>\n<td style=\"width: 33.3333%;text-align: center;height: 24px\"><span style=\"color: #000000\"><strong>DIA<\/strong><\/span><\/td>\n<td style=\"width: 33.3333%;text-align: center;height: 24px\"><span style=\"color: #000000\"><strong>DIA DA SEMANA<\/strong><\/span><\/td>\n<\/tr>\n<\/thead>\n<tbody>\n<tr style=\"height: 24px\">\n<td style=\"width: 33.3333%;text-align: center;height: 24px\"><strong>Abril<\/strong><\/td>\n<td style=\"width: 33.3333%;text-align: center;height: 24px\">03<\/td>\n<td style=\"width: 33.3333%;text-align: center;height: 24px\">Quinta-feira, \u00e0s 8 horas<\/td>\n<\/tr>\n<tr style=\"height: 24px;background-color: #d6d6d6\">\n<td style=\"width: 33.3333%;text-align: center;height: 24px\"><strong>Maio<\/strong><\/td>\n<td style=\"width: 33.3333%;text-align: center;height: 24px\">30<\/td>\n<td style=\"width: 33.3333%;text-align: center;height: 24px\">Sexta-feira \u00e0s 8 horas<\/td>\n<\/tr>\n<tr style=\"height: 24px\">\n<td style=\"width: 33.3333%;text-align: center;height: 24px\"><strong>Julho<\/strong><\/td>\n<td style=\"width: 33.3333%;text-align: center;height: 24px\">16<\/td>\n<td style=\"width: 33.3333%;text-align: center;height: 24px\">Quarta-feira, \u00e0s 8 horas<\/td>\n<\/tr>\n<tr style=\"height: 24px;background-color: #d6d6d6\">\n<td style=\"width: 33.3333%;text-align: center;height: 24px\"><strong>Setembro<\/strong><\/td>\n<td style=\"width: 33.3333%;text-align: center;height: 24px\">04<\/td>\n<td style=\"width: 33.3333%;text-align: center;height: 24px\">Quinta-feira, \u00e0s 8 horas<\/td>\n<\/tr>\n<tr style=\"height: 24px\">\n<td style=\"width: 33.3333%;text-align: center;height: 24px\"><strong>Outubro<\/strong><\/td>\n<td style=\"width: 33.3333%;text-align: center;height: 24px\">31<\/td>\n<td style=\"width: 33.3333%;text-align: center;height: 24px\">Sexta-feira, \u00e0s 8 horas<\/td>\n<\/tr>\n<tr style=\"height: 24px;background-color: #d6d6d6\">\n<td style=\"width: 33.3333%;text-align: center;height: 24px\"><strong>Dezembro<\/strong><\/td>\n<td style=\"width: 33.3333%;text-align: center;height: 24px\">10<\/td>\n<td style=\"width: 33.3333%;text-align: center;height: 24px\">Quarta-feira, \u00e0s 8 horas<\/td>\n<\/tr>\n<\/tbody>\n<\/table>\n<p>[\/vc_column_text][\/vc_column][\/vc_row]<\/p>\n<\/div>","protected":false},"excerpt":{"rendered":"<p>[vc_row u_row_style=&#8221;0&#8243; u_row_paralax=&#8221;0&#8243; u_row_scheme=&#8221;0&#8243;][vc_column][vc_column_text css=&#8221;&#8221;] Calend\u00e1rio de Reuni\u00f5es do Comit\u00ea de P\u00f3s-Gradua\u00e7\u00e3o Stricto Sensu \u2013 CPS\/2025: [\/vc_column_text][vc_column_text css=&#8221;&#8221;] M\u00caS DIA DIA DA SEMANA Abril 03 Quinta-feira, \u00e0s 8 horas Maio 30 Sexta-feira \u00e0s 8 horas Julho 16 Quarta-feira, \u00e0s 8 horas Setembro 04 Quinta-feira, \u00e0s 8 horas Outubro 31 Sexta-feira, \u00e0s 8 horas Dezembro 10 [&hellip;]<\/p>\n","protected":false},"author":3,"featured_media":0,"parent":129,"menu_order":0,"comment_status":"closed","ping_status":"closed","template":"","meta":{"_exactmetrics_skip_tracking":false,"_exactmetrics_sitenote_active":false,"_exactmetrics_sitenote_note":"","_exactmetrics_sitenote_category":0,"footnotes":"","_links_to":"","_links_to_target":""},"class_list":["post-133","page","type-page","status-publish","hentry"],"publishpress_future_action":{"enabled":false,"date":"2026-04-27 18:02:43","action":"change-status","newStatus":"draft","terms":[],"taxonomy":"","extraData":[]},"publishpress_future_workflow_manual_trigger":{"enabledWorkflows":[]},"_links":{"self":[{"href":"https:\/\/www3.unicentro.br\/propesp\/wp-json\/wp\/v2\/pages\/133","targetHints":{"allow":["GET"]}}],"collection":[{"href":"https:\/\/www3.unicentro.br\/propesp\/wp-json\/wp\/v2\/pages"}],"about":[{"href":"https:\/\/www3.unicentro.br\/propesp\/wp-json\/wp\/v2\/types\/page"}],"author":[{"embeddable":true,"href":"https:\/\/www3.unicentro.br\/propesp\/wp-json\/wp\/v2\/users\/3"}],"replies":[{"embeddable":true,"href":"https:\/\/www3.unicentro.br\/propesp\/wp-json\/wp\/v2\/comments?post=133"}],"version-history":[{"count":2,"href":"https:\/\/www3.unicentro.br\/propesp\/wp-json\/wp\/v2\/pages\/133\/revisions"}],"predecessor-version":[{"id":4822,"href":"https:\/\/www3.unicentro.br\/propesp\/wp-json\/wp\/v2\/pages\/133\/revisions\/4822"}],"up":[{"embeddable":true,"href":"https:\/\/www3.unicentro.br\/propesp\/wp-json\/wp\/v2\/pages\/129"}],"wp:attachment":[{"href":"https:\/\/www3.unicentro.br\/propesp\/wp-json\/wp\/v2\/media?parent=133"}],"curies":[{"name":"wp","href":"https:\/\/api.w.org\/{rel}","templated":true}]}}