{"id":121,"date":"2021-01-21T16:24:03","date_gmt":"2021-01-21T19:24:03","guid":{"rendered":"https:\/\/www3.unicentro.br\/propesp\/?page_id=121"},"modified":"2025-09-03T11:32:14","modified_gmt":"2025-09-03T14:32:14","slug":"legislacao","status":"publish","type":"page","link":"https:\/\/www3.unicentro.br\/propesp\/pos-graduacao\/reconhecimento-de-diplomas\/legislacao\/","title":{"rendered":"Legisla\u00e7\u00e3o"},"content":{"rendered":"<div class=\"wpb-content-wrapper\"><p>[vc_row][vc_column][vc_column_text css=&#8221;&#8221;]<\/p>\n<hr \/>\n<p><strong>Legisla\u00e7\u00e3o na Unicentro<\/strong><\/p>\n<hr \/>\n<ul>\n<li><a href=\"https:\/\/sgu.unicentro.br\/pcatooficiais\/imprimir\/39BFAFE4\">RESOLU\u00c7\u00c3O n\u00ba 20-CEPE\/UNICENTRO, de 1\u00ba de setembro de 2025: Regulamenta a revalida\u00e7\u00e3o de diplomas de gradua\u00e7\u00e3o e o reconhecimento de diplomas de p\u00f3s-gradua\u00e7\u00e3o stricto sensu expedidos por estabelecimentos estrangeiros de ensino superior, e d\u00e1 outras provid\u00eancias<\/a><\/li>\n<li><a href=\"https:\/\/sgu.unicentro.br\/pcatooficiais\/imprimir\/AA9643B0\">RESOLU\u00c7\u00c3O N\u00ba 26-CAD\/UNICENTRO, de 6 de agosto de 2024: Aprova a Tabela de Taxas Acad\u00eamicas da Unicentro<\/a><\/li>\n<\/ul>\n<hr \/>\n<p><strong>Legisla\u00e7\u00e3o Nacional<\/strong><\/p>\n<hr \/>\n<p>O arcabou\u00e7o jur\u00eddico que normatiza o processo de reconhecimento de diplomas de p\u00f3s-gradua\u00e7\u00e3o (mestrado e\/ou doutorado) expedidos por institui\u00e7\u00f5es estrangeiras \u00e9 composto por uma s\u00e9rie de leis, resolu\u00e7\u00f5es e portarias publicadas pelo Minist\u00e9rio da Educa\u00e7\u00e3o e Conselho Nacional de Educa\u00e7\u00e3o, dispon\u00edveis no <a href=\"https:\/\/carolinabori.mec.gov.br\/?pagina=legislacao\" target=\"_blank\" rel=\"noopener\"><em>Portal Carolina Bori.<\/em><\/a>[\/vc_column_text][\/vc_column][\/vc_row]<\/p>\n<\/div>","protected":false},"excerpt":{"rendered":"<p>[vc_row][vc_column][vc_column_text css=&#8221;&#8221;] Legisla\u00e7\u00e3o na Unicentro RESOLU\u00c7\u00c3O n\u00ba 20-CEPE\/UNICENTRO, de 1\u00ba de setembro de 2025: Regulamenta a revalida\u00e7\u00e3o de diplomas de gradua\u00e7\u00e3o e o reconhecimento de diplomas de p\u00f3s-gradua\u00e7\u00e3o stricto sensu expedidos por estabelecimentos estrangeiros de ensino superior, e d\u00e1 outras provid\u00eancias RESOLU\u00c7\u00c3O N\u00ba 26-CAD\/UNICENTRO, de 6 de agosto de 2024: Aprova a Tabela de Taxas [&hellip;]<\/p>\n","protected":false},"author":3,"featured_media":0,"parent":119,"menu_order":0,"comment_status":"closed","ping_status":"closed","template":"","meta":{"_exactmetrics_skip_tracking":false,"_exactmetrics_sitenote_active":false,"_exactmetrics_sitenote_note":"","_exactmetrics_sitenote_category":0,"footnotes":"","_links_to":"","_links_to_target":""},"class_list":["post-121","page","type-page","status-publish","hentry"],"publishpress_future_action":{"enabled":false,"date":"2026-04-12 17:24:48","action":"change-status","newStatus":"draft","terms":[],"taxonomy":"","extraData":[]},"publishpress_future_workflow_manual_trigger":{"enabledWorkflows":[]},"_links":{"self":[{"href":"https:\/\/www3.unicentro.br\/propesp\/wp-json\/wp\/v2\/pages\/121","targetHints":{"allow":["GET"]}}],"collection":[{"href":"https:\/\/www3.unicentro.br\/propesp\/wp-json\/wp\/v2\/pages"}],"about":[{"href":"https:\/\/www3.unicentro.br\/propesp\/wp-json\/wp\/v2\/types\/page"}],"author":[{"embeddable":true,"href":"https:\/\/www3.unicentro.br\/propesp\/wp-json\/wp\/v2\/users\/3"}],"replies":[{"embeddable":true,"href":"https:\/\/www3.unicentro.br\/propesp\/wp-json\/wp\/v2\/comments?post=121"}],"version-history":[{"count":1,"href":"https:\/\/www3.unicentro.br\/propesp\/wp-json\/wp\/v2\/pages\/121\/revisions"}],"predecessor-version":[{"id":5554,"href":"https:\/\/www3.unicentro.br\/propesp\/wp-json\/wp\/v2\/pages\/121\/revisions\/5554"}],"up":[{"embeddable":true,"href":"https:\/\/www3.unicentro.br\/propesp\/wp-json\/wp\/v2\/pages\/119"}],"wp:attachment":[{"href":"https:\/\/www3.unicentro.br\/propesp\/wp-json\/wp\/v2\/media?parent=121"}],"curies":[{"name":"wp","href":"https:\/\/api.w.org\/{rel}","templated":true}]}}