{"id":1017,"date":"2021-02-09T17:03:27","date_gmt":"2021-02-09T20:03:27","guid":{"rendered":"https:\/\/www3.unicentro.br\/propesp\/?page_id=1017"},"modified":"2021-02-09T17:03:27","modified_gmt":"2021-02-09T20:03:27","slug":"cmsc","status":"publish","type":"page","link":"https:\/\/www3.unicentro.br\/propesp\/pesquisa\/infraestrutura-de-pesquisa\/centros-multiusuarios\/cmsc\/","title":{"rendered":"CMSC"},"content":{"rendered":"<p>O Centro Multiusu\u00e1rio do Campus Santa Cruz, CMSC, encontra-se em fase de implanta\u00e7\u00e3o, e englobar\u00e1 laborat\u00f3rios e equipamentos que permitem a realiza\u00e7\u00e3o de pesquisas de docentes e discentes vinculados aos Programas de P\u00f3s-Gradua\u00e7\u00e3o\u00a0<em>Stricto Sensu<\/em>\u00a0em Administra\u00e7\u00e3o (PPGAdm) e Educa\u00e7\u00e3o (PPGE) e Letras (PPGL).<\/p>\n","protected":false},"excerpt":{"rendered":"<p>O Centro Multiusu\u00e1rio do Campus Santa Cruz, CMSC, encontra-se em fase de implanta\u00e7\u00e3o, e englobar\u00e1 laborat\u00f3rios e equipamentos que permitem a realiza\u00e7\u00e3o de pesquisas de docentes e discentes vinculados aos Programas de P\u00f3s-Gradua\u00e7\u00e3o\u00a0Stricto Sensu\u00a0em Administra\u00e7\u00e3o (PPGAdm) e Educa\u00e7\u00e3o (PPGE) e Letras (PPGL).<\/p>\n","protected":false},"author":3,"featured_media":0,"parent":72,"menu_order":0,"comment_status":"closed","ping_status":"closed","template":"","meta":{"_exactmetrics_skip_tracking":false,"_exactmetrics_sitenote_active":false,"_exactmetrics_sitenote_note":"","_exactmetrics_sitenote_category":0,"footnotes":"","_links_to":"","_links_to_target":""},"class_list":["post-1017","page","type-page","status-publish","hentry"],"publishpress_future_action":{"enabled":false,"date":"2026-04-28 14:54:17","action":"change-status","newStatus":"draft","terms":[],"taxonomy":"","extraData":[]},"publishpress_future_workflow_manual_trigger":{"enabledWorkflows":[]},"_links":{"self":[{"href":"https:\/\/www3.unicentro.br\/propesp\/wp-json\/wp\/v2\/pages\/1017","targetHints":{"allow":["GET"]}}],"collection":[{"href":"https:\/\/www3.unicentro.br\/propesp\/wp-json\/wp\/v2\/pages"}],"about":[{"href":"https:\/\/www3.unicentro.br\/propesp\/wp-json\/wp\/v2\/types\/page"}],"author":[{"embeddable":true,"href":"https:\/\/www3.unicentro.br\/propesp\/wp-json\/wp\/v2\/users\/3"}],"replies":[{"embeddable":true,"href":"https:\/\/www3.unicentro.br\/propesp\/wp-json\/wp\/v2\/comments?post=1017"}],"version-history":[{"count":0,"href":"https:\/\/www3.unicentro.br\/propesp\/wp-json\/wp\/v2\/pages\/1017\/revisions"}],"up":[{"embeddable":true,"href":"https:\/\/www3.unicentro.br\/propesp\/wp-json\/wp\/v2\/pages\/72"}],"wp:attachment":[{"href":"https:\/\/www3.unicentro.br\/propesp\/wp-json\/wp\/v2\/media?parent=1017"}],"curies":[{"name":"wp","href":"https:\/\/api.w.org\/{rel}","templated":true}]}}